701
CDUS46 KSGX 191517
CLISNA


CLIMATE REPORT
NATIONAL WEATHER SERVICE SAN DIEGO, CA
717 AM PST SUN FEB 19 2017


...................................

...THE JOHN WAYNE AIRPORT CA CLIMATE SUMMARY FOR FEBRUARY 18 2017...

CLIMATE NORMAL PERIOD 1981 TO 2010
CLIMATE RECORD PERIOD 1999 TO 2017


WEATHER ITEM   OBSERVED TIME   RECORD YEAR NORMAL DEPARTURE LAST
                VALUE   (LST)  VALUE       VALUE  FROM      YEAR
                                                  NORMAL
..................................................................
TEMPERATURE (F)
 YESTERDAY
  MAXIMUM         58    554 PM  73    2007  66     -8       68
  MINIMUM         53    652 AM  45    2009  49      4       56
                                      2006
  AVERAGE         56                        58     -2       62

PRECIPITATION (IN)
  YESTERDAY        0.15          0.33 2004   0.13   0.02     0.30
  MONTH TO DATE    3.48                      1.72   1.76     0.32
  SINCE OCT 1     15.41                      8.71   6.70     3.58
  SINCE JAN 1      9.22                      4.63   4.59     2.36

DEGREE DAYS
 HEATING
  YESTERDAY        9                         8      1        3
  MONTH TO DATE   98                       144    -46       64
  SINCE DEC 1    576                       683   -107      613
  SINCE JUL 1    654                       836   -182      743

 COOLING
  YESTERDAY        0                         0      0        0
  MONTH TO DATE    0                         0      0       37
  SINCE DEC 1      0                         6     -6       37
  SINCE JAN 1      0                         5     -5       37
..................................................................


WIND (MPH)
  RESULTANT WIND SPEED   2   RESULTANT WIND DIRECTION  SE (140)
  HIGHEST WIND SPEED    12   HIGHEST WIND DIRECTION     E (110)
  HIGHEST GUST SPEED    19   HIGHEST GUST DIRECTION    SE (120)
  AVERAGE WIND SPEED     4.6


SKY COVER
  POSSIBLE SUNSHINE  MM
  AVERAGE SKY COVER 0.9


WEATHER CONDITIONS
 THE FOLLOWING WEATHER WAS RECORDED YESTERDAY.
  LIGHT RAIN
  FOG


RELATIVE HUMIDITY (PERCENT)
 HIGHEST    93          1200 AM
 LOWEST     80           300 PM
 AVERAGE    87

..........................................................


THE JOHN WAYNE AIRPORT CA CLIMATE NORMALS FOR TODAY
                         NORMAL    RECORD    YEAR
 MAXIMUM TEMPERATURE (F)   66        78      2000
 MINIMUM TEMPERATURE (F)   49        44      2009


SUNRISE AND SUNSET
FEBRUARY 19 2017......SUNRISE   631 AM PST   SUNSET   540 PM PST
FEBRUARY 20 2017......SUNRISE   630 AM PST   SUNSET   541 PM PST


-  INDICATES NEGATIVE NUMBERS.
R  INDICATES RECORD WAS SET OR TIED.
MM INDICATES DATA IS MISSING.
T  INDICATES TRACE AMOUNT.




$$
