000
CDUS46 KSGX 241132
CLISNA


CLIMATE REPORT
NATIONAL WEATHER SERVICE SAN DIEGO, CA
431 AM PDT SAT JUN 24 2017


...................................

...THE JOHN WAYNE AIRPORT CA CLIMATE SUMMARY FOR JUNE 23 2017...

CLIMATE NORMAL PERIOD 1981 TO 2010
CLIMATE RECORD PERIOD 1999 TO 2017


WEATHER ITEM   OBSERVED TIME   RECORD YEAR NORMAL DEPARTURE LAST
                VALUE   (LST)  VALUE       VALUE  FROM      YEAR
                                                  NORMAL
..................................................................
TEMPERATURE (F)
 YESTERDAY
  MAXIMUM         75    144 PM  83    2001  75      0       79
  MINIMUM         63    149 AM  58    1999  62      1       65
  AVERAGE         69                        68      1       72

PRECIPITATION (IN)
  YESTERDAY        0.00          0.01 2003   0.00   0.00     0.00
  MONTH TO DATE    T                         0.07  -0.07     0.01
  SINCE OCT 1     15.88                     13.03   2.85     4.98
  SINCE JAN 1      9.69                      8.95   0.74     3.76

DEGREE DAYS
 HEATING
  YESTERDAY        0                         0      0        0
  MONTH TO DATE    1                         0      1        1
  SINCE JUN 1      1                         0      1        1
  SINCE JUL 1    881                      1245   -364      971

 COOLING
  YESTERDAY        4                         3      1        7
  MONTH TO DATE   81                        52     29       93
  SINCE JUN 1     81                        52     29       93
  SINCE JAN 1    191                       119     72      189
..................................................................


WIND (MPH)
  RESULTANT WIND SPEED   5   RESULTANT WIND DIRECTION  SW (220)
  HIGHEST WIND SPEED    14   HIGHEST WIND DIRECTION    SW (210)
  HIGHEST GUST SPEED    21   HIGHEST GUST DIRECTION     S (190)
  AVERAGE WIND SPEED     5.8


SKY COVER
  POSSIBLE SUNSHINE  MM
  AVERAGE SKY COVER 0.5


WEATHER CONDITIONS
 THE FOLLOWING WEATHER WAS RECORDED YESTERDAY.
  FOG
  HAZE


RELATIVE HUMIDITY (PERCENT)
 HIGHEST    93          1200 AM
 LOWEST     64           200 PM
 AVERAGE    79

..........................................................


THE JOHN WAYNE AIRPORT CA CLIMATE NORMALS FOR TODAY
                         NORMAL    RECORD    YEAR
 MAXIMUM TEMPERATURE (F)   75        81      2005
 MINIMUM TEMPERATURE (F)   62        60      2005


SUNRISE AND SUNSET
JUNE 24 2017..........SUNRISE   542 AM PDT   SUNSET   806 PM PDT
JUNE 25 2017..........SUNRISE   543 AM PDT   SUNSET   806 PM PDT


-  INDICATES NEGATIVE NUMBERS.
R  INDICATES RECORD WAS SET OR TIED.
MM INDICATES DATA IS MISSING.
T  INDICATES TRACE AMOUNT.




$$
