000
CDUS46 KSGX 301150
CLISNA


CLIMATE REPORT
NATIONAL WEATHER SERVICE SAN DIEGO, CA
450 AM PDT SUN APR 30 2017


...................................

...THE JOHN WAYNE AIRPORT CA CLIMATE SUMMARY FOR APRIL 29 2017...

CLIMATE NORMAL PERIOD 1981 TO 2010
CLIMATE RECORD PERIOD 1999 TO 2017


WEATHER ITEM   OBSERVED TIME   RECORD YEAR NORMAL DEPARTURE LAST
                VALUE   (LST)  VALUE       VALUE  FROM      YEAR
                                                  NORMAL
..................................................................
TEMPERATURE (F)
 YESTERDAY
  MAXIMUM         89    208 PM  97    2014  71     18       68
  MINIMUM         63   1159 PM  49    1999  56      7       55
  AVERAGE         76                        63     13       62

PRECIPITATION (IN)
  YESTERDAY        0.00          T    2007   0.02  -0.02     0.00
  MONTH TO DATE    0.04                      0.86  -0.82     0.18
  SINCE OCT 1     15.80                     12.70   3.10     4.87
  SINCE JAN 1      9.61                      8.62   0.99     3.65

DEGREE DAYS
 HEATING
  YESTERDAY        0                         3     -3        3
  MONTH TO DATE   30                       118    -88       47
  SINCE MAR 1    114                       299   -185      167
  SINCE JUL 1    855                      1205   -350      939

 COOLING
  YESTERDAY       11                         1     10        0
  MONTH TO DATE   48                        11     37       44
  SINCE MAR 1     56                        18     38       47
  SINCE JAN 1     56                        26     30       85
..................................................................


WIND (MPH)
  RESULTANT WIND SPEED  10   RESULTANT WIND DIRECTION  NE (30)
  HIGHEST WIND SPEED    26   HIGHEST WIND DIRECTION    NE (50)
  HIGHEST GUST SPEED    37   HIGHEST GUST DIRECTION    NE (60)
  AVERAGE WIND SPEED    12.1


SKY COVER
  POSSIBLE SUNSHINE  MM
  AVERAGE SKY COVER 0.0


WEATHER CONDITIONS
 THE FOLLOWING WEATHER WAS RECORDED YESTERDAY.
  NO SIGNIFICANT WEATHER WAS OBSERVED.


RELATIVE HUMIDITY (PERCENT)
 HIGHEST    52          1100 PM
 LOWEST      6          1200 PM
 AVERAGE    29

..........................................................


THE JOHN WAYNE AIRPORT CA CLIMATE NORMALS FOR TODAY
                         NORMAL    RECORD    YEAR
 MAXIMUM TEMPERATURE (F)   71        94      2014
 MINIMUM TEMPERATURE (F)   56        50      2010


SUNRISE AND SUNSET
APRIL 30 2017.........SUNRISE   604 AM PDT   SUNSET   734 PM PDT
MAY  1 2017...........SUNRISE   603 AM PDT   SUNSET   735 PM PDT


-  INDICATES NEGATIVE NUMBERS.
R  INDICATES RECORD WAS SET OR TIED.
MM INDICATES DATA IS MISSING.
T  INDICATES TRACE AMOUNT.




$$
