000
CDUS46 KSGX 011420
CLISNA


CLIMATE REPORT
NATIONAL WEATHER SERVICE SAN DIEGO, CA
720 AM PDT SAT AUG 1 2015


...................................

...THE JOHN WAYNE AIRPORT CA CLIMATE SUMMARY FOR JULY 31 2015...

CLIMATE NORMAL PERIOD 1981 TO 2010
CLIMATE RECORD PERIOD 1999 TO 2015


WEATHER ITEM   OBSERVED TIME   RECORD YEAR NORMAL DEPARTURE LAST
                VALUE   (LST)  VALUE       VALUE  FROM      YEAR
                                                  NORMAL
..................................................................
TEMPERATURE (F)
 YESTERDAY
  MAXIMUM         82    142 PM  86    2000  79      3       85
  MINIMUM         69   1159 PM  62    1999  65      4       70
  AVERAGE         76                        72      4       78

PRECIPITATION (IN)
  YESTERDAY        0.00          0.03 2011   0.00   0.00     0.00
  MONTH TO DATE    0.44                      0.04   0.40      T
  SINCE OCT 1      7.29                     13.08  -5.79     3.52
  SINCE JAN 1      3.49                      9.00  -5.51     2.59

DEGREE DAYS
 HEATING
  YESTERDAY        0                         0      0        0
  MONTH TO DATE    0                         0      0        0
  SINCE JUN 1      0                         7     -7        0
  SINCE JUL 1      0                         0      0        0

 COOLING
  YESTERDAY       11                         7      4       13
  MONTH TO DATE  237                       191     46      349
  SINCE JUN 1    386                       267    119      539
  SINCE JAN 1    627                       334    293      876
..................................................................


WIND (MPH)
  RESULTANT WIND SPEED   4   RESULTANT WIND DIRECTION  SW (210)
  HIGHEST WIND SPEED    13   HIGHEST WIND DIRECTION     S (200)
  HIGHEST GUST SPEED    16   HIGHEST GUST DIRECTION     S (200)
  AVERAGE WIND SPEED     5.0


SKY COVER
  POSSIBLE SUNSHINE  MM
  AVERAGE SKY COVER 0.8


WEATHER CONDITIONS
 THE FOLLOWING WEATHER WAS RECORDED YESTERDAY.
  NO SIGNIFICANT WEATHER WAS OBSERVED.


RELATIVE HUMIDITY (PERCENT)
 HIGHEST    90           300 AM
 LOWEST     58          1200 PM
 AVERAGE    74

..........................................................


THE JOHN WAYNE AIRPORT CA CLIMATE NORMALS FOR TODAY
                         NORMAL    RECORD    YEAR
 MAXIMUM TEMPERATURE (F)   79        87      2011
 MINIMUM TEMPERATURE (F)   65        63      1999


SUNRISE AND SUNSET
AUGUST  1 2015........SUNRISE   604 AM PDT   SUNSET   752 PM PDT
AUGUST  2 2015........SUNRISE   604 AM PDT   SUNSET   751 PM PDT


-  INDICATES NEGATIVE NUMBERS.
R  INDICATES RECORD WAS SET OR TIED.
MM INDICATES DATA IS MISSING.
T  INDICATES TRACE AMOUNT.




$$
