807
CDAK48 PAFC 091312
CLISNP

CLIMATE REPORT
NATIONAL WEATHER SERVICE ANCHORAGE, AK
408 AM AKST FRI DEC 9 2016


...................................

...THE SAINT PAUL ISLAND CLIMATE SUMMARY FOR DECEMBER 8 2016...

CLIMATE NORMAL PERIOD 1981 TO 2010
CLIMATE RECORD PERIOD 1892 TO 2016


WEATHER ITEM   OBSERVED TIME   RECORD YEAR NORMAL DEPARTURE LAST
                VALUE   (LST)  VALUE       VALUE  FROM      YEAR
                                                  NORMAL
..................................................................
TEMPERATURE (F)
 YESTERDAY
  MAXIMUM         29   1025 PM  43    2000  34     -5       36
  MINIMUM         23    831 PM   3    1975  26     -3       32
  AVERAGE         26                        30     -4       34

PRECIPITATION (IN)
  YESTERDAY        0.00          0.53 2000   0.08  -0.08     0.18
  MONTH TO DATE    0.53                      0.64  -0.11     0.51
  SINCE DEC 1      0.53                      0.64  -0.11     0.51
  SINCE JAN 1     24.60                     22.06   2.54    23.52

SNOWFALL (IN)
  YESTERDAY        0.0           3.0  1998   0.3   -0.3      0.9
  MONTH TO DATE    1.9                       2.9   -1.0      2.3
  SINCE DEC 1      1.9                       2.9   -1.0      2.3
  SINCE JUL 1      8.5                      13.2   -4.7     14.3
  SNOW DEPTH       T

DEGREE DAYS
 HEATING
  YESTERDAY       39                        35      4       31
  MONTH TO DATE  278                       278      0      269
  SINCE DEC 1    278                       278      0      269
  SINCE JUL 1   2847                      3699   -852     2817

 COOLING
  YESTERDAY        0                         0      0        0
  MONTH TO DATE    0                         0      0        0
  SINCE DEC 1      0                         0      0        0
  SINCE JAN 1      0                         0      0        0
..................................................................


WIND (MPH)
  RESULTANT WIND SPEED  10   RESULTANT WIND DIRECTION   N (20)
  HIGHEST WIND SPEED    21   HIGHEST WIND DIRECTION     N (350)
  HIGHEST GUST SPEED    25   HIGHEST GUST DIRECTION     N (360)
  AVERAGE WIND SPEED    11.0



WEATHER CONDITIONS
 THE FOLLOWING WEATHER WAS RECORDED YESTERDAY.
  NO SIGNIFICANT WEATHER WAS OBSERVED.


..........................................................


THE SAINT PAUL ISLAND CLIMATE NORMALS FOR TODAY
                         NORMAL    RECORD    YEAR
 MAXIMUM TEMPERATURE (F)   34        42      1979
 MINIMUM TEMPERATURE (F)   25         6      1975


SUNRISE AND SUNSET
DECEMBER  9 2016......SUNRISE  1048 AM AKST  SUNSET   539 PM AKST
DECEMBER 10 2016......SUNRISE  1050 AM AKST  SUNSET   538 PM AKST

CIVIL TWILIGHT
DECEMBER 9 2016         START   1000 AM GMT     END    628 PM GMT
DECEMBER 10 2016        START   1001 AM GMT     END    628 PM GMT



-  INDICATES NEGATIVE NUMBERS.
R  INDICATES RECORD WAS SET OR TIED.
MM INDICATES DATA IS MISSING.
T  INDICATES TRACE AMOUNT.




$$
&&
------------------------------------------------------
AMOUNT OF DAYLIGHT TODAY  (HOUR:MIN)........ 6:51
GAIN/LOSS SINCE YESTERDAY (HOUR:MIN:SEC)....-0:01:43

$$
