070
CDAK48 PAFC 171300
CLISNP


CLIMATE REPORT
NATIONAL WEATHER SERVICE ANCHORAGE, AK
500 AM AKDT THU AUG 17 2017


...................................

...THE SAINT PAUL ISLAND CLIMATE SUMMARY FOR AUGUST 16 2017...

CLIMATE NORMAL PERIOD 1981 TO 2010
CLIMATE RECORD PERIOD 1892 TO 2017


WEATHER ITEM   OBSERVED TIME   RECORD YEAR NORMAL DEPARTURE LAST
                VALUE   (LST)  VALUE       VALUE  FROM      YEAR
                                                  NORMAL
..................................................................
TEMPERATURE (F)
 YESTERDAY
  MAXIMUM         54        MM  59    2014  52      2       58
                                      1989
  MINIMUM         47        MM  32    2008  46      1       48
  AVERAGE         51                        49      2       53

PRECIPITATION (IN)
  YESTERDAY        0.19          1.22 1953   0.11   0.08      T
  MONTH TO DATE    1.25                      1.50  -0.25     1.98
  SINCE JUN 1      6.01                      4.70   1.31     4.11
  SINCE JAN 1     11.82                     10.86   0.96     9.80

SNOWFALL (IN)
  YESTERDAY        0.0          MM      MM   0.0    0.0      0.0
  MONTH TO DATE    0.0                       0.0    0.0      0.0
  SINCE JUN 1      0.0                       T      0.0      0.0
  SINCE JUL 1      0.0                       0.0    0.0      0.0
  SNOW DEPTH       0

DEGREE DAYS
 HEATING
  YESTERDAY       14                        16     -2       12
  MONTH TO DATE  225                       257    -32      164
  SINCE JUN 1   1305                      1487   -182      917
  SINCE JUL 1    751                       809    -58      455

 COOLING
  YESTERDAY        0                         0      0        0
  MONTH TO DATE    0                         0      0        0
  SINCE JUN 1      0                         0      0        0
  SINCE JAN 1      0                         0      0        0
..................................................................


WIND (MPH)
  RESULTANT WIND SPEED  17   RESULTANT WIND DIRECTION   W (280)
  HIGHEST WIND SPEED    25   HIGHEST WIND DIRECTION     W (270)
  HIGHEST GUST SPEED    37   HIGHEST GUST DIRECTION     W (290)
  AVERAGE WIND SPEED    17.8



WEATHER CONDITIONS
 THE FOLLOWING WEATHER WAS RECORDED YESTERDAY.
  RAIN
  LIGHT RAIN
  FOG


..........................................................


THE SAINT PAUL ISLAND CLIMATE NORMALS FOR TODAY
                         NORMAL    RECORD    YEAR
 MAXIMUM TEMPERATURE (F)   52        60      2014
 MINIMUM TEMPERATURE (F)   46        32      1956


SUNRISE AND SUNSET
AUGUST 17 2017........SUNRISE   753 AM AKDT  SUNSET  1055 PM AKDT
AUGUST 18 2017........SUNRISE   755 AM AKDT  SUNSET  1053 PM AKDT


-  INDICATES NEGATIVE NUMBERS.
R  INDICATES RECORD WAS SET OR TIED.
MM INDICATES DATA IS MISSING.
T  INDICATES TRACE AMOUNT.




$$
