000
CDAK48 PASN 302324
CLISNP

CLIMATE REPORT
NATIONAL WEATHER SERVICE ST PAUL, AK
324 PM AKDT SAT AUG 30 2014

...................................
...THE ST PAUL AIRPORT CLIMATE SUMMARY FOR AUGUST 30 2014...
VALID TODAY AS OF 2:00 PM LOCAL TIME

CLIMATE NORMAL PERIOD  1981 TO  2010
CLIMATE RECORD PERIOD  1949 TO  2014

WEATHER ITEM   OBSERVED TIME    RECORD YEAR NORMAL DEPARTURE LAST
               VALUE    (LST)   VALUE       VALUE  FROM      YEAR
                                                   NORMAL
...................................................................
TEMPERATURE
TODAY
 MAXIMUM            57R 0154 PM    56  2010     52       5     49
 MINIMUM            51  0918 AM    36  1956     45       6     46
 AVERAGE            54                          48       6     48

PRECIPITATION
(INCHES)
 TODAY            0.02           0.55  1976   0.11   -0.09      T
 MONTH TO DATE    4.00                        2.96    1.04   3.52
 SINCE JUN 1      6.09                        6.16   -0.07   6.69
 SINCE JAN 1     13.23                       12.32    0.91  13.87

SNOWFALL
(INCHES)
 TODAY             0.0            0.0  2014    0.0     0.0    0.0
 MONTH TO DATE     0.0                         0.0     0.0    0.0
 SINCE JUN 1       0.0                         0.0     0.0    0.0
 SINCE JUL 1       0.0                         0.0     0.0    0.0
 SNOW DEPTH (IN)     0                                          0

DEGREE DAYS
 HEATING
  TODAY             11                          17      -6     17
  MONTH TO DATE    348                         482    -134    476
  SINCE JUN 1     1422                        1714    -292   1737
  SINCE JUL 1      794                        1035    -241   1027

 COOLING
  TODAY              0                           0       0      0
  MONTH TO DATE      0                           0       0      0
  SINCE JUN 1        0                           0       0      0
  SINCE JAN 1        0                           0       0      0
...................................................................

WIND (MPH)
 HIGHEST WIND SPEED    17     HIGHEST WIND DIRECTION     80
 HIGHEST GUST SPEED    21     HIGHEST GUST DIRECTION     80
 AVERAGE WIND SPEED    MM

SKY COVER
  POSSIBLE SUNSHINE  MM            AVERAGE SKY COVER MM

WEATHER CONDITIONS
 THE FOLLOWING WEATHER WAS RECORDED TODAY.
FOG
DRIZZLE
RAIN


RELATIVE HUMIDITY
 HIGHEST RH     MM PERCENT       MM
 LOWEST  RH     MM PERCENT       MM
 AVERAGE RH     MM PERCENT       MM
...................................................................

THE ST PAUL CLIMATE NORMALS FOR TOMORROW
                        NORMAL    RECORD   YEAR
 MAXIMUM TEMPERATURE      52        56     2005
 MINIMUM TEMPERATURE      45        37     1958

SUNRISE AND SUNSET
 AUG 30 2014..........SUNRISE  8:20 AM      SUNSET 10:23 PM
 AUG 31 2014..........SUNRISE  8:22 AM      SUNSET 10:20 PM

-  INDICATES NEGATIVE NUMBERS.
R  INDICATES RECORD HAS BEEN SET OR TIED.
MM INDICATES DATA IS MISSING.
T  INDICATES TRACE OF PRECIPITATION.

&&
-------------------------------------------------------------------

AMOUNT OF DAYLIGHT TODAY  (HOUR:MIN)........14 HOURS 3 MINUTES
GAIN/LOSS SINCE YESTERDAY (HOUR:MIN:SEC)....-0:04:44

$$
HLC AUG 14
