000
CDUS46 KMTR 220028
CLISNS


CLIMATE REPORT
NATIONAL WEATHER SERVICE SAN FRANCISCO BAY AREA
428 PM PST SUN DEC 21 2014


...................................

...THE SALINAS AIRPORT CLIMATE SUMMARY FOR DECEMBER 21 2014...
VALID TODAY AS OF 0400 PM LOCAL TIME.

CLIMATE NORMAL PERIOD 1981 TO 2010
CLIMATE RECORD PERIOD 1930 TO 2014


WEATHER ITEM   OBSERVED TIME   RECORD YEAR NORMAL DEPARTURE LAST
                VALUE   (LST)  VALUE       VALUE  FROM      YEAR
                                                  NORMAL
..................................................................
TEMPERATURE (F)
 TODAY
  MAXIMUM         67   1230 PM  74    1985  61      6       64
  MINIMUM         55    603 AM  24    1998  40     15       34
  AVERAGE         61                        50     11       49

PRECIPITATION (IN)
  TODAY            0.00          1.66 1996   0.07  -0.07     0.00
  MONTH TO DATE    5.97                      1.23   4.74     0.21
  SINCE JUL 1      8.06                      3.41   4.65     0.94
  SINCE JAN 1     13.03                     12.13   0.90     3.27

DEGREE DAYS
 HEATING
  TODAY            4                        15    -11       16
  MONTH TO DATE  125                       290   -165      325
  SINCE DEC 1    125                       290   -165      325
  SINCE JUL 1    339                       908   -569      851

 COOLING
  TODAY            0                         0      0        0
  MONTH TO DATE    1                         0      1        0
  SINCE DEC 1      1                         0      1        0
  SINCE JAN 1    270                       130    140      155
..................................................................


WIND (MPH)
  RESULTANT WIND SPEED   2   RESULTANT WIND DIRECTION   W (280)
  HIGHEST WIND SPEED    10   HIGHEST WIND DIRECTION     W (280)
  HIGHEST GUST SPEED    14   HIGHEST GUST DIRECTION     W (270)
  AVERAGE WIND SPEED     2.8


SKY COVER
  POSSIBLE SUNSHINE  MM
  AVERAGE SKY COVER 0.8


WEATHER CONDITIONS
 THE FOLLOWING WEATHER WAS RECORDED TODAY.
  NO SIGNIFICANT WEATHER WAS OBSERVED.


RELATIVE HUMIDITY (PERCENT)
 HIGHEST    86           200 AM
 LOWEST     68          1200 PM
 AVERAGE    77

..........................................................


THE SALINAS AIRPORT CLIMATE NORMALS FOR TOMORROW
                         NORMAL    RECORD    YEAR
 MAXIMUM TEMPERATURE (F)   61        76      1960
 MINIMUM TEMPERATURE (F)   40        24      1990


SUNRISE AND SUNSET
DECEMBER 21 2014......SUNRISE   715 AM PST   SUNSET   454 PM PST
DECEMBER 22 2014......SUNRISE   716 AM PST   SUNSET   455 PM PST


-  INDICATES NEGATIVE NUMBERS.
R  INDICATES RECORD WAS SET OR TIED.
MM INDICATES DATA IS MISSING.
T  INDICATES TRACE AMOUNT.




$$
