473
CDUS46 KMTR 280826
CLISNS


CLIMATE REPORT
NATIONAL WEATHER SERVICE SAN FRANCISCO BAY AREA
125 AM PDT TUE MAR 28 2017


...................................

...THE SALINAS AIRPORT CLIMATE SUMMARY FOR MARCH 27 2017...

CLIMATE NORMAL PERIOD 1981 TO 2010
CLIMATE RECORD PERIOD 1930 TO 2017


WEATHER ITEM   OBSERVED TIME   RECORD YEAR NORMAL DEPARTURE LAST
                VALUE   (LST)  VALUE       VALUE  FROM      YEAR
                                                  NORMAL
..................................................................
TEMPERATURE (F)
 YESTERDAY
  MAXIMUM         64    216 PM  80    1969  66     -2       63
  MINIMUM         47    524 AM  32    1944  45      2       52
  AVERAGE         56                        55      1       58

PRECIPITATION (IN)
  YESTERDAY        0.00          1.45 1963   0.06  -0.06     0.00
  MONTH TO DATE    1.23                      2.04  -0.81     3.45
  SINCE OCT 1     15.52                     11.04   4.48    12.84
  SINCE JAN 1     11.52                      7.13   4.39     7.94

DEGREE DAYS
 HEATING
  YESTERDAY        9                        10     -1        7
  MONTH TO DATE  213                       282    -69      190
  SINCE MAR 1    213                       282    -69      190
  SINCE JUL 1   1975                      2096   -121     1581

 COOLING
  YESTERDAY        0                         0      0        0
  MONTH TO DATE    1                         0      1        0
  SINCE MAR 1      1                         0      1        0
  SINCE JAN 1      1                         0      1        3
..................................................................


WIND (MPH)
  RESULTANT WIND SPEED   9   RESULTANT WIND DIRECTION   W (260)
  HIGHEST WIND SPEED    25   HIGHEST WIND DIRECTION     W (270)
  HIGHEST GUST SPEED    32   HIGHEST GUST DIRECTION     W (260)
  AVERAGE WIND SPEED     9.5


SKY COVER
  POSSIBLE SUNSHINE  MM
  AVERAGE SKY COVER 0.2


WEATHER CONDITIONS
 THE FOLLOWING WEATHER WAS RECORDED YESTERDAY.
  NO SIGNIFICANT WEATHER WAS OBSERVED.


RELATIVE HUMIDITY (PERCENT)
 HIGHEST    93           100 AM
 LOWEST     55          1100 AM
 AVERAGE    74

..........................................................


THE SALINAS AIRPORT CLIMATE NORMALS FOR TODAY
                         NORMAL    RECORD    YEAR
 MAXIMUM TEMPERATURE (F)   66        84      2004
 MINIMUM TEMPERATURE (F)   45        33      1942


SUNRISE AND SUNSET
MARCH 28 2017.........SUNRISE   658 AM PDT   SUNSET   726 PM PDT
MARCH 29 2017.........SUNRISE   656 AM PDT   SUNSET   726 PM PDT


-  INDICATES NEGATIVE NUMBERS.
R  INDICATES RECORD WAS SET OR TIED.
MM INDICATES DATA IS MISSING.
T  INDICATES TRACE AMOUNT.




$$
