000
CDUS46 KMTR 140025
CLISNS


CLIMATE REPORT
NATIONAL WEATHER SERVICE SAN FRANCISCO BAY AREA
425 PM PST SAT FEB 13 2016


...................................

...THE SALINAS AIRPORT CLIMATE SUMMARY FOR FEBRUARY 13 2016...
VALID TODAY AS OF 0400 PM LOCAL TIME.

CLIMATE NORMAL PERIOD 1981 TO 2010
CLIMATE RECORD PERIOD 1930 TO 2016


WEATHER ITEM   OBSERVED TIME   RECORD YEAR NORMAL DEPARTURE LAST
                VALUE   (LST)  VALUE       VALUE  FROM      YEAR
                                                  NORMAL
..................................................................
TEMPERATURE (F)
 TODAY
  MAXIMUM         72    140 PM  85    2015  63      9       85
  MINIMUM         48    605 AM  25    1949  43      5       51
  AVERAGE         60                        53      7       68

PRECIPITATION (IN)
  TODAY            0.00          1.73 1987   0.09  -0.09     0.00
  MONTH TO DATE    0.01                      1.16  -1.15     0.55
  SINCE OCT 1      8.95                      7.67   1.28     8.55
  SINCE JAN 1      4.05                      3.76   0.29     0.56

DEGREE DAYS
 HEATING
  TODAY            5                        12     -7        0
  MONTH TO DATE   99                       162    -63       49
  SINCE DEC 1    939                      1022    -83      535
  SINCE JUL 1   1299                      1640   -341      749

 COOLING
  TODAY            0                         0      0        3
  MONTH TO DATE    1                         0      1        5
  SINCE DEC 1      1                         0      1        7
  SINCE JAN 1      1                         0      1        6
..................................................................


WIND (MPH)
  RESULTANT WIND SPEED   2   RESULTANT WIND DIRECTION   W (270)
  HIGHEST WIND SPEED    16   HIGHEST WIND DIRECTION    NW (330)
  HIGHEST GUST SPEED    21   HIGHEST GUST DIRECTION    NW (310)
  AVERAGE WIND SPEED     4.9


SKY COVER
  POSSIBLE SUNSHINE  MM
  AVERAGE SKY COVER 0.5


WEATHER CONDITIONS
 THE FOLLOWING WEATHER WAS RECORDED TODAY.
  FOG
  FOG W/VISIBILITY <= 1/4 MILE


RELATIVE HUMIDITY (PERCENT)
 HIGHEST   100          1000 AM
 LOWEST     57           200 PM
 AVERAGE    79

..........................................................


THE SALINAS AIRPORT CLIMATE NORMALS FOR TOMORROW
                         NORMAL    RECORD    YEAR
 MAXIMUM TEMPERATURE (F)   63        84      2015
 MINIMUM TEMPERATURE (F)   43        27      1949


SUNRISE AND SUNSET
FEBRUARY 13 2016......SUNRISE   657 AM PST   SUNSET   545 PM PST
FEBRUARY 14 2016......SUNRISE   656 AM PST   SUNSET   546 PM PST


-  INDICATES NEGATIVE NUMBERS.
R  INDICATES RECORD WAS SET OR TIED.
MM INDICATES DATA IS MISSING.
T  INDICATES TRACE AMOUNT.




$$
