186
CDUS46 KMTR 260837
CLISNS


CLIMATE REPORT
NATIONAL WEATHER SERVICE SAN FRANCISCO BAY AREA
1237 AM PST SUN FEB 26 2017


...................................

...THE SALINAS AIRPORT CLIMATE SUMMARY FOR FEBRUARY 25 2017...

CLIMATE NORMAL PERIOD 1981 TO 2010
CLIMATE RECORD PERIOD 1930 TO 2017


WEATHER ITEM   OBSERVED TIME   RECORD YEAR NORMAL DEPARTURE LAST
                VALUE   (LST)  VALUE       VALUE  FROM      YEAR
                                                  NORMAL
..................................................................
TEMPERATURE (F)
 YESTERDAY
  MAXIMUM         57    342 PM  80    1954  63     -6       76
  MINIMUM         35    644 AM  25    1935  44     -9       47
  AVERAGE         46                        54     -8       62

PRECIPITATION (IN)
  YESTERDAY        T             0.84 2004   0.09  -0.09     0.00
  MONTH TO DATE    4.34                      2.23   2.11     0.45
  SINCE OCT 1     14.20                      8.74   5.46     9.39
  SINCE JAN 1     10.20                      4.83   5.37     4.49

DEGREE DAYS
 HEATING
  YESTERDAY       19                        11      8        3
  MONTH TO DATE  251                       303    -52      169
  SINCE DEC 1   1142                      1163    -21     1009
  SINCE JUL 1   1712                      1781    -69     1369

 COOLING
  YESTERDAY        0                         0      0        0
  MONTH TO DATE    0                         0      0        3
  SINCE DEC 1      0                         0      0        3
  SINCE JAN 1      0                         0      0        3
..................................................................


WIND (MPH)
  RESULTANT WIND SPEED   2   RESULTANT WIND DIRECTION   S (160)
  HIGHEST WIND SPEED    20   HIGHEST WIND DIRECTION    SW (240)
  HIGHEST GUST SPEED    23   HIGHEST GUST DIRECTION     W (270)
  AVERAGE WIND SPEED     5.9


SKY COVER
  POSSIBLE SUNSHINE  MM
  AVERAGE SKY COVER 0.2


WEATHER CONDITIONS
 THE FOLLOWING WEATHER WAS RECORDED YESTERDAY.
  LIGHT RAIN


RELATIVE HUMIDITY (PERCENT)
 HIGHEST    92           200 AM
 LOWEST     43           300 PM
 AVERAGE    68

..........................................................


THE SALINAS AIRPORT CLIMATE NORMALS FOR TODAY
                         NORMAL    RECORD    YEAR
 MAXIMUM TEMPERATURE (F)   64        83      1992
 MINIMUM TEMPERATURE (F)   44        28      1935


SUNRISE AND SUNSET
FEBRUARY 26 2017......SUNRISE   641 AM PST   SUNSET   558 PM PST
FEBRUARY 27 2017......SUNRISE   639 AM PST   SUNSET   559 PM PST


-  INDICATES NEGATIVE NUMBERS.
R  INDICATES RECORD WAS SET OR TIED.
MM INDICATES DATA IS MISSING.
T  INDICATES TRACE AMOUNT.




$$
