548
CDUS46 KMTR 010029
CLISNS


CLIMATE REPORT
NATIONAL WEATHER SERVICE SAN FRANCISCO BAY AREA
528 PM PDT WED AUG 31 2016


...................................

...THE SALINAS AIRPORT CLIMATE SUMMARY FOR AUGUST 31 2016...
VALID TODAY AS OF 0500 PM LOCAL TIME.

CLIMATE NORMAL PERIOD 1981 TO 2010
CLIMATE RECORD PERIOD 1930 TO 2016


WEATHER ITEM   OBSERVED TIME   RECORD YEAR NORMAL DEPARTURE LAST
                VALUE   (LST)  VALUE       VALUE  FROM      YEAR
                                                  NORMAL
..................................................................
TEMPERATURE (F)
 TODAY
  MAXIMUM         71    133 PM  92    1947  74     -3       75
  MINIMUM         59    622 AM  44    1932  56      3       59
  AVERAGE         65                        65      0       67

PRECIPITATION (IN)
  TODAY            0.00          0.19 1964   0.00   0.00     0.00
  MONTH TO DATE    T                         0.03  -0.03     0.06
  SINCE OCT 1     13.47                     12.66   0.81     9.88
  SINCE JAN 1      8.57                      8.75  -0.18     1.89

DEGREE DAYS
 HEATING
  TODAY            0                         2     -2        0
  MONTH TO DATE   56                        62     -6        1
  SINCE JUN 1    224                       248    -24       84
  SINCE JUL 1    148                       135     13        3

 COOLING
  TODAY            0                         1     -1        2
  MONTH TO DATE    2                        23    -21      114
  SINCE JUN 1     10                        53    -43      180
  SINCE JAN 1     33                        69    -36      211
..................................................................


WIND (MPH)
  RESULTANT WIND SPEED  10   RESULTANT WIND DIRECTION   W (280)
  HIGHEST WIND SPEED    18   HIGHEST WIND DIRECTION     W (280)
  HIGHEST GUST SPEED    23   HIGHEST GUST DIRECTION     W (270)
  AVERAGE WIND SPEED    10.4


SKY COVER
  POSSIBLE SUNSHINE  MM
  AVERAGE SKY COVER 0.1


WEATHER CONDITIONS
 THE FOLLOWING WEATHER WAS RECORDED TODAY.
  NO SIGNIFICANT WEATHER WAS OBSERVED.


RELATIVE HUMIDITY (PERCENT)
 HIGHEST    80           500 AM
 LOWEST     57          1200 PM
 AVERAGE    69

..........................................................


THE SALINAS AIRPORT CLIMATE NORMALS FOR TOMORROW
                         NORMAL    RECORD    YEAR
 MAXIMUM TEMPERATURE (F)   74        96      1952
 MINIMUM TEMPERATURE (F)   56        45      2008


SUNRISE AND SUNSET
AUGUST 31 2016........SUNRISE   637 AM PDT   SUNSET   735 PM PDT
SEPTEMBER  1 2016.....SUNRISE   638 AM PDT   SUNSET   734 PM PDT


-  INDICATES NEGATIVE NUMBERS.
R  INDICATES RECORD WAS SET OR TIED.
MM INDICATES DATA IS MISSING.
T  INDICATES TRACE AMOUNT.




$$
