000
CDUS46 KMTR 020930
CLISNS


CLIMATE REPORT
NATIONAL WEATHER SERVICE SAN FRANCISCO BAY AREA
230 AM PDT TUE JUN 2 2015


...................................

...THE SALINAS AIRPORT CLIMATE SUMMARY FOR JUNE 1 2015...

CLIMATE NORMAL PERIOD 1981 TO 2010
CLIMATE RECORD PERIOD 1930 TO 2015


WEATHER ITEM   OBSERVED TIME   RECORD YEAR NORMAL DEPARTURE LAST
                VALUE   (LST)  VALUE       VALUE  FROM      YEAR
                                                  NORMAL
..................................................................
TEMPERATURE (F)
 YESTERDAY
  MAXIMUM         73    305 PM  85    1935  69      4       65
  MINIMUM         54    445 AM  42    1951  52      2       49
  AVERAGE         64                        60      4       57

PRECIPITATION (IN)
  YESTERDAY        0.00          0.45 1967   0.01  -0.01     0.00
  MONTH TO DATE    0.00                      0.01  -0.01     0.00
  SINCE OCT 1      9.66                     12.55  -2.89     5.78
  SINCE JAN 1      1.67                      8.64  -6.97     4.95

DEGREE DAYS
 HEATING
  YESTERDAY        1                         5     -4        8
  MONTH TO DATE    1                         5     -4        8
  SINCE JUN 1      1                         5     -4        8
  SINCE JUL 1   1311                      2578  -1267     1953

 COOLING
  YESTERDAY        0                         0      0        0
  MONTH TO DATE    0                         0      0        0
  SINCE JUN 1      0                         0      0        0
  SINCE JAN 1     31                        16     15       50
..................................................................


WIND (MPH)
  RESULTANT WIND SPEED   5   RESULTANT WIND DIRECTION   W (270)
  HIGHEST WIND SPEED    17   HIGHEST WIND DIRECTION     W (260)
  HIGHEST GUST SPEED    22   HIGHEST GUST DIRECTION     W (260)
  AVERAGE WIND SPEED     7.1


SKY COVER
  POSSIBLE SUNSHINE  MM
  AVERAGE SKY COVER 0.4


WEATHER CONDITIONS
 THE FOLLOWING WEATHER WAS RECORDED YESTERDAY.
  NO SIGNIFICANT WEATHER WAS OBSERVED.


RELATIVE HUMIDITY (PERCENT)
 HIGHEST    84          1000 PM
 LOWEST     49          1100 AM
 AVERAGE    67

..........................................................


THE SALINAS AIRPORT CLIMATE NORMALS FOR TODAY
                         NORMAL    RECORD    YEAR
 MAXIMUM TEMPERATURE (F)   69        92      1935
 MINIMUM TEMPERATURE (F)   52        39      1933


SUNRISE AND SUNSET
JUNE  2 2015..........SUNRISE   449 AM PST   SUNSET   720 PM PST
JUNE  3 2015..........SUNRISE   449 AM PST   SUNSET   721 PM PST


-  INDICATES NEGATIVE NUMBERS.
R  INDICATES RECORD WAS SET OR TIED.
MM INDICATES DATA IS MISSING.
T  INDICATES TRACE AMOUNT.




$$
