000
CDUS46 KMTR 270038
CLISNS


CLIMATE REPORT
NATIONAL WEATHER SERVICE SAN FRANCISCO BAY AREA
538 PM PDT FRI MAY 26 2017


...................................

...THE SALINAS AIRPORT CLIMATE SUMMARY FOR MAY 26 2017...
VALID TODAY AS OF 0500 PM LOCAL TIME.

CLIMATE NORMAL PERIOD 1981 TO 2010
CLIMATE RECORD PERIOD 1930 TO 2017


WEATHER ITEM   OBSERVED TIME   RECORD YEAR NORMAL DEPARTURE LAST
                VALUE   (LST)  VALUE       VALUE  FROM      YEAR
                                                  NORMAL
..................................................................
TEMPERATURE (F)
 TODAY
  MAXIMUM         67   1239 PM  94    1974  69     -2       65
  MINIMUM         56    640 AM  43    1953  52      4       53
  AVERAGE         62                        60      2       59

PRECIPITATION (IN)
  TODAY            T             0.09 1946   0.01  -0.01     0.00
  MONTH TO DATE    T                         0.31  -0.31     0.10
  SINCE OCT 1     16.36                     12.50   3.86    13.44
  SINCE JAN 1     12.36                      8.59   3.77     8.54

DEGREE DAYS
 HEATING
  TODAY            3                         5     -2        6
  MONTH TO DATE  124                       158    -34      134
  SINCE MAR 1    551                       733   -182      538
  SINCE JUL 1   2313                      2547   -234     1929

 COOLING
  TODAY            0                         0      0        0
  MONTH TO DATE   14                         0     14        2
  SINCE MAR 1     18                         7     11       20
  SINCE JAN 1     18                         7     11       23
..................................................................


WIND (MPH)
  RESULTANT WIND SPEED   8   RESULTANT WIND DIRECTION  NW (300)
  HIGHEST WIND SPEED    18   HIGHEST WIND DIRECTION     W (270)
  HIGHEST GUST SPEED    23   HIGHEST GUST DIRECTION     W (280)
  AVERAGE WIND SPEED     8.6


SKY COVER
  POSSIBLE SUNSHINE  MM
  AVERAGE SKY COVER 1.0


WEATHER CONDITIONS
 THE FOLLOWING WEATHER WAS RECORDED TODAY.
  FOG


RELATIVE HUMIDITY (PERCENT)
 HIGHEST    93           300 AM
 LOWEST     58           100 PM
 AVERAGE    76

..........................................................


THE SALINAS AIRPORT CLIMATE NORMALS FOR TOMORROW
                         NORMAL    RECORD    YEAR
 MAXIMUM TEMPERATURE (F)   69        99      1984
 MINIMUM TEMPERATURE (F)   52        40      1933


SUNRISE AND SUNSET
MAY 26 2017...........SUNRISE   552 AM PDT   SUNSET   816 PM PDT
MAY 27 2017...........SUNRISE   551 AM PDT   SUNSET   816 PM PDT


-  INDICATES NEGATIVE NUMBERS.
R  INDICATES RECORD WAS SET OR TIED.
MM INDICATES DATA IS MISSING.
T  INDICATES TRACE AMOUNT.




$$
