000
CDUS46 KMTR 050837
CLISNS


CLIMATE REPORT
NATIONAL WEATHER SERVICE SAN FRANCISCO BAY AREA
137 AM PDT THU MAY 5 2016


...................................

...THE SALINAS AIRPORT CLIMATE SUMMARY FOR MAY 4 2016...

CLIMATE NORMAL PERIOD 1981 TO 2010
CLIMATE RECORD PERIOD 1930 TO 2016


WEATHER ITEM   OBSERVED TIME   RECORD YEAR NORMAL DEPARTURE LAST
                VALUE   (LST)  VALUE       VALUE  FROM      YEAR
                                                  NORMAL
..................................................................
TEMPERATURE (F)
 YESTERDAY
  MAXIMUM         64    315 PM  90    1935  68     -4       63
  MINIMUM         53    540 AM  37    1952  49      4       54
  AVERAGE         59                        58      1       59

PRECIPITATION (IN)
  YESTERDAY        0.00          0.22 2005   0.02  -0.02     0.00
  MONTH TO DATE    0.00                      0.07  -0.07     0.00
  SINCE OCT 1     13.34                     12.26   1.08     9.46
  SINCE JAN 1      8.44                      8.35   0.09     1.47

DEGREE DAYS
 HEATING
  YESTERDAY        6                         7     -1        6
  MONTH TO DATE   17                        28    -11       18
  SINCE MAR 1    421                       603   -182      308
  SINCE JUL 1   1812                      2417   -605     1157

 COOLING
  YESTERDAY        0                         0      0        0
  MONTH TO DATE    0                         0      0        0
  SINCE MAR 1     18                         7     11       23
  SINCE JAN 1     21                         7     14       31
..................................................................


WIND (MPH)
  RESULTANT WIND SPEED   7   RESULTANT WIND DIRECTION   W (290)
  HIGHEST WIND SPEED    17   HIGHEST WIND DIRECTION     W (290)
  HIGHEST GUST SPEED    22   HIGHEST GUST DIRECTION     W (280)
  AVERAGE WIND SPEED     7.8


SKY COVER
  POSSIBLE SUNSHINE  MM
  AVERAGE SKY COVER 0.6


WEATHER CONDITIONS
 THE FOLLOWING WEATHER WAS RECORDED YESTERDAY.
  FOG


RELATIVE HUMIDITY (PERCENT)
 HIGHEST    89          1200 AM
 LOWEST     56           300 PM
 AVERAGE    73

..........................................................


THE SALINAS AIRPORT CLIMATE NORMALS FOR TODAY
                         NORMAL    RECORD    YEAR
 MAXIMUM TEMPERATURE (F)   68        93      1987
 MINIMUM TEMPERATURE (F)   49        39      1999


SUNRISE AND SUNSET
MAY  5 2016...........SUNRISE   508 AM PST   SUNSET   659 PM PST
MAY  6 2016...........SUNRISE   507 AM PST   SUNSET   700 PM PST


-  INDICATES NEGATIVE NUMBERS.
R  INDICATES RECORD WAS SET OR TIED.
MM INDICATES DATA IS MISSING.
T  INDICATES TRACE AMOUNT.




$$
