000
CDUS46 KMTR 030837
CLISNS


CLIMATE REPORT
NATIONAL WEATHER SERVICE SAN FRANCISCO BAY AREA
137 AM PDT THU SEP 3 2015


...................................

...THE SALINAS AIRPORT CLIMATE SUMMARY FOR SEPTEMBER 2 2015...

CLIMATE NORMAL PERIOD 1981 TO 2010
CLIMATE RECORD PERIOD 1930 TO 2015


WEATHER ITEM   OBSERVED TIME   RECORD YEAR NORMAL DEPARTURE LAST
                VALUE   (LST)  VALUE       VALUE  FROM      YEAR
                                                  NORMAL
..................................................................
TEMPERATURE (F)
 YESTERDAY
  MAXIMUM         73    320 PM  90    2008  74     -1       70
                                      1955
  MINIMUM         59    704 AM  47    1964  56      3       61
  AVERAGE         66                        65      1       66

PRECIPITATION (IN)
  YESTERDAY        0.00          0.07 2000   0.00   0.00     0.00
  MONTH TO DATE    0.00                      0.00   0.00     0.00
  SINCE OCT 1      9.88                     12.66  -2.78     5.81
  SINCE JAN 1      1.89                      8.75  -6.86     4.98

DEGREE DAYS
 HEATING
  YESTERDAY        0                         2     -2        0
  MONTH TO DATE    0                         4     -4        0
  SINCE SEP 1      0                         4     -4        0
  SINCE JUL 1      3                       139   -136       41

 COOLING
  YESTERDAY        1                         1      0        1
  MONTH TO DATE    1                         2     -1        4
  SINCE SEP 1      1                         2     -1        4
  SINCE JAN 1    212                        71    141      137
..................................................................


WIND (MPH)
  RESULTANT WIND SPEED   7   RESULTANT WIND DIRECTION   W (260)
  HIGHEST WIND SPEED    16   HIGHEST WIND DIRECTION     W (260)
  HIGHEST GUST SPEED    24   HIGHEST GUST DIRECTION     W (270)
  AVERAGE WIND SPEED     8.4


SKY COVER
  POSSIBLE SUNSHINE  MM
  AVERAGE SKY COVER 0.5


WEATHER CONDITIONS
 THE FOLLOWING WEATHER WAS RECORDED YESTERDAY.
  NO SIGNIFICANT WEATHER WAS OBSERVED.


RELATIVE HUMIDITY (PERCENT)
 HIGHEST    78          1200 AM
 LOWEST     57          1100 AM
 AVERAGE    68

..........................................................


THE SALINAS AIRPORT CLIMATE NORMALS FOR TODAY
                         NORMAL    RECORD    YEAR
 MAXIMUM TEMPERATURE (F)   74        94      1961
 MINIMUM TEMPERATURE (F)   56        46      1941


SUNRISE AND SUNSET
SEPTEMBER  3 2015.....SUNRISE   539 AM PST   SUNSET   632 PM PST
SEPTEMBER  4 2015.....SUNRISE   540 AM PST   SUNSET   630 PM PST


-  INDICATES NEGATIVE NUMBERS.
R  INDICATES RECORD WAS SET OR TIED.
MM INDICATES DATA IS MISSING.
T  INDICATES TRACE AMOUNT.




$$
