000
CDUS46 KMTR 040829
CLISNS


CLIMATE REPORT
NATIONAL WEATHER SERVICE SAN FRANCISCO BAY AREA
1229 AM PST SUN DEC 4 2016


...................................

...THE SALINAS AIRPORT CLIMATE SUMMARY FOR DECEMBER 3 2016...

CLIMATE NORMAL PERIOD 1981 TO 2010
CLIMATE RECORD PERIOD 1930 TO 2016


WEATHER ITEM   OBSERVED TIME   RECORD YEAR NORMAL DEPARTURE LAST
                VALUE   (LST)  VALUE       VALUE  FROM      YEAR
                                                  NORMAL
..................................................................
TEMPERATURE (F)
 YESTERDAY
  MAXIMUM         64    217 PM  83    1939  62      2       66
  MINIMUM         36    732 AM  30    2004  42     -6       41
  AVERAGE         50                        52     -2       54

PRECIPITATION (IN)
  YESTERDAY        0.00          0.79 1950   0.05  -0.05      T
  MONTH TO DATE    0.00                      0.16  -0.16      T
  SINCE OCT 1      2.56                      2.14   0.42     2.94
  SINCE JAN 1     11.13                     11.06   0.07     5.05

DEGREE DAYS
 HEATING
  YESTERDAY       15                        13      2       11
  MONTH TO DATE   44                        39      5       36
  SINCE DEC 1     44                        39      5       36
  SINCE JUL 1    614                       657    -43      396

 COOLING
  YESTERDAY        0                         0      0        0
  MONTH TO DATE    0                         0      0        0
  SINCE DEC 1      0                         0      0        0
  SINCE JAN 1    113                       130    -17      386
..................................................................


WIND (MPH)
  RESULTANT WIND SPEED   1   RESULTANT WIND DIRECTION  SE (130)
  HIGHEST WIND SPEED    16   HIGHEST WIND DIRECTION     W (260)
  HIGHEST GUST SPEED    20   HIGHEST GUST DIRECTION    SE (140)
  AVERAGE WIND SPEED     6.9


SKY COVER
  POSSIBLE SUNSHINE  MM
  AVERAGE SKY COVER 0.0


WEATHER CONDITIONS
 THE FOLLOWING WEATHER WAS RECORDED YESTERDAY.
  NO SIGNIFICANT WEATHER WAS OBSERVED.


RELATIVE HUMIDITY (PERCENT)
 HIGHEST    89          1000 PM
 LOWEST     31           100 PM
 AVERAGE    60

..........................................................


THE SALINAS AIRPORT CLIMATE NORMALS FOR TODAY
                         NORMAL    RECORD    YEAR
 MAXIMUM TEMPERATURE (F)   62        81      1932
 MINIMUM TEMPERATURE (F)   42        30      2013
                                             1968


SUNRISE AND SUNSET
DECEMBER  4 2016......SUNRISE   703 AM PST   SUNSET   450 PM PST
DECEMBER  5 2016......SUNRISE   704 AM PST   SUNSET   450 PM PST


-  INDICATES NEGATIVE NUMBERS.
R  INDICATES RECORD WAS SET OR TIED.
MM INDICATES DATA IS MISSING.
T  INDICATES TRACE AMOUNT.




$$
