000
CDUS46 KMTR 250026
CLISNS


CLIMATE REPORT
NATIONAL WEATHER SERVICE SAN FRANCISCO BAY AREA
526 PM PDT TUE MAY 24 2016


...................................

...THE SALINAS AIRPORT CLIMATE SUMMARY FOR MAY 24 2016...
VALID TODAY AS OF 0500 PM LOCAL TIME.

CLIMATE NORMAL PERIOD 1981 TO 2010
CLIMATE RECORD PERIOD 1930 TO 2016


WEATHER ITEM   OBSERVED TIME   RECORD YEAR NORMAL DEPARTURE LAST
                VALUE   (LST)  VALUE       VALUE  FROM      YEAR
                                                  NORMAL
..................................................................
TEMPERATURE (F)
 TODAY
  MAXIMUM         68    300 PM  81    2002  69     -1       64
  MINIMUM         54    605 AM  39    1980  51      3       53
  AVERAGE         61                        60      1       59

PRECIPITATION (IN)
  TODAY            T             1.69 1931   0.00   0.00      T
  MONTH TO DATE    0.10                      0.29  -0.19     0.20
  SINCE OCT 1     13.44                     12.48   0.96     9.66
  SINCE JAN 1      8.54                      8.57  -0.03     1.67

DEGREE DAYS
 HEATING
  TODAY            4                         5     -1        6
  MONTH TO DATE  123                       148    -25      131
  SINCE MAR 1    527                       723   -196      421
  SINCE JUL 1   1918                      2537   -619     1270

 COOLING
  TODAY            0                         0      0        0
  MONTH TO DATE    2                         0      2        0
  SINCE MAR 1     20                         7     13       23
  SINCE JAN 1     23                         7     16       31
..................................................................


WIND (MPH)
  RESULTANT WIND SPEED   9   RESULTANT WIND DIRECTION   W (260)
  HIGHEST WIND SPEED    18   HIGHEST WIND DIRECTION     W (270)
  HIGHEST GUST SPEED    26   HIGHEST GUST DIRECTION     W (260)
  AVERAGE WIND SPEED    10.7


SKY COVER
  POSSIBLE SUNSHINE  MM
  AVERAGE SKY COVER 0.8


WEATHER CONDITIONS
 THE FOLLOWING WEATHER WAS RECORDED TODAY.
  LIGHT RAIN
  FOG
  HAZE


RELATIVE HUMIDITY (PERCENT)
 HIGHEST    83           100 AM
 LOWEST     48           200 PM
 AVERAGE    66

..........................................................


THE SALINAS AIRPORT CLIMATE NORMALS FOR TOMORROW
                         NORMAL    RECORD    YEAR
 MAXIMUM TEMPERATURE (F)   69        96      1951
 MINIMUM TEMPERATURE (F)   51        37      1935


SUNRISE AND SUNSET
MAY 24 2016...........SUNRISE   453 AM PST   SUNSET   714 PM PST
MAY 25 2016...........SUNRISE   452 AM PST   SUNSET   715 PM PST


-  INDICATES NEGATIVE NUMBERS.
R  INDICATES RECORD WAS SET OR TIED.
MM INDICATES DATA IS MISSING.
T  INDICATES TRACE AMOUNT.




$$
