000
CDUS46 KMTR 300835
CLISNS


CLIMATE REPORT
NATIONAL WEATHER SERVICE SAN FRANCISCO BAY AREA
1235 AM PST FRI JAN 30 2015


...................................

...THE SALINAS AIRPORT CLIMATE SUMMARY FOR JANUARY 29 2015...

CLIMATE NORMAL PERIOD 1981 TO 2010
CLIMATE RECORD PERIOD 1930 TO 2015


WEATHER ITEM   OBSERVED TIME   RECORD YEAR NORMAL DEPARTURE LAST
                VALUE   (LST)  VALUE       VALUE  FROM      YEAR
                                                  NORMAL
..................................................................
TEMPERATURE (F)
 YESTERDAY
  MAXIMUM         75    249 PM  77    1931  62     13       69
  MINIMUM         45    354 AM  29    1957  42      3       56
  AVERAGE         60                        52      8       63

PRECIPITATION (IN)
  YESTERDAY        0.00          0.93 1998   0.09  -0.09     0.00
  MONTH TO DATE    0.01                      2.42  -2.41     0.01
  SINCE JUL 1      8.11                      6.53   1.58     0.95
  SINCE JAN 1      0.01                      2.42  -2.41     0.01

DEGREE DAYS
 HEATING
  YESTERDAY        5                        13     -8        2
  MONTH TO DATE  217                       397   -180      221
  SINCE DEC 1    473                       832   -359      624
  SINCE JUL 1    687                      1450   -763     1150

 COOLING
  YESTERDAY        0                         0      0        0
  MONTH TO DATE    1                         0      1        2
  SINCE DEC 1      2                         0      2        2
  SINCE JAN 1      1                         0      1        2
..................................................................


WIND (MPH)
  RESULTANT WIND SPEED   1   RESULTANT WIND DIRECTION  SE (150)
  HIGHEST WIND SPEED    17   HIGHEST WIND DIRECTION     W (250)
  HIGHEST GUST SPEED    21   HIGHEST GUST DIRECTION     W (260)
  AVERAGE WIND SPEED     4.6


SKY COVER
  POSSIBLE SUNSHINE  MM
  AVERAGE SKY COVER 0.0


WEATHER CONDITIONS
 THE FOLLOWING WEATHER WAS RECORDED YESTERDAY.
  NO SIGNIFICANT WEATHER WAS OBSERVED.


RELATIVE HUMIDITY (PERCENT)
 HIGHEST    86           900 PM
 LOWEST     38           200 PM
 AVERAGE    62

..........................................................


THE SALINAS AIRPORT CLIMATE NORMALS FOR TODAY
                         NORMAL    RECORD    YEAR
 MAXIMUM TEMPERATURE (F)   62        79      1962
 MINIMUM TEMPERATURE (F)   42        26      1975


SUNRISE AND SUNSET
JANUARY 30 2015.......SUNRISE   710 AM PST   SUNSET   530 PM PST
JANUARY 31 2015.......SUNRISE   709 AM PST   SUNSET   531 PM PST


-  INDICATES NEGATIVE NUMBERS.
R  INDICATES RECORD WAS SET OR TIED.
MM INDICATES DATA IS MISSING.
T  INDICATES TRACE AMOUNT.




$$
