000
CDUS45 KPIH 010733
CLISNT


CLIMATE REPORT
NATIONAL WEATHER SERVICE POCATELLO ID
1232 AM MST SUN MAR 1 2015


...................................

...THE STANLEY ID CLIMATE SUMMARY FOR FEBRUARY 28 2015...

CLIMATE NORMAL PERIOD 1981 TO 2010
CLIMATE RECORD PERIOD 1916 TO 2015


WEATHER ITEM   OBSERVED TIME   RECORD YEAR NORMAL DEPARTURE LAST
                VALUE   (LST)  VALUE       VALUE  FROM      YEAR
                                                  NORMAL
..................................................................
TEMPERATURE (F)
 YESTERDAY
  MAXIMUM         37    235 PM  65    1923  38     -1       43
  MINIMUM          8    718 AM -34    1922   7      1       22
  AVERAGE         23                        22      1       33

PRECIPITATION (IN)
  YESTERDAY        0.00          0.36 1972   0.07  -0.07     0.02
  MONTH TO DATE    1.83                      1.79   0.04     4.58
  SINCE OCT 1      9.98                      8.16   1.82    10.15
  SINCE JAN 1      3.27                      3.31  -0.04     6.54

SNOWFALL (IN)
  YESTERDAY       MM
  MONTH TO DATE   MM
  SINCE DEC 1     MM
  SINCE JUL 1     MM
  SNOW DEPTH      MM

DEGREE DAYS
 HEATING
  YESTERDAY       42                        43     -1       32
  MONTH TO DATE 1005                      1306   -301     1228
  SINCE DEC 1   3785                      4437   -652     4379
  SINCE JUL 1   6378                      7534  -1156     7168

 COOLING
  YESTERDAY        0                         0      0        0
  MONTH TO DATE    0                         0      0        0
  SINCE DEC 1      0                         0      0        0
  SINCE JAN 1      0                         0      0        0
..................................................................


WIND (MPH)
  HIGHEST WIND SPEED    13   HIGHEST WIND DIRECTION    NW (330)
  HIGHEST GUST SPEED    18   HIGHEST GUST DIRECTION     W (290)
  AVERAGE WIND SPEED     4.1


SKY COVER
  POSSIBLE SUNSHINE  MM
  AVERAGE SKY COVER 0.0


WEATHER CONDITIONS
 THE FOLLOWING WEATHER WAS RECORDED YESTERDAY.
  NO SIGNIFICANT WEATHER WAS OBSERVED.


RELATIVE HUMIDITY (PERCENT)
 HIGHEST    84           400 AM
 LOWEST     40           300 PM
 AVERAGE    62

..........................................................


THE STANLEY ID CLIMATE NORMALS FOR TODAY
                         NORMAL    RECORD    YEAR
 MAXIMUM TEMPERATURE (F)   38        54      1924
 MINIMUM TEMPERATURE (F)    8       -34      1917


SUNRISE AND SUNSET
MARCH  1 2015.........SUNRISE   717 AM MST   SUNSET   628 PM MST
MARCH  2 2015.........SUNRISE   715 AM MST   SUNSET   629 PM MST


-  INDICATES NEGATIVE NUMBERS.
R  INDICATES RECORD WAS SET OR TIED.
MM INDICATES DATA IS MISSING.
T  INDICATES TRACE AMOUNT.




$$
