000
CDUS45 KPIH 260739
CLISNT


CLIMATE REPORT
NATIONAL WEATHER SERVICE POCATELLO ID
138 AM MDT WED APR 26 2017


...................................

...THE STANLEY ID CLIMATE SUMMARY FOR APRIL 25 2017...

CLIMATE NORMAL PERIOD 1981 TO 2010
CLIMATE RECORD PERIOD 1916 TO 2017


WEATHER ITEM   OBSERVED TIME   RECORD YEAR NORMAL DEPARTURE LAST
                VALUE   (LST)  VALUE       VALUE  FROM      YEAR
                                                  NORMAL
..................................................................
TEMPERATURE (F)
 YESTERDAY
  MAXIMUM         47    233 PM  75    1977  51     -4       47
  MINIMUM         31   1007 PM   5    1921  22      9       32
  AVERAGE         39                        36      3       40

PRECIPITATION (IN)
  YESTERDAY        0.03          0.50 1983   0.06  -0.03     0.00
  MONTH TO DATE    1.90                      1.43   0.47     1.04
  SINCE OCT 1     25.36                     11.40  13.96    15.24
  SINCE JAN 1     14.03                      6.55   7.48     7.67

SNOWFALL (IN)
  YESTERDAY       MM
  MONTH TO DATE   MM
  SINCE MAR 1     MM
  SINCE JUL 1     MM
  SNOW DEPTH      MM

DEGREE DAYS
 HEATING
  YESTERDAY       26                        29     -3       25
  MONTH TO DATE  788                       805    -17      618
  SINCE MAR 1   1793                      1989   -196     1694
  SINCE JUL 1   9050                      9523   -473     8644

 COOLING
  YESTERDAY        0                         0      0        0
  MONTH TO DATE    0                         0      0        0
  SINCE MAR 1      0                         0      0        0
  SINCE JAN 1      0                         0      0        0
..................................................................


WIND (MPH)
  HIGHEST WIND SPEED    13   HIGHEST WIND DIRECTION    NW (330)
  HIGHEST GUST SPEED    17   HIGHEST GUST DIRECTION     N (340)
  AVERAGE WIND SPEED     4.2


SKY COVER
  POSSIBLE SUNSHINE  MM
  AVERAGE SKY COVER 0.0


WEATHER CONDITIONS
 THE FOLLOWING WEATHER WAS RECORDED YESTERDAY.
  NO SIGNIFICANT WEATHER WAS OBSERVED.


RELATIVE HUMIDITY (PERCENT)
 HIGHEST   100           500 AM
 LOWEST     37           300 PM
 AVERAGE    69

..........................................................


THE STANLEY ID CLIMATE NORMALS FOR TODAY
                         NORMAL    RECORD    YEAR
 MAXIMUM TEMPERATURE (F)   51        75      1977
 MINIMUM TEMPERATURE (F)   22         8      1924


SUNRISE AND SUNSET
APRIL 26 2017.........SUNRISE   638 AM MDT   SUNSET   838 PM MDT
APRIL 27 2017.........SUNRISE   636 AM MDT   SUNSET   839 PM MDT


-  INDICATES NEGATIVE NUMBERS.
R  INDICATES RECORD WAS SET OR TIED.
MM INDICATES DATA IS MISSING.
T  INDICATES TRACE AMOUNT.




$$
