000
CDUS45 KPIH 260732
CLISNT


CLIMATE REPORT
NATIONAL WEATHER SERVICE POCATELLO ID
129 AM MDT TUE MAY 26 2015


...................................

...THE STANLEY ID CLIMATE SUMMARY FOR MAY 25 2015...

CLIMATE NORMAL PERIOD 1981 TO 2010
CLIMATE RECORD PERIOD 1916 TO 2015


WEATHER ITEM   OBSERVED TIME   RECORD YEAR NORMAL DEPARTURE LAST
                VALUE   (LST)  VALUE       VALUE  FROM      YEAR
                                                  NORMAL
..................................................................
TEMPERATURE (F)
 YESTERDAY
  MAXIMUM         66    230 PM  79    1992  61      5       69
  MINIMUM         31    430 AM  16    1920  30      1       30
  AVERAGE         49                        46      3       50

PRECIPITATION (IN)
  YESTERDAY        0.22          0.59 1998   0.05   0.17     0.00
  MONTH TO DATE    2.13                      1.40   0.73     0.65
  SINCE OCT 1     14.38                     13.09   1.29    16.04
  SINCE JAN 1      7.67                      8.24  -0.57    12.43

SNOWFALL (IN)
  YESTERDAY       MM
  MONTH TO DATE   MM
  SINCE MAR 1     MM
  SINCE JUL 1     MM
  SNOW DEPTH      MM

DEGREE DAYS
 HEATING
  YESTERDAY       16                        20     -4       15
  MONTH TO DATE  480                       570    -90      542
  SINCE MAR 1   2245                      2696   -451     2654
  SINCE JUL 1   8623                     10230  -1607     9822

 COOLING
  YESTERDAY        0                         0      0        0
  MONTH TO DATE    0                         0      0        0
  SINCE MAR 1      0                         0      0        0
  SINCE JAN 1      0                         0      0        0
..................................................................


WIND (MPH)
  HIGHEST WIND SPEED    17   HIGHEST WIND DIRECTION     N (10)
  HIGHEST GUST SPEED    23   HIGHEST GUST DIRECTION     N (20)
  AVERAGE WIND SPEED     4.0


SKY COVER
  POSSIBLE SUNSHINE  MM
  AVERAGE SKY COVER 0.0


WEATHER CONDITIONS
 THE FOLLOWING WEATHER WAS RECORDED YESTERDAY.
  NO SIGNIFICANT WEATHER WAS OBSERVED.


RELATIVE HUMIDITY (PERCENT)
 HIGHEST    96           300 AM
 LOWEST     30           300 PM
 AVERAGE    63

..........................................................


THE STANLEY ID CLIMATE NORMALS FOR TODAY
                         NORMAL    RECORD    YEAR
 MAXIMUM TEMPERATURE (F)   61        80      1992
 MINIMUM TEMPERATURE (F)   31        20      1989


SUNRISE AND SUNSET
MAY 26 2015...........SUNRISE   603 AM MDT   SUNSET   911 PM MDT
MAY 27 2015...........SUNRISE   602 AM MDT   SUNSET   912 PM MDT


-  INDICATES NEGATIVE NUMBERS.
R  INDICATES RECORD WAS SET OR TIED.
MM INDICATES DATA IS MISSING.
T  INDICATES TRACE AMOUNT.




$$
