000
CDUS45 KPIH 200800
CLISNT


CLIMATE REPORT
NATIONAL WEATHER SERVICE POCATELLO ID
158 AM MDT FRI OCT 20 2017


...................................

...THE STANLEY ID CLIMATE SUMMARY FOR OCTOBER 19 2017...

CLIMATE NORMAL PERIOD 1981 TO 2010
CLIMATE RECORD PERIOD 1916 TO 2017


WEATHER ITEM   OBSERVED TIME   RECORD YEAR NORMAL DEPARTURE LAST
                VALUE   (LST)  VALUE       VALUE  FROM      YEAR
                                                  NORMAL
..................................................................
TEMPERATURE (F)
 YESTERDAY
  MAXIMUM         65    223 PM  74    1977  53     12       46
  MINIMUM         24    738 AM   7    1916  23      1       24
  AVERAGE         45                        38      7       35

PRECIPITATION (IN)
  YESTERDAY        0.00          2.08 2007   0.05  -0.05     0.04
  MONTH TO DATE    0.46                      0.64  -0.18     2.70
  SINCE OCT 1      0.46                      0.64  -0.18     2.70
  SINCE JAN 1     20.51                     12.85   7.66    13.69

SNOWFALL (IN)
  YESTERDAY       MM
  MONTH TO DATE    0.0
  SINCE SEP 1      0.0
  SINCE JUL 1      0.0
  SNOW DEPTH      MM

DEGREE DAYS
 HEATING
  YESTERDAY       20                        27     -7       30
  MONTH TO DATE  542                       459     83      484
  SINCE SEP 1    975                       980     -5      942
  SINCE JUL 1   1190                      1500   -310     1420

 COOLING
  YESTERDAY        0                         0      0        0
  MONTH TO DATE    0                         0      0        0
  SINCE SEP 1      0                         0      0        0
  SINCE JAN 1     25                         3     22        4
..................................................................


WIND (MPH)
  HIGHEST WIND SPEED    18   HIGHEST WIND DIRECTION     S (180)
  HIGHEST GUST SPEED    26   HIGHEST GUST DIRECTION    SW (210)
  AVERAGE WIND SPEED     5.4


SKY COVER
  POSSIBLE SUNSHINE  MM
  AVERAGE SKY COVER 0.0


WEATHER CONDITIONS
 THE FOLLOWING WEATHER WAS RECORDED YESTERDAY.
  NO SIGNIFICANT WEATHER WAS OBSERVED.


RELATIVE HUMIDITY (PERCENT)
 HIGHEST    81           500 AM
 LOWEST      9          1200 PM
 AVERAGE    45

..........................................................


THE STANLEY ID CLIMATE NORMALS FOR TODAY
                         NORMAL    RECORD    YEAR
 MAXIMUM TEMPERATURE (F)   52        72      1921
 MINIMUM TEMPERATURE (F)   22         8      1996


SUNRISE AND SUNSET
OCTOBER 20 2017.......SUNRISE   801 AM MDT   SUNSET   647 PM MDT
OCTOBER 21 2017.......SUNRISE   803 AM MDT   SUNSET   645 PM MDT


-  INDICATES NEGATIVE NUMBERS.
R  INDICATES RECORD WAS SET OR TIED.
MM INDICATES DATA IS MISSING.
T  INDICATES TRACE AMOUNT.




$$
