000
CDUS45 KPIH 300733
CLISNT


CLIMATE REPORT
NATIONAL WEATHER SERVICE POCATELLO ID
128 AM MDT SAT APR 30 2016


...................................

...THE STANLEY ID CLIMATE SUMMARY FOR APRIL 29 2016...

CLIMATE NORMAL PERIOD 1981 TO 2010
CLIMATE RECORD PERIOD 1916 TO 2016


WEATHER ITEM   OBSERVED TIME   RECORD YEAR NORMAL DEPARTURE LAST
                VALUE   (LST)  VALUE       VALUE  FROM      YEAR
                                                  NORMAL
..................................................................
TEMPERATURE (F)
 YESTERDAY
  MAXIMUM         52    415 PM  77    1987  52      0       66
  MINIMUM         31   1253 AM   5    2011  23      8       27
  AVERAGE         42                        38      4       47

PRECIPITATION (IN)
  YESTERDAY        0.04          0.40 1995   0.05  -0.01     0.00
  MONTH TO DATE    1.22                      1.67  -0.45     1.07
  SINCE OCT 1     15.42                     11.64   3.78    12.25
  SINCE JAN 1      7.85                      6.79   1.06     5.54

SNOWFALL (IN)
  YESTERDAY       MM
  MONTH TO DATE   MM
  SINCE MAR 1     MM
  SINCE JUL 1     MM
  SNOW DEPTH      MM

DEGREE DAYS
 HEATING
  YESTERDAY       23                        27     -4       18
  MONTH TO DATE  715                       916   -201      809
  SINCE MAR 1   1791                      2100   -309     1745
  SINCE JUL 1   8741                      9634   -893     8123

 COOLING
  YESTERDAY        0                         0      0        0
  MONTH TO DATE    0                         0      0        0
  SINCE MAR 1      0                         0      0        0
  SINCE JAN 1      0                         0      0        0
..................................................................


WIND (MPH)
  HIGHEST WIND SPEED    16   HIGHEST WIND DIRECTION    NW (330)
  HIGHEST GUST SPEED    24   HIGHEST GUST DIRECTION    NW (330)
  AVERAGE WIND SPEED     3.1


SKY COVER
  POSSIBLE SUNSHINE  MM
  AVERAGE SKY COVER 0.0


WEATHER CONDITIONS
 THE FOLLOWING WEATHER WAS RECORDED YESTERDAY.
  NO SIGNIFICANT WEATHER WAS OBSERVED.


RELATIVE HUMIDITY (PERCENT)
 HIGHEST    92           100 AM
 LOWEST     41           400 PM
 AVERAGE    67

..........................................................


THE STANLEY ID CLIMATE NORMALS FOR TODAY
                         NORMAL    RECORD    YEAR
 MAXIMUM TEMPERATURE (F)   53        75      1992
 MINIMUM TEMPERATURE (F)   24         9      2011
                                             1982


SUNRISE AND SUNSET
APRIL 30 2016.........SUNRISE   632 AM MDT   SUNSET   843 PM MDT
MAY  1 2016...........SUNRISE   630 AM MDT   SUNSET   844 PM MDT


-  INDICATES NEGATIVE NUMBERS.
R  INDICATES RECORD WAS SET OR TIED.
MM INDICATES DATA IS MISSING.
T  INDICATES TRACE AMOUNT.




$$
