000
CDUS45 KPIH 290730
CLISNT


CLIMATE REPORT
NATIONAL WEATHER SERVICE POCATELLO ID
129 AM MDT THU JUN 29 2017


...................................

...THE STANLEY ID CLIMATE SUMMARY FOR JUNE 28 2017...

CLIMATE NORMAL PERIOD 1981 TO 2010
CLIMATE RECORD PERIOD 1916 TO 2017


WEATHER ITEM   OBSERVED TIME   RECORD YEAR NORMAL DEPARTURE LAST
                VALUE   (LST)  VALUE       VALUE  FROM      YEAR
                                                  NORMAL
..................................................................
TEMPERATURE (F)
 YESTERDAY
  MAXIMUM         69    432 PM  93    2015  72     -3       88
  MINIMUM         39   1115 PM  24    1976  34      5       37
  AVERAGE         54                        53      1       63

PRECIPITATION (IN)
  YESTERDAY        0.21R         0.19 1991   0.04   0.17     0.00
  MONTH TO DATE    1.06                      1.31  -0.25     0.38
  SINCE OCT 1     27.75                     14.69  13.06    16.97
  SINCE JAN 1     16.42                      9.84   6.58     9.40

SNOWFALL (IN)
  YESTERDAY       MM
  MONTH TO DATE   MM
  SINCE JUN 1     MM
  SINCE JUL 1     MM
  SNOW DEPTH      MM

DEGREE DAYS
 HEATING
  YESTERDAY       11                        12     -1        2
  MONTH TO DATE  320                       431   -111      303
  SINCE JUN 1    320                       431   -111      303
  SINCE JUL 1  10123                     10773   -650     9680

 COOLING
  YESTERDAY        0                         0      0        0
  MONTH TO DATE    2                         0      2        0
  SINCE JUN 1      2                         0      2        0
  SINCE JAN 1      2                         0      2        0
..................................................................


WIND (MPH)
  HIGHEST WIND SPEED    15   HIGHEST WIND DIRECTION    SW (230)
  HIGHEST GUST SPEED    24   HIGHEST GUST DIRECTION     W (250)
  AVERAGE WIND SPEED     5.9


SKY COVER
  POSSIBLE SUNSHINE  MM
  AVERAGE SKY COVER 0.0


WEATHER CONDITIONS
 THE FOLLOWING WEATHER WAS RECORDED YESTERDAY.
  NO SIGNIFICANT WEATHER WAS OBSERVED.


RELATIVE HUMIDITY (PERCENT)
 HIGHEST    93           500 AM
 LOWEST     14           500 PM
 AVERAGE    54

..........................................................


THE STANLEY ID CLIMATE NORMALS FOR TODAY
                         NORMAL    RECORD    YEAR
 MAXIMUM TEMPERATURE (F)   72        93      2015
 MINIMUM TEMPERATURE (F)   35        20      1924


SUNRISE AND SUNSET
JUNE 29 2017..........SUNRISE   559 AM MDT   SUNSET   927 PM MDT
JUNE 30 2017..........SUNRISE   600 AM MDT   SUNSET   927 PM MDT


-  INDICATES NEGATIVE NUMBERS.
R  INDICATES RECORD WAS SET OR TIED.
MM INDICATES DATA IS MISSING.
T  INDICATES TRACE AMOUNT.




$$
