000
CDUS45 KPIH 212332
CLISNT


CLIMATE REPORT
NATIONAL WEATHER SERVICE POCATELLO ID
431 PM MST TUE FEB 21 2017


...................................

...THE STANLEY ID CLIMATE SUMMARY FOR FEBRUARY 21 2017...
VALID TODAY AS OF 0400 PM LOCAL TIME.

CLIMATE NORMAL PERIOD 1981 TO 2010
CLIMATE RECORD PERIOD 1916 TO 2017


WEATHER ITEM   OBSERVED TIME   RECORD YEAR NORMAL DEPARTURE LAST
                VALUE   (LST)  VALUE       VALUE  FROM      YEAR
                                                  NORMAL
..................................................................
TEMPERATURE (F)
 TODAY
  MAXIMUM         38    749 AM  56    1977  35      3       38
  MINIMUM         28    359 PM -24    1975   5     23       -1
  AVERAGE         33                        20     13       19

PRECIPITATION (IN)
  TODAY            0.43          0.50 1993   0.05   0.38     0.00
  MONTH TO DATE    6.45                      1.34   5.11     1.03
  SINCE OCT 1     18.04                      7.71  10.33    11.05
  SINCE JAN 1      6.71                      2.86   3.85     3.48

SNOWFALL (IN)
  TODAY           MM
  MONTH TO DATE   MM
  SINCE DEC 1     MM
  SINCE JUL 1     MM
  SNOW DEPTH      MM

DEGREE DAYS
 HEATING
  TODAY           32                        45    -13       46
  MONTH TO DATE  777                      1000   -223      853
  SINCE DEC 1   4303                      4132    171     3846
  SINCE JUL 1   6920                      7229   -309     6618

 COOLING
  TODAY            0                         0      0        0
  MONTH TO DATE    0                         0      0        0
  SINCE DEC 1      0                         0      0        0
  SINCE JAN 1      0                         0      0        0
..................................................................


WIND (MPH)
  HIGHEST WIND SPEED    22   HIGHEST WIND DIRECTION    SW (230)
  HIGHEST GUST SPEED    40   HIGHEST GUST DIRECTION     W (260)
  AVERAGE WIND SPEED     8.9


SKY COVER
  POSSIBLE SUNSHINE  MM
  AVERAGE SKY COVER 0.0


WEATHER CONDITIONS
 THE FOLLOWING WEATHER WAS RECORDED TODAY.
  NO SIGNIFICANT WEATHER WAS OBSERVED.


RELATIVE HUMIDITY (PERCENT)
 HIGHEST   100           100 AM
 LOWEST     54           800 AM
 AVERAGE    77

..........................................................


THE STANLEY ID CLIMATE NORMALS FOR TOMORROW
                         NORMAL    RECORD    YEAR
 MAXIMUM TEMPERATURE (F)   36        50      2002
 MINIMUM TEMPERATURE (F)    5       -32      1975


SUNRISE AND SUNSET
FEBRUARY 21 2017......SUNRISE   729 AM MST   SUNSET   618 PM MST
FEBRUARY 22 2017......SUNRISE   728 AM MST   SUNSET   619 PM MST


-  INDICATES NEGATIVE NUMBERS.
R  INDICATES RECORD WAS SET OR TIED.
MM INDICATES DATA IS MISSING.
T  INDICATES TRACE AMOUNT.




$$
