000
CDUS45 KPIH 290730
CLISNT


CLIMATE REPORT
NATIONAL WEATHER SERVICE POCATELLO ID
130 AM MDT SUN MAR 29 2015


...................................

...THE STANLEY ID CLIMATE SUMMARY FOR MARCH 28 2015...

CLIMATE NORMAL PERIOD 1981 TO 2010
CLIMATE RECORD PERIOD 1916 TO 2015


WEATHER ITEM   OBSERVED TIME   RECORD YEAR NORMAL DEPARTURE LAST
                VALUE   (LST)  VALUE       VALUE  FROM      YEAR
                                                  NORMAL
..................................................................
TEMPERATURE (F)
 YESTERDAY
  MAXIMUM         50    708 AM  62    1978  43      7       38
  MINIMUM         25   1159 PM -28    1975  16      9       20
  AVERAGE         38                        29      9       29

PRECIPITATION (IN)
  YESTERDAY        0.11          0.40 2005   0.06   0.05     0.01
  MONTH TO DATE    1.07                      1.61  -0.54     2.31
  SINCE OCT 1     11.05                      9.77   1.28    12.46
  SINCE JAN 1      4.34                      4.92  -0.58     8.85

SNOWFALL (IN)
  YESTERDAY       MM
  MONTH TO DATE   MM
  SINCE MAR 1     MM
  SINCE JUL 1     MM
  SNOW DEPTH      MM

DEGREE DAYS
 HEATING
  YESTERDAY       27                        36     -9       36
  MONTH TO DATE  868                      1078   -210     1031
  SINCE MAR 1    868                      1078   -210     1031
  SINCE JUL 1   7246                      8612  -1366     8199

 COOLING
  YESTERDAY        0                         0      0        0
  MONTH TO DATE    0                         0      0        0
  SINCE MAR 1      0                         0      0        0
  SINCE JAN 1      0                         0      0        0
..................................................................


WIND (MPH)
  HIGHEST WIND SPEED    16   HIGHEST WIND DIRECTION    NW (300)
  HIGHEST GUST SPEED    22   HIGHEST GUST DIRECTION    NW (320)
  AVERAGE WIND SPEED     6.5


SKY COVER
  POSSIBLE SUNSHINE  MM
  AVERAGE SKY COVER 0.0


WEATHER CONDITIONS
 THE FOLLOWING WEATHER WAS RECORDED YESTERDAY.
  NO SIGNIFICANT WEATHER WAS OBSERVED.


RELATIVE HUMIDITY (PERCENT)
 HIGHEST    85           200 AM
 LOWEST     37           200 PM
 AVERAGE    61

..........................................................


THE STANLEY ID CLIMATE NORMALS FOR TODAY
                         NORMAL    RECORD    YEAR
 MAXIMUM TEMPERATURE (F)   43        61      1923
 MINIMUM TEMPERATURE (F)   16        -7      1987


SUNRISE AND SUNSET
MARCH 29 2015.........SUNRISE   727 AM MDT   SUNSET   803 PM MDT
MARCH 30 2015.........SUNRISE   725 AM MDT   SUNSET   804 PM MDT


-  INDICATES NEGATIVE NUMBERS.
R  INDICATES RECORD WAS SET OR TIED.
MM INDICATES DATA IS MISSING.
T  INDICATES TRACE AMOUNT.




$$
