000
CDUS45 KPIH 252335
CLISNT


CLIMATE REPORT
NATIONAL WEATHER SERVICE POCATELLO ID
432 PM MST SUN JAN 25 2015


...................................

...THE STANLEY ID CLIMATE SUMMARY FOR JANUARY 25 2015...
VALID TODAY AS OF 0400 PM LOCAL TIME.

CLIMATE NORMAL PERIOD 1981 TO 2010
CLIMATE RECORD PERIOD 1916 TO 2015


WEATHER ITEM   OBSERVED TIME   RECORD YEAR NORMAL DEPARTURE LAST
                VALUE   (LST)  VALUE       VALUE  FROM      YEAR
                                                  NORMAL
..................................................................
TEMPERATURE (F)
 TODAY
  MAXIMUM         47R   247 PM  42    1992  28     19       35
  MINIMUM         21    817 AM -32    1979   1     20       -2
  AVERAGE         34                        15     19       17

PRECIPITATION (IN)
  TODAY            0.00          0.54 1920   0.04  -0.04     0.00
  MONTH TO DATE    1.39                      1.27   0.12     1.20
  SINCE OCT 1      8.10                      6.12   1.98     4.81
  SINCE JAN 1      1.39                      1.27   0.12     1.20

SNOWFALL (IN)
  TODAY           MM
  MONTH TO DATE   MM
  SINCE DEC 1     MM
  SINCE JUL 1     MM
  SNOW DEPTH      MM

DEGREE DAYS
 HEATING
  TODAY           31                        50    -19       48
  MONTH TO DATE 1150                      1270   -120     1229
  SINCE DEC 1   2512                      2835   -323     2865
  SINCE JUL 1   5105                      5932   -827     5654

 COOLING
  TODAY            0                         0      0        0
  MONTH TO DATE    0                         0      0        0
  SINCE DEC 1      0                         0      0        0
  SINCE JAN 1      0                         0      0        0
..................................................................


WIND (MPH)
  HIGHEST WIND SPEED     9   HIGHEST WIND DIRECTION     E (110)
  HIGHEST GUST SPEED    14   HIGHEST GUST DIRECTION     E (110)
  AVERAGE WIND SPEED     2.6


SKY COVER
  POSSIBLE SUNSHINE  MM
  AVERAGE SKY COVER 0.0


WEATHER CONDITIONS
 THE FOLLOWING WEATHER WAS RECORDED TODAY.
  NO SIGNIFICANT WEATHER WAS OBSERVED.


RELATIVE HUMIDITY (PERCENT)
 HIGHEST    88           400 AM
 LOWEST     57           200 PM
 AVERAGE    73

..........................................................


THE STANLEY ID CLIMATE NORMALS FOR TOMORROW
                         NORMAL    RECORD    YEAR
 MAXIMUM TEMPERATURE (F)   28        50      1920
 MINIMUM TEMPERATURE (F)    1       -31      1979


SUNRISE AND SUNSET
JANUARY 25 2015.......SUNRISE   805 AM MST   SUNSET   540 PM MST
JANUARY 26 2015.......SUNRISE   804 AM MST   SUNSET   541 PM MST


-  INDICATES NEGATIVE NUMBERS.
R  INDICATES RECORD WAS SET OR TIED.
MM INDICATES DATA IS MISSING.
T  INDICATES TRACE AMOUNT.




$$
