000
CDUS45 KPIH 220730
CLISNT


CLIMATE REPORT
NATIONAL WEATHER SERVICE POCATELLO ID
129 AM MDT TUE JUL 22 2014


...................................

...THE STANLEY ID CLIMATE SUMMARY FOR JULY 21 2014...

CLIMATE NORMAL PERIOD 1981 TO 2010
CLIMATE RECORD PERIOD 1916 TO 2014


WEATHER ITEM   OBSERVED TIME   RECORD YEAR NORMAL DEPARTURE LAST
                VALUE   (LST)  VALUE       VALUE  FROM      YEAR
                                                  NORMAL
..................................................................
TEMPERATURE (F)
 YESTERDAY
  MAXIMUM         67    222 PM  93    2006  80    -13       86
  MINIMUM         53   1159 PM  24    1926  38     15       31
  AVERAGE         60                        59      1       59

PRECIPITATION (IN)
  YESTERDAY        0.03          0.27 1990   0.02   0.01     0.00
  MONTH TO DATE    0.11                      0.49  -0.38     0.28
  SINCE OCT 1     16.98                     15.26   1.72    14.40
  SINCE JAN 1     13.37                     10.41   2.96     6.21

SNOWFALL (IN)
  YESTERDAY       MM
  MONTH TO DATE   MM
  SINCE JUN 1     MM
  SINCE JUL 1     MM
  SNOW DEPTH      MM

DEGREE DAYS
 HEATING
  YESTERDAY        5                         6     -1        6
  MONTH TO DATE   62                       179   -117       89
  SINCE JUN 1    532                       633   -101      458
  SINCE JUL 1     62                       179   -117       89

 COOLING
  YESTERDAY        0                         0      0        0
  MONTH TO DATE   10                         0     10       16
  SINCE JUN 1     10                         0     10       19
  SINCE JAN 1     10                         0     10       19
..................................................................


WIND (MPH)
  HIGHEST WIND SPEED    16   HIGHEST WIND DIRECTION    SE (150)
  HIGHEST GUST SPEED    22   HIGHEST GUST DIRECTION     S (160)
  AVERAGE WIND SPEED     4.7


SKY COVER
  POSSIBLE SUNSHINE  MM
  AVERAGE SKY COVER 0.0


WEATHER CONDITIONS
 THE FOLLOWING WEATHER WAS RECORDED YESTERDAY.
  NO SIGNIFICANT WEATHER WAS OBSERVED.


RELATIVE HUMIDITY (PERCENT)
 HIGHEST   100           300 AM
 LOWEST     48           100 PM
 AVERAGE    74

..........................................................


THE STANLEY ID CLIMATE NORMALS FOR TODAY
                         NORMAL    RECORD    YEAR
 MAXIMUM TEMPERATURE (F)   80        93      2006
 MINIMUM TEMPERATURE (F)   38        27      1981


SUNRISE AND SUNSET
JULY 22 2014..........SUNRISE   617 AM MDT   SUNSET   915 PM MDT
JULY 23 2014..........SUNRISE   618 AM MDT   SUNSET   914 PM MDT


-  INDICATES NEGATIVE NUMBERS.
R  INDICATES RECORD WAS SET OR TIED.
MM INDICATES DATA IS MISSING.
T  INDICATES TRACE AMOUNT.




$$
