000
CDUS45 KCYS 252139
CLISNY


CLIMATE REPORT
NATIONAL WEATHER SERVICE CHEYENNE WY
339 PM MDT SAT OCT 25 2014


...................................

...THE SIDNEY NE AIRPORT CLIMATE SUMMARY FOR OCTOBER 25 2014...
VALID AS OF 0300 PM LOCAL TIME.

CLIMATE NORMAL PERIOD 1981 TO 2010
CLIMATE RECORD PERIOD 1948 TO 2014


WEATHER ITEM   OBSERVED TIME   RECORD YEAR NORMAL DEPARTURE LAST
                VALUE   (LST)  VALUE       VALUE  FROM      YEAR
                                                  NORMAL
..................................................................
TEMPERATURE (F)
 TODAY
  MAXIMUM         79    144 PM  81    2007  62     17       70
                                      1959
  MINIMUM         37    619 AM   8    1997  32      5       33
  AVERAGE         58                        47     11       52

PRECIPITATION (IN)
  TODAY            0.00          0.44 2011   0.02  -0.02     0.00
  MONTH TO DATE    0.83                      0.89  -0.06     1.23
  SINCE JAN 1     15.50                     17.30  -1.80    16.45

DEGREE DAYS
 HEATING
  TODAY            7                        18    -11       13
  MONTH TO DATE  271                       348    -77      432
  SINCE SEP 1    376                       477   -101      527
  SINCE JUL 1    388                       488   -100      536

 COOLING
  TODAY            0                         0      0        0
  MONTH TO DATE    0                         1     -1        0
  SINCE SEP 1     79                        85     -6      155
  SINCE JAN 1    637                       827   -190      918
..................................................................


WIND (MPH)
  HIGHEST WIND SPEED    14   HIGHEST WIND DIRECTION    NW (300)
  HIGHEST GUST SPEED    14   HIGHEST GUST DIRECTION    NW (310)
  AVERAGE WIND SPEED     7.1


SKY COVER
  AVERAGE SKY COVER 0.0


WEATHER CONDITIONS
 THE FOLLOWING WEATHER WAS RECORDED TODAY.
  NO SIGNIFICANT WEATHER WAS OBSERVED.


RELATIVE HUMIDITY (PERCENT)
 HIGHEST    70           400 AM
 LOWEST     20          1200 PM
 AVERAGE    45

..........................................................


THE SIDNEY NE AIRPORT CLIMATE NORMALS FOR TOMORROW
                         NORMAL    RECORD    YEAR
 MAXIMUM TEMPERATURE (F)   61        80      1950
 MINIMUM TEMPERATURE (F)   32         1      1997


SUNRISE AND SUNSET
OCTOBER 25 2014.......SUNRISE   715 AM MDT   SUNSET   557 PM MDT
OCTOBER 26 2014.......SUNRISE   716 AM MDT   SUNSET   555 PM MDT


-  INDICATES NEGATIVE NUMBERS.
R  INDICATES RECORD WAS SET OR TIED.
MM INDICATES DATA IS MISSING.
T  INDICATES TRACE AMOUNT.




$$
