000
CDUS45 KCYS 230740
CLISNY


CLIMATE REPORT
NATIONAL WEATHER SERVICE CHEYENNE WY
1239 AM MST SUN NOV 23 2014


...................................

...THE SIDNEY NE AIRPORT CLIMATE SUMMARY FOR NOVEMBER 22 2014...

CLIMATE NORMAL PERIOD 1981 TO 2010
CLIMATE RECORD PERIOD 1948 TO 2014


WEATHER ITEM   OBSERVED TIME   RECORD YEAR NORMAL DEPARTURE LAST
                VALUE   (LST)  VALUE       VALUE  FROM      YEAR
                                                  NORMAL
..................................................................
TEMPERATURE (F)
 YESTERDAY
  MAXIMUM         63    205 PM  74    1998  48     15       33
                                      1974
  MINIMUM         23    419 AM -10    1985  22      1        5
  AVERAGE         43                        35      8       19

PRECIPITATION (IN)
  YESTERDAY        0.00          0.18 1952   0.02  -0.02     0.00
  MONTH TO DATE    0.35                      0.43  -0.08     0.45
  SINCE JAN 1     15.88                     17.86  -1.98    16.92

DEGREE DAYS
 HEATING
  YESTERDAY       22                        30     -8       46
  MONTH TO DATE  728                       562    166      571
  SINCE SEP 1   1222                      1154     68     1223
  SINCE JUL 1   1234                      1165     69     1232

 COOLING
  YESTERDAY        0                         0      0        0
  MONTH TO DATE    0                         0      0        0
  SINCE SEP 1     79                        88     -9      155
  SINCE JAN 1    637                       830   -193      918
..................................................................


WIND (MPH)
  HIGHEST WIND SPEED    22   HIGHEST WIND DIRECTION    NW (310)
  HIGHEST GUST SPEED    28   HIGHEST GUST DIRECTION    NW (310)
  AVERAGE WIND SPEED    10.3


SKY COVER
  AVERAGE SKY COVER 0.1


WEATHER CONDITIONS
 THE FOLLOWING WEATHER WAS RECORDED YESTERDAY.
  NO SIGNIFICANT WEATHER WAS OBSERVED.


RELATIVE HUMIDITY (PERCENT)
 HIGHEST    75          1200 AM
 LOWEST     19           200 PM
 AVERAGE    47

..........................................................


THE SIDNEY NE AIRPORT CLIMATE NORMALS FOR TODAY
                         NORMAL    RECORD    YEAR
 MAXIMUM TEMPERATURE (F)   47        67      2011
                                             1974
 MINIMUM TEMPERATURE (F)   21        -6      1952


SUNRISE AND SUNSET
NOVEMBER 23 2014......SUNRISE   649 AM MST   SUNSET   427 PM MST
NOVEMBER 24 2014......SUNRISE   650 AM MST   SUNSET   427 PM MST


-  INDICATES NEGATIVE NUMBERS.
R  INDICATES RECORD WAS SET OR TIED.
MM INDICATES DATA IS MISSING.
T  INDICATES TRACE AMOUNT.




$$
