000
CDUS45 KCYS 280732
CLISNY


CLIMATE REPORT
NATIONAL WEATHER SERVICE CHEYENNE WY
1232 AM MST FRI NOV 28 2014


...................................

...THE SIDNEY NE AIRPORT CLIMATE SUMMARY FOR NOVEMBER 27 2014...

CLIMATE NORMAL PERIOD 1981 TO 2010
CLIMATE RECORD PERIOD 1948 TO 2014


WEATHER ITEM   OBSERVED TIME   RECORD YEAR NORMAL DEPARTURE LAST
                VALUE   (LST)  VALUE       VALUE  FROM      YEAR
                                                  NORMAL
..................................................................
TEMPERATURE (F)
 YESTERDAY
  MAXIMUM         48    214 PM  75    1998  45      3       60
  MINIMUM         13    300 AM -12    1952  20     -7       18
  AVERAGE         31                        32     -1       39

PRECIPITATION (IN)
  YESTERDAY        0.00          1.15 1983   0.02  -0.02     0.00
  MONTH TO DATE    0.43                      0.52  -0.09     0.45
  SINCE JAN 1     15.96                     17.95  -1.99    16.92

DEGREE DAYS
 HEATING
  YESTERDAY       34                        33      1       26
  MONTH TO DATE  898                       721    177      748
  SINCE SEP 1   1392                      1313     79     1400
  SINCE JUL 1   1404                      1324     80     1409

 COOLING
  YESTERDAY        0                         0      0        0
  MONTH TO DATE    0                         0      0        0
  SINCE SEP 1     79                        88     -9      155
  SINCE JAN 1    637                       830   -193      918
..................................................................


WIND (MPH)
  HIGHEST WIND SPEED    14   HIGHEST WIND DIRECTION    SW (230)
  HIGHEST GUST SPEED    MM   HIGHEST GUST DIRECTION    MM
  AVERAGE WIND SPEED     9.7


SKY COVER
  AVERAGE SKY COVER 0.0


WEATHER CONDITIONS
 THE FOLLOWING WEATHER WAS RECORDED YESTERDAY.
  NO SIGNIFICANT WEATHER WAS OBSERVED.


RELATIVE HUMIDITY (PERCENT)
 HIGHEST     0          1200 AM
 LOWEST      0          1200 AM
 AVERAGE     0

..........................................................


THE SIDNEY NE AIRPORT CLIMATE NORMALS FOR TODAY
                         NORMAL    RECORD    YEAR
 MAXIMUM TEMPERATURE (F)   45        62      2012
                                             2011
                                             1998
 MINIMUM TEMPERATURE (F)   19        -8      1952


SUNRISE AND SUNSET
NOVEMBER 28 2014......SUNRISE   655 AM MST   SUNSET   425 PM MST
NOVEMBER 29 2014......SUNRISE   656 AM MST   SUNSET   425 PM MST


-  INDICATES NEGATIVE NUMBERS.
R  INDICATES RECORD WAS SET OR TIED.
MM INDICATES DATA IS MISSING.
T  INDICATES TRACE AMOUNT.




$$
