000
CDUS45 KCYS 300735
CLISNY


CLIMATE REPORT
NATIONAL WEATHER SERVICE CHEYENNE WY
134 AM MDT WED JUL 30 2014


...................................

...THE SIDNEY NE AIRPORT CLIMATE SUMMARY FOR JULY 29 2014...

CLIMATE NORMAL PERIOD 1981 TO 2010
CLIMATE RECORD PERIOD 1948 TO 2014


WEATHER ITEM   OBSERVED TIME   RECORD YEAR NORMAL DEPARTURE LAST
                VALUE   (LST)  VALUE       VALUE  FROM      YEAR
                                                  NORMAL
..................................................................
TEMPERATURE (F)
 YESTERDAY
  MAXIMUM         85    141 PM  99    2006  90     -5       80
                                      2001
                                      1986
  MINIMUM         56    539 AM  44    1971  61     -5       58
  AVERAGE         71                        76     -5       69

PRECIPITATION (IN)
  YESTERDAY        0.10          1.67 1953   0.09   0.01     0.01
  MONTH TO DATE    0.31                      2.78  -2.47     1.45
  SINCE JAN 1      8.73                     12.72  -3.99     7.48

DEGREE DAYS
 HEATING
  YESTERDAY        0                         0      0        0
  MONTH TO DATE    9                         0      9        8
  SINCE JUN 1     64                        59      5       45
  SINCE JUL 1      9                         0      9        8

 COOLING
  YESTERDAY        6                        11     -5        4
  MONTH TO DATE  252                       299    -47      253
  SINCE JUN 1    320                       436   -116      421
  SINCE JAN 1    336                       458   -122      454
..................................................................


WIND (MPH)
  HIGHEST WIND SPEED    26   HIGHEST WIND DIRECTION    NE (50)
  HIGHEST GUST SPEED    32   HIGHEST GUST DIRECTION    NE (50)
  AVERAGE WIND SPEED     9.1


SKY COVER
  AVERAGE SKY COVER 0.3


WEATHER CONDITIONS
 THE FOLLOWING WEATHER WAS RECORDED YESTERDAY.
  THUNDERSTORM
  LIGHT RAIN
  FOG
  HAZE


RELATIVE HUMIDITY (PERCENT)
 HIGHEST    93           500 AM
 LOWEST     40           200 PM
 AVERAGE    67

..........................................................


THE SIDNEY NE AIRPORT CLIMATE NORMALS FOR TODAY
                         NORMAL    RECORD    YEAR
 MAXIMUM TEMPERATURE (F)   90       105      1980
 MINIMUM TEMPERATURE (F)   61        37      1971


SUNRISE AND SUNSET
JULY 30 2014..........SUNRISE   546 AM MDT   SUNSET   810 PM MDT
JULY 31 2014..........SUNRISE   547 AM MDT   SUNSET   809 PM MDT


-  INDICATES NEGATIVE NUMBERS.
R  INDICATES RECORD WAS SET OR TIED.
MM INDICATES DATA IS MISSING.
T  INDICATES TRACE AMOUNT.




$$
