000
CDUS45 KPUB 021027
CLISPD


CLIMATE REPORT
NATIONAL WEATHER SERVICE PUEBLO
427 AM MDT TUE JUN 2 2015


...................................

...THE SPRINGFIELD CO CLIMATE SUMMARY FOR JUNE 1 2015...

CLIMATE NORMAL PERIOD 1981 TO 2010
CLIMATE RECORD PERIOD 9999 TO 9999


WEATHER ITEM   OBSERVED TIME   NORMAL DEPARTURE LAST
                VALUE   (LST)  VALUE  FROM      YEAR
                                      NORMAL
......................................................
TEMPERATURE (F)
 YESTERDAY
  MAXIMUM         85    211 PM  81      4       95
  MINIMUM         55   1148 PM  52      3       60
  AVERAGE         70                            78

PRECIPITATION (IN)
  YESTERDAY        0.00          0.08  -0.08     0.00
  MONTH TO DATE    0.00          0.08  -0.08     0.00
  SINCE JUN 1      0.00          0.08  -0.08     0.00
  SINCE JAN 1      7.57          5.65   1.92     3.89

DEGREE DAYS
 HEATING
  YESTERDAY        0             2     -2        0
  MONTH TO DATE    0             2     -2        0
  SINCE JUN 1      0             2     -2        0
  SINCE JUL 1   5128          5264   -136     5298

 COOLING
  YESTERDAY        5             4      1       13
  MONTH TO DATE    5             4      1       13
  SINCE JUN 1      5             4      1       13
  SINCE JAN 1      6            58    -52       71
......................................................


WIND (MPH)
  HIGHEST WIND SPEED    24   HIGHEST WIND DIRECTION     S (180)
  HIGHEST GUST SPEED    29   HIGHEST GUST DIRECTION     S (180)
  AVERAGE WIND SPEED    10.2


SKY COVER
  POSSIBLE SUNSHINE  MM



RELATIVE HUMIDITY (PERCENT)
 HIGHEST   100           100 AM
 LOWEST     34          1100 AM
 AVERAGE    67

..........................................................


THE SPRINGFIELD CO CLIMATE NORMALS FOR TODAY
                         NORMAL    RECORD    YEAR
 MAXIMUM TEMPERATURE (F)   82        MM        MM
 MINIMUM TEMPERATURE (F)   53        MM        MM


SUNRISE AND SUNSET
JUNE  2 2015..........SUNRISE   531 AM MDT   SUNSET   806 PM MDT
JUNE  3 2015..........SUNRISE   531 AM MDT   SUNSET   806 PM MDT


-  INDICATES NEGATIVE NUMBERS.
R  INDICATES RECORD WAS SET OR TIED.
MM INDICATES DATA IS MISSING.
T  INDICATES TRACE AMOUNT.




$$
