000
CDUS45 KPUB 231035
CLISPD


CLIMATE REPORT
NATIONAL WEATHER SERVICE PUEBLO
433 AM MDT WED APR 23 2014


...................................

...THE SPRINGFIELD CO CLIMATE SUMMARY FOR APRIL 22 2014...

CLIMATE NORMAL PERIOD 1981 TO 2010
CLIMATE RECORD PERIOD 9999 TO 9999


WEATHER ITEM   OBSERVED TIME   NORMAL DEPARTURE LAST
                VALUE   (LST)  VALUE  FROM      YEAR
                                      NORMAL
......................................................
TEMPERATURE (F)
 YESTERDAY
  MAXIMUM         80    301 PM  69     11       75
  MINIMUM         43    148 AM  38      5       27
  AVERAGE         62                            51

PRECIPITATION (IN)
  YESTERDAY        0.00          0.04  -0.04     0.00
  MONTH TO DATE    0.70          0.93  -0.23     0.30
  SINCE MAR 1      1.07          2.06  -0.99     0.47
  SINCE JAN 1      1.40          2.87  -1.47     0.60

DEGREE DAYS
 HEATING
  YESTERDAY        3            12     -9       14
  MONTH TO DATE  324           324      0      446
  SINCE MAR 1   1036          1011     25     1127
  SINCE JUL 1   5033          5017     16     4904

 COOLING
  YESTERDAY        0             0      0        0
  MONTH TO DATE    4             0      4        0
  SINCE MAR 1      4             0      4        0
  SINCE JAN 1      4             0      4        0
......................................................


WIND (MPH)
  HIGHEST WIND SPEED    44   HIGHEST WIND DIRECTION    SW (210)
  HIGHEST GUST SPEED    60   HIGHEST GUST DIRECTION     S (190)
  AVERAGE WIND SPEED    19.0


SKY COVER
  POSSIBLE SUNSHINE  MM



RELATIVE HUMIDITY (PERCENT)
 HIGHEST    89           400 AM
 LOWEST     24           400 PM
 AVERAGE    57

..........................................................


THE SPRINGFIELD CO CLIMATE NORMALS FOR TODAY
                         NORMAL    RECORD    YEAR
 MAXIMUM TEMPERATURE (F)   69        MM        MM
 MINIMUM TEMPERATURE (F)   39        MM        MM


SUNRISE AND SUNSET
APRIL 23 2014.........SUNRISE   605 AM MDT   SUNSET   733 PM MDT
APRIL 24 2014.........SUNRISE   604 AM MDT   SUNSET   734 PM MDT


-  INDICATES NEGATIVE NUMBERS.
R  INDICATES RECORD WAS SET OR TIED.
MM INDICATES DATA IS MISSING.
T  INDICATES TRACE AMOUNT.




$$
