000
CDUS45 KPUB 231038
CLISPD


CLIMATE REPORT
NATIONAL WEATHER SERVICE PUEBLO
437 AM MDT THU MAR 23 2017


...................................

...THE SPRINGFIELD CO CLIMATE SUMMARY FOR MARCH 22 2017...

CLIMATE NORMAL PERIOD 1981 TO 2010
CLIMATE RECORD PERIOD 9999 TO 9999


WEATHER ITEM   OBSERVED TIME   NORMAL DEPARTURE LAST
                VALUE   (LST)  VALUE  FROM      YEAR
                                      NORMAL
......................................................
TEMPERATURE (F)
 YESTERDAY
  MAXIMUM         70    304 PM  60     10       82
  MINIMUM         36    334 AM  29      7       38
  AVERAGE         53                            60

PRECIPITATION (IN)
  YESTERDAY        0.00          0.04  -0.04     0.00
  MONTH TO DATE    0.00          0.73  -0.73     0.01
  SINCE MAR 1      0.00          0.73  -0.73     0.01
  SINCE JAN 1      0.19          1.54  -1.35     0.33

DEGREE DAYS
 HEATING
  YESTERDAY       12            20     -8        5
  MONTH TO DATE  358           515   -157      452
  SINCE MAR 1    358           515   -157      452
  SINCE JUL 1   3948          4521   -573     4128

 COOLING
  YESTERDAY        0             0      0        0
  MONTH TO DATE    0             0      0        0
  SINCE MAR 1      0             0      0        0
  SINCE JAN 1      0             0      0        0
......................................................


WIND (MPH)
  HIGHEST WIND SPEED    32   HIGHEST WIND DIRECTION     S (180)
  HIGHEST GUST SPEED    40   HIGHEST GUST DIRECTION     S (180)
  AVERAGE WIND SPEED    18.1


SKY COVER
  POSSIBLE SUNSHINE  MM



RELATIVE HUMIDITY (PERCENT)
 HIGHEST    92           500 AM
 LOWEST     37           300 PM
 AVERAGE    65

..........................................................


THE SPRINGFIELD CO CLIMATE NORMALS FOR TODAY
                         NORMAL    RECORD    YEAR
 MAXIMUM TEMPERATURE (F)   60        MM        MM
 MINIMUM TEMPERATURE (F)   30        MM        MM


SUNRISE AND SUNSET
MARCH 23 2017.........SUNRISE   649 AM MDT   SUNSET   705 PM MDT
MARCH 24 2017.........SUNRISE   648 AM MDT   SUNSET   706 PM MDT


-  INDICATES NEGATIVE NUMBERS.
R  INDICATES RECORD WAS SET OR TIED.
MM INDICATES DATA IS MISSING.
T  INDICATES TRACE AMOUNT.




$$
