000
CDUS45 KPUB 291029
CLISPD


CLIMATE REPORT
NATIONAL WEATHER SERVICE PUEBLO
429 AM MDT SUN MAR 29 2015


...................................

...THE SPRINGFIELD CO CLIMATE SUMMARY FOR MARCH 28 2015...

CLIMATE NORMAL PERIOD 1981 TO 2010
CLIMATE RECORD PERIOD 9999 TO 9999


WEATHER ITEM   OBSERVED TIME   NORMAL DEPARTURE LAST
                VALUE   (LST)  VALUE  FROM      YEAR
                                      NORMAL
......................................................
TEMPERATURE (F)
 YESTERDAY
  MAXIMUM         80    301 PM  62     18       60
  MINIMUM         42   1226 AM  31     11       26
  AVERAGE         61                            43

PRECIPITATION (IN)
  YESTERDAY        0.00          0.05  -0.05     0.00
  MONTH TO DATE    0.38          0.99  -0.61     0.37
  SINCE MAR 1      0.38          0.99  -0.61     0.37
  SINCE JAN 1      2.22          1.80   0.42     0.70

DEGREE DAYS
 HEATING
  YESTERDAY        4            19    -15       22
  MONTH TO DATE  580           632    -52      674
  SINCE MAR 1    580           632    -52      674
  SINCE JUL 1   4484          4638   -154     4671

 COOLING
  YESTERDAY        0             0      0        0
  MONTH TO DATE    0             0      0        0
  SINCE MAR 1      0             0      0        0
  SINCE JAN 1      0             0      0        0
......................................................


WIND (MPH)
  HIGHEST WIND SPEED    18   HIGHEST WIND DIRECTION    NW (320)
  HIGHEST GUST SPEED    24   HIGHEST GUST DIRECTION    NW (320)
  AVERAGE WIND SPEED    10.2


SKY COVER
  POSSIBLE SUNSHINE  MM



RELATIVE HUMIDITY (PERCENT)
 HIGHEST    67          1200 AM
 LOWEST     11           300 PM
 AVERAGE    39

..........................................................


THE SPRINGFIELD CO CLIMATE NORMALS FOR TODAY
                         NORMAL    RECORD    YEAR
 MAXIMUM TEMPERATURE (F)   62        MM        MM
 MINIMUM TEMPERATURE (F)   31        MM        MM


SUNRISE AND SUNSET
MARCH 29 2015.........SUNRISE   641 AM MDT   SUNSET   710 PM MDT
MARCH 30 2015.........SUNRISE   639 AM MDT   SUNSET   711 PM MDT


-  INDICATES NEGATIVE NUMBERS.
R  INDICATES RECORD WAS SET OR TIED.
MM INDICATES DATA IS MISSING.
T  INDICATES TRACE AMOUNT.




$$
