000
CDUS45 KPUB 251129
CLISPD


CLIMATE REPORT
NATIONAL WEATHER SERVICE PUEBLO
429 AM MST TUE NOV 25 2014


...................................

...THE SPRINGFIELD CO CLIMATE SUMMARY FOR NOVEMBER 24 2014...

CLIMATE NORMAL PERIOD 1981 TO 2010
CLIMATE RECORD PERIOD 9999 TO 9999


WEATHER ITEM   OBSERVED TIME   NORMAL DEPARTURE LAST
                VALUE   (LST)  VALUE  FROM      YEAR
                                      NORMAL
......................................................
TEMPERATURE (F)
 YESTERDAY
  MAXIMUM         46    250 PM  53     -7       29
  MINIMUM         22    638 AM  23     -1       15
  AVERAGE         34                            22

PRECIPITATION (IN)
  YESTERDAY        0.00          0.02  -0.02     0.09
  MONTH TO DATE    0.41          0.50  -0.09     0.75
  SINCE SEP 1      2.72          3.22  -0.50     4.51
  SINCE JAN 1     13.36         16.96  -3.60    14.25

DEGREE DAYS
 HEATING
  YESTERDAY       31            27      4       43
  MONTH TO DATE  652           530    122      514
  SINCE SEP 1    999           968     31      934
  SINCE JUL 1   1005           975     30      935

 COOLING
  YESTERDAY        0             0      0        0
  MONTH TO DATE    0             0      0        0
  SINCE SEP 1    127           127      0      194
  SINCE JAN 1   1042          1028     14     1358
......................................................


WIND (MPH)
  HIGHEST WIND SPEED    24   HIGHEST WIND DIRECTION     N (350)
  HIGHEST GUST SPEED    30   HIGHEST GUST DIRECTION    NW (300)
  AVERAGE WIND SPEED    13.7


SKY COVER
  POSSIBLE SUNSHINE  MM



RELATIVE HUMIDITY (PERCENT)
 HIGHEST    88           200 AM
 LOWEST     19           200 PM
 AVERAGE    54

..........................................................


THE SPRINGFIELD CO CLIMATE NORMALS FOR TODAY
                         NORMAL    RECORD    YEAR
 MAXIMUM TEMPERATURE (F)   53        MM        MM
 MINIMUM TEMPERATURE (F)   23        MM        MM


SUNRISE AND SUNSET
NOVEMBER 25 2014......SUNRISE   640 AM MST   SUNSET   435 PM MST
NOVEMBER 26 2014......SUNRISE   641 AM MST   SUNSET   434 PM MST


-  INDICATES NEGATIVE NUMBERS.
R  INDICATES RECORD WAS SET OR TIED.
MM INDICATES DATA IS MISSING.
T  INDICATES TRACE AMOUNT.




$$
