000
CDUS45 KPUB 291046
CLISPD


CLIMATE REPORT
NATIONAL WEATHER SERVICE PUEBLO
446 AM MDT FRI APR 29 2016


...................................

...THE SPRINGFIELD CO CLIMATE SUMMARY FOR APRIL 28 2016...

CLIMATE NORMAL PERIOD 1981 TO 2010
CLIMATE RECORD PERIOD 9999 TO 9999


WEATHER ITEM   OBSERVED TIME   NORMAL DEPARTURE LAST
                VALUE   (LST)  VALUE  FROM      YEAR
                                      NORMAL
......................................................
TEMPERATURE (F)
 YESTERDAY
  MAXIMUM         55    432 PM  70    -15       62
  MINIMUM         34    243 AM  40     -6       33
  AVERAGE         45                            48

PRECIPITATION (IN)
  YESTERDAY       MM             0.04  MM        0.00
  MONTH TO DATE    0.40          1.19  -0.79     0.85
  SINCE MAR 1      0.46          2.32  -1.86     1.23
  SINCE JAN 1      0.78          3.13  -2.35     3.07

DEGREE DAYS
 HEATING
  YESTERDAY       20            10     10       17
  MONTH TO DATE  374           388    -14      367
  SINCE MAR 1   1019          1075    -56      974
  SINCE JUL 1   4695          5081   -386     4878

 COOLING
  YESTERDAY        0             0      0        0
  MONTH TO DATE    0             0      0        0
  SINCE MAR 1      0             0      0        0
  SINCE JAN 1      0             0      0        0
......................................................


WIND (MPH)
  HIGHEST WIND SPEED    26   HIGHEST WIND DIRECTION    NE (50)
  HIGHEST GUST SPEED    34   HIGHEST GUST DIRECTION    NE (50)
  AVERAGE WIND SPEED    14.1


SKY COVER
  POSSIBLE SUNSHINE  MM



RELATIVE HUMIDITY (PERCENT)
 HIGHEST    89          1000 PM
 LOWEST     50           200 PM
 AVERAGE    70

..........................................................


THE SPRINGFIELD CO CLIMATE NORMALS FOR TODAY
                         NORMAL    RECORD    YEAR
 MAXIMUM TEMPERATURE (F)   71        MM        MM
 MINIMUM TEMPERATURE (F)   41        MM        MM


SUNRISE AND SUNSET
APRIL 29 2016.........SUNRISE   557 AM MDT   SUNSET   739 PM MDT
APRIL 30 2016.........SUNRISE   556 AM MDT   SUNSET   740 PM MDT


-  INDICATES NEGATIVE NUMBERS.
R  INDICATES RECORD WAS SET OR TIED.
MM INDICATES DATA IS MISSING.
T  INDICATES TRACE AMOUNT.




$$
