000
CDUS45 KPUB 311057
CLISPD


CLIMATE REPORT
NATIONAL WEATHER SERVICE PUEBLO
457 AM MDT MON AUG 31 2015


...................................

...THE SPRINGFIELD CO CLIMATE SUMMARY FOR AUGUST 30 2015...

CLIMATE NORMAL PERIOD 1981 TO 2010
CLIMATE RECORD PERIOD 9999 TO 9999


WEATHER ITEM   OBSERVED TIME   NORMAL DEPARTURE LAST
                VALUE   (LST)  VALUE  FROM      YEAR
                                      NORMAL
......................................................
TEMPERATURE (F)
 YESTERDAY
  MAXIMUM         92    302 PM  86      6       91
  MINIMUM         54    536 AM  58     -4       56
  AVERAGE         73                            74

PRECIPITATION (IN)
  YESTERDAY        0.00          0.07  -0.07     0.00
  MONTH TO DATE    1.12          2.78  -1.66     1.23
  SINCE JUN 1      5.20          8.11  -2.91     6.75
  SINCE JAN 1     12.77         13.68  -0.91    10.64

DEGREE DAYS
 HEATING
  YESTERDAY        0             0      0        0
  MONTH TO DATE    4             0      4        0
  SINCE JUN 1      4            23    -19       28
  SINCE JUL 1      4             2      2        6

 COOLING
  YESTERDAY        8             7      1        9
  MONTH TO DATE  317           283     34      308
  SINCE JUN 1    897           840     57      845
  SINCE JAN 1    898           894      4      903
......................................................


WIND (MPH)
  HIGHEST WIND SPEED    22   HIGHEST WIND DIRECTION     S (180)
  HIGHEST GUST SPEED    29   HIGHEST GUST DIRECTION     S (190)
  AVERAGE WIND SPEED    11.5


SKY COVER
  POSSIBLE SUNSHINE  MM



RELATIVE HUMIDITY (PERCENT)
 HIGHEST    72           100 AM
 LOWEST     72           100 AM
 AVERAGE    72

..........................................................


THE SPRINGFIELD CO CLIMATE NORMALS FOR TODAY
                         NORMAL    RECORD    YEAR
 MAXIMUM TEMPERATURE (F)   86        MM        MM
 MINIMUM TEMPERATURE (F)   58        MM        MM


SUNRISE AND SUNSET
AUGUST 31 2015........SUNRISE   620 AM MDT   SUNSET   721 PM MDT
SEPTEMBER  1 2015.....SUNRISE   621 AM MDT   SUNSET   719 PM MDT


-  INDICATES NEGATIVE NUMBERS.
R  INDICATES RECORD WAS SET OR TIED.
MM INDICATES DATA IS MISSING.
T  INDICATES TRACE AMOUNT.




$$
