000
CDUS45 KPUB 061147
CLISPD


CLIMATE REPORT
NATIONAL WEATHER SERVICE PUEBLO
447 AM MST FRI MAR 6 2015


...................................

...THE SPRINGFIELD CO CLIMATE SUMMARY FOR MARCH 5 2015...

CLIMATE NORMAL PERIOD 1981 TO 2010
CLIMATE RECORD PERIOD 9999 TO 9999


WEATHER ITEM   OBSERVED TIME   NORMAL DEPARTURE LAST
                VALUE   (LST)  VALUE  FROM      YEAR
                                      NORMAL
......................................................
TEMPERATURE (F)
 YESTERDAY
  MAXIMUM         45    349 PM  55    -10       54
  MINIMUM          4    501 AM  25    -21       29
  AVERAGE         25                            42

PRECIPITATION (IN)
  YESTERDAY        0.00          0.04  -0.04     0.00
  MONTH TO DATE    0.01          0.12  -0.11     0.07
  SINCE MAR 1      0.01          0.12  -0.11     0.07
  SINCE JAN 1      1.85          0.93   0.92     0.40

DEGREE DAYS
 HEATING
  YESTERDAY       40            25     15       23
  MONTH TO DATE  190           129     61      192
  SINCE MAR 1    190           129     61      192
  SINCE JUL 1   4094          4135    -41     4189

 COOLING
  YESTERDAY        0             0      0        0
  MONTH TO DATE    0             0      0        0
  SINCE MAR 1      0             0      0        0
  SINCE JAN 1      0             0      0        0
......................................................


WIND (MPH)
  HIGHEST WIND SPEED    18   HIGHEST WIND DIRECTION     S (190)
  HIGHEST GUST SPEED    21   HIGHEST GUST DIRECTION     S (200)
  AVERAGE WIND SPEED     9.1


SKY COVER
  POSSIBLE SUNSHINE  MM



RELATIVE HUMIDITY (PERCENT)
 HIGHEST    88           100 AM
 LOWEST     20           200 PM
 AVERAGE    54

..........................................................


THE SPRINGFIELD CO CLIMATE NORMALS FOR TODAY
                         NORMAL    RECORD    YEAR
 MAXIMUM TEMPERATURE (F)   55        MM        MM
 MINIMUM TEMPERATURE (F)   25        MM        MM


SUNRISE AND SUNSET
MARCH  6 2015.........SUNRISE   615 AM MST   SUNSET   549 PM MST
MARCH  7 2015.........SUNRISE   613 AM MST   SUNSET   550 PM MST


-  INDICATES NEGATIVE NUMBERS.
R  INDICATES RECORD WAS SET OR TIED.
MM INDICATES DATA IS MISSING.
T  INDICATES TRACE AMOUNT.




$$
