000
CDUS43 KILX 242232
CLISPI


CLIMATE REPORT
NATIONAL WEATHER SERVICE LINCOLN IL
432 PM CST TUE JAN 24 2017


...................................

...THE SPRINGFIELD IL CLIMATE SUMMARY FOR JANUARY 24 2017...
VALID TODAY AS OF 0400 PM LOCAL TIME.

CLIMATE NORMAL PERIOD 1981 TO 2010
CLIMATE RECORD PERIOD 1879 TO 2017


WEATHER ITEM   OBSERVED TIME   RECORD YEAR NORMAL DEPARTURE LAST
                VALUE   (LST)  VALUE       VALUE  FROM      YEAR
                                                  NORMAL
..................................................................
TEMPERATURE (F)
 TODAY
  MAXIMUM         47    159 PM  71    1950  35     12       40
  MINIMUM         37    742 AM -13    1894  19     18       23
  AVERAGE         42                        27     15       32

PRECIPITATION (IN)
  TODAY            T             0.74 1928   0.05  -0.05     0.00
  MONTH TO DATE    1.02                      1.44  -0.42     1.09
  SINCE DEC 1      1.93                      3.96  -2.03     7.65
  SINCE JAN 1      1.02                      1.44  -0.42     1.09

SNOWFALL (IN)
  TODAY            0.0           5.5  1894   0.2   -0.2      0.0
  MONTH TO DATE    0.9                       4.9   -4.0      6.7
  SINCE DEC 1      3.6                      10.5   -6.9      6.8
  SINCE JUL 1      3.6                      11.1   -7.5      7.3
  SNOW DEPTH       0

DEGREE DAYS
 HEATING
  TODAY           23                        38    -15       33
  MONTH TO DATE  737                       919   -182      933
  SINCE DEC 1   1785                      1991   -206     1625
  SINCE JUL 1   2436                      3059   -623     2395

 COOLING
  TODAY            0                         0      0        0
  MONTH TO DATE    0                         0      0        0
  SINCE DEC 1      0                         0      0        0
  SINCE JAN 1      0                         0      0        0
..................................................................


WIND (MPH)
  HIGHEST WIND SPEED    16   HIGHEST WIND DIRECTION     E (110)
  HIGHEST GUST SPEED    22   HIGHEST GUST DIRECTION    SE (140)
  AVERAGE WIND SPEED     5.6


SKY COVER
  POSSIBLE SUNSHINE  MM
  AVERAGE SKY COVER 0.9


WEATHER CONDITIONS
 THE FOLLOWING WEATHER WAS RECORDED TODAY.
  LIGHT RAIN


RELATIVE HUMIDITY (PERCENT)
 HIGHEST    85          1200 AM
 LOWEST     65           100 PM
 AVERAGE    75

..........................................................


THE SPRINGFIELD IL CLIMATE NORMALS FOR TOMORROW
                         NORMAL    RECORD    YEAR
 MAXIMUM TEMPERATURE (F)   35        70      1950
 MINIMUM TEMPERATURE (F)   19       -17      1894


SUNRISE AND SUNSET
JANUARY 24 2017.......SUNRISE   713 AM CST   SUNSET   509 PM CST
JANUARY 25 2017.......SUNRISE   712 AM CST   SUNSET   510 PM CST


-  INDICATES NEGATIVE NUMBERS.
R  INDICATES RECORD WAS SET OR TIED.
MM INDICATES DATA IS MISSING.
T  INDICATES TRACE AMOUNT.




$$
