000
CDUS43 KILX 220650
CLISPI


CLIMATE REPORT
NATIONAL WEATHER SERVICE LINCOLN IL
1250 AM CST WED FEB 22 2017


...................................

...THE SPRINGFIELD IL CLIMATE SUMMARY FOR FEBRUARY 21 2017...

CLIMATE NORMAL PERIOD 1981 TO 2010
CLIMATE RECORD PERIOD 1879 TO 2017


WEATHER ITEM   OBSERVED TIME   RECORD YEAR NORMAL DEPARTURE LAST
                VALUE   (LST)  VALUE       VALUE  FROM      YEAR
                                                  NORMAL
..................................................................
TEMPERATURE (F)
 YESTERDAY
  MAXIMUM         64    514 PM  69    1930  42     22       54
  MINIMUM         53   1128 PM  -6    1963  24     29       34
  AVERAGE         59                        33     26       44

PRECIPITATION (IN)
  YESTERDAY        0.14          1.12 1974   0.07   0.07      T
  MONTH TO DATE    0.31                      1.29  -0.98     0.88
  SINCE DEC 1      2.24                      5.63  -3.39     8.53
  SINCE JAN 1      1.33                      3.11  -1.78     1.97

SNOWFALL (IN)
  YESTERDAY        0.0           5.3  2013   0.2   -0.2      0.0
  MONTH TO DATE    2.1                       4.3   -2.2      5.7
  SINCE DEC 1      5.7                      16.3  -10.6     12.5
  SINCE JUL 1      5.7                      16.9  -11.2     13.0
  SNOW DEPTH       0

DEGREE DAYS
 HEATING
  YESTERDAY        6                        32    -26       21
  MONTH TO DATE  485                       734   -249      665
  SINCE DEC 1   2480                      2992   -512     2470
  SINCE JUL 1   3131                      4060   -929     3240

 COOLING
  YESTERDAY        0                         0      0        0
  MONTH TO DATE    0                         0      0        0
  SINCE DEC 1      0                         0      0        0
  SINCE JAN 1      0                         0      0        0
..................................................................


WIND (MPH)
  HIGHEST WIND SPEED    12   HIGHEST WIND DIRECTION     S (180)
  HIGHEST GUST SPEED    15   HIGHEST GUST DIRECTION     S (180)
  AVERAGE WIND SPEED     3.8


SKY COVER
  POSSIBLE SUNSHINE  MM
  AVERAGE SKY COVER 0.9


WEATHER CONDITIONS
 THE FOLLOWING WEATHER WAS RECORDED YESTERDAY.
  LIGHT RAIN
  FOG
  HAZE


RELATIVE HUMIDITY (PERCENT)
 HIGHEST    93           300 AM
 LOWEST     67          1200 AM
 AVERAGE    80

..........................................................


THE SPRINGFIELD IL CLIMATE NORMALS FOR TODAY
                         NORMAL    RECORD    YEAR
 MAXIMUM TEMPERATURE (F)   42        71      1922
 MINIMUM TEMPERATURE (F)   25        -7      1963


SUNRISE AND SUNSET
FEBRUARY 22 2017......SUNRISE   642 AM CST   SUNSET   543 PM CST
FEBRUARY 23 2017......SUNRISE   640 AM CST   SUNSET   544 PM CST


-  INDICATES NEGATIVE NUMBERS.
R  INDICATES RECORD WAS SET OR TIED.
MM INDICATES DATA IS MISSING.
T  INDICATES TRACE AMOUNT.




$$
