000
CDUS43 KILX 310643
CLISPI


CLIMATE REPORT
NATIONAL WEATHER SERVICE LINCOLN IL
142 AM CDT MON AUG 31 2015


...................................

...THE SPRINGFIELD IL CLIMATE SUMMARY FOR AUGUST 30 2015...

CLIMATE NORMAL PERIOD 1981 TO 2010
CLIMATE RECORD PERIOD 1879 TO 2015


WEATHER ITEM   OBSERVED TIME   RECORD YEAR NORMAL DEPARTURE LAST
                VALUE   (LST)  VALUE       VALUE  FROM      YEAR
                                                  NORMAL
..................................................................
TEMPERATURE (F)
 YESTERDAY
  MAXIMUM         88    434 PM  98    1947  84      4       86
  MINIMUM         64    546 AM  48    1986  61      3       73
  AVERAGE         76                        72      4       80

PRECIPITATION (IN)
  YESTERDAY        0.00          1.77 1965   0.10  -0.10      T
  MONTH TO DATE    1.57                      3.13  -1.56     6.64
  SINCE JUN 1     14.87                     11.53   3.34    18.04
  SINCE JAN 1     27.78                     25.54   2.24    32.33

SNOWFALL (IN)
  YESTERDAY        0.0           0.0    MM   0.0    0.0      0.0
  MONTH TO DATE    0.0                       0.0    0.0      0.0
  SINCE JUN 1      0.0                       0.0    0.0      0.0
  SINCE JUL 1      0.0                       0.0    0.0      0.0
  SNOW DEPTH       0

DEGREE DAYS
 HEATING
  YESTERDAY        0                         0      0        0
  MONTH TO DATE    2                         0      2        0
  SINCE JUN 1      9                        16     -7        3
  SINCE JUL 1      6                         1      5        3

 COOLING
  YESTERDAY       11                         8      3       15
  MONTH TO DATE  251                       283    -32      324
  SINCE JUN 1    913                       858     55      842
  SINCE JAN 1   1079                       962    117     1018
..................................................................


WIND (MPH)
  HIGHEST WIND SPEED     7   HIGHEST WIND DIRECTION    NW (330)
  HIGHEST GUST SPEED    11   HIGHEST GUST DIRECTION    NW (300)
  AVERAGE WIND SPEED     2.1


SKY COVER
  POSSIBLE SUNSHINE  MM
  AVERAGE SKY COVER 0.5


WEATHER CONDITIONS
 THE FOLLOWING WEATHER WAS RECORDED YESTERDAY.
  FOG


RELATIVE HUMIDITY (PERCENT)
 HIGHEST   100           600 AM
 LOWEST     55           200 PM
 AVERAGE    78

..........................................................


THE SPRINGFIELD IL CLIMATE NORMALS FOR TODAY
                         NORMAL    RECORD    YEAR
 MAXIMUM TEMPERATURE (F)   84        99      2011
                                             1943
 MINIMUM TEMPERATURE (F)   61        46      1967
                                             1915


SUNRISE AND SUNSET
AUGUST 31 2015........SUNRISE   625 AM CDT   SUNSET   732 PM CDT
SEPTEMBER  1 2015.....SUNRISE   626 AM CDT   SUNSET   730 PM CDT


-  INDICATES NEGATIVE NUMBERS.
R  INDICATES RECORD WAS SET OR TIED.
MM INDICATES DATA IS MISSING.
T  INDICATES TRACE AMOUNT.




$$
