000
CDUS43 KILX 280646
CLISPI


CLIMATE REPORT
NATIONAL WEATHER SERVICE LINCOLN IL
146 AM CDT THU MAY 28 2015


...................................

...THE SPRINGFIELD IL CLIMATE SUMMARY FOR MAY 27 2015...

CLIMATE NORMAL PERIOD 1981 TO 2010
CLIMATE RECORD PERIOD 1879 TO 2015


WEATHER ITEM   OBSERVED TIME   RECORD YEAR NORMAL DEPARTURE LAST
                VALUE   (LST)  VALUE       VALUE  FROM      YEAR
                                                  NORMAL
..................................................................
TEMPERATURE (F)
 YESTERDAY
  MAXIMUM         81    450 PM  94    1911  78      3       87
  MINIMUM         59   1150 PM  34    1992  56      3       67
  AVERAGE         70                        67      3       77

PRECIPITATION (IN)
  YESTERDAY        0.02          2.54 1888   0.14  -0.12      T
  MONTH TO DATE    3.67                      3.67   0.00     2.15
  SINCE MAR 1      7.35                      9.81  -2.46     8.25
  SINCE JAN 1     10.63                     13.44  -2.81    13.68

SNOWFALL (IN)
  YESTERDAY        0.0           0.0    MM   0.0    0.0      0.0
  MONTH TO DATE    0.0                       0.0    0.0      0.0
  SINCE MAR 1      3.7                       2.8    0.9      3.4
  SINCE JUL 1     33.9                      20.9   13.0     45.7
  SNOW DEPTH       0

DEGREE DAYS
 HEATING
  YESTERDAY        0                         2     -2        0
  MONTH TO DATE   70                       118    -48      115
  SINCE MAR 1   1085                      1192   -107     1259
  SINCE JUL 1   5654                      5463    191     6206

 COOLING
  YESTERDAY        5                         4      1       12
  MONTH TO DATE  137                        66     71      121
  SINCE MAR 1    147                        86     61      131
  SINCE JAN 1    147                        86     61      131
..................................................................


WIND (MPH)
  HIGHEST WIND SPEED    20   HIGHEST WIND DIRECTION     W (280)
  HIGHEST GUST SPEED    26   HIGHEST GUST DIRECTION     W (280)
  AVERAGE WIND SPEED     8.8


SKY COVER
  POSSIBLE SUNSHINE  MM
  AVERAGE SKY COVER 0.5


WEATHER CONDITIONS
 THE FOLLOWING WEATHER WAS RECORDED YESTERDAY.
  LIGHT RAIN


RELATIVE HUMIDITY (PERCENT)
 HIGHEST    90          1000 PM
 LOWEST     45           200 PM
 AVERAGE    68

..........................................................


THE SPRINGFIELD IL CLIMATE NORMALS FOR TODAY
                         NORMAL    RECORD    YEAR
 MAXIMUM TEMPERATURE (F)   78        94      2006
 MINIMUM TEMPERATURE (F)   57        40      1992


SUNRISE AND SUNSET
MAY 28 2015...........SUNRISE   535 AM CDT   SUNSET   818 PM CDT
MAY 29 2015...........SUNRISE   534 AM CDT   SUNSET   819 PM CDT


-  INDICATES NEGATIVE NUMBERS.
R  INDICATES RECORD WAS SET OR TIED.
MM INDICATES DATA IS MISSING.
T  INDICATES TRACE AMOUNT.




$$
