000
CDUS43 KILX 280648
CLISPI


CLIMATE REPORT
NATIONAL WEATHER SERVICE LINCOLN IL
1238 AM CST SAT FEB 28 2015


...................................

...THE SPRINGFIELD IL CLIMATE SUMMARY FOR FEBRUARY 27 2015...

CLIMATE NORMAL PERIOD 1981 TO 2010
CLIMATE RECORD PERIOD 1879 TO 2015


WEATHER ITEM   OBSERVED TIME   RECORD YEAR NORMAL DEPARTURE LAST
                VALUE   (LST)  VALUE       VALUE  FROM      YEAR
                                                  NORMAL
..................................................................
TEMPERATURE (F)
 YESTERDAY
  MAXIMUM         13    411 PM  72    1976  45    -32       24
  MINIMUM        -14R   639 AM  -3    1934  26    -40       10
                                      1888
  AVERAGE          0                        36    -36       17

PRECIPITATION (IN)
  YESTERDAY        0.00          1.52 1997   0.07  -0.07     0.00
  MONTH TO DATE    1.52                      1.73  -0.21     3.19
  SINCE DEC 1      4.87                      6.07  -1.20     7.03
  SINCE JAN 1      2.92                      3.55  -0.63     5.43

SNOWFALL (IN)
  YESTERDAY        0.0           6.6  1984   0.1   -0.1      0.0
  MONTH TO DATE   18.2                       5.3   12.9     16.0
  SINCE DEC 1     22.1                      17.3    4.8     41.6
  SINCE JUL 1     25.8                      17.9    7.9     42.3
  SNOW DEPTH       5

DEGREE DAYS
 HEATING
  YESTERDAY       65                        30     35       48
  MONTH TO DATE 1190                       917    273     1213
  SINCE DEC 1   3283                      3175    108     3727
  SINCE JUL 1   4519                      4243    276     4909

 COOLING
  YESTERDAY        0                         0      0        0
  MONTH TO DATE    0                         0      0        0
  SINCE DEC 1      0                         0      0        0
  SINCE JAN 1      0                         0      0        0
..................................................................


WIND (MPH)
  HIGHEST WIND SPEED    10   HIGHEST WIND DIRECTION    NW (310)
  HIGHEST GUST SPEED    13   HIGHEST GUST DIRECTION    NW (300)
  AVERAGE WIND SPEED     4.9


SKY COVER
  POSSIBLE SUNSHINE  MM
  AVERAGE SKY COVER 0.0


WEATHER CONDITIONS
 THE FOLLOWING WEATHER WAS RECORDED YESTERDAY.
  NO SIGNIFICANT WEATHER WAS OBSERVED.


RELATIVE HUMIDITY (PERCENT)
 HIGHEST    86           700 AM
 LOWEST     58           400 PM
 AVERAGE    72

..........................................................


THE SPRINGFIELD IL CLIMATE NORMALS FOR TODAY
                         NORMAL    RECORD    YEAR
 MAXIMUM TEMPERATURE (F)   45        68      1972
 MINIMUM TEMPERATURE (F)   27         1      1891


SUNRISE AND SUNSET
FEBRUARY 28 2015......SUNRISE   634 AM CST   SUNSET   549 PM CST
MARCH  1 2015.........SUNRISE   632 AM CST   SUNSET   550 PM CST


-  INDICATES NEGATIVE NUMBERS.
R  INDICATES RECORD WAS SET OR TIED.
MM INDICATES DATA IS MISSING.
T  INDICATES TRACE AMOUNT.




$$
