000
CDUS43 KILX 232141
CLISPI


CLIMATE REPORT
NATIONAL WEATHER SERVICE LINCOLN IL
431 PM CDT SAT SEP 23 2017


...................................

...THE SPRINGFIELD IL CLIMATE SUMMARY FOR SEPTEMBER 23 2017...
VALID TODAY AS OF 0400 PM LOCAL TIME.

CLIMATE NORMAL PERIOD 1981 TO 2010
CLIMATE RECORD PERIOD 1879 TO 2017


WEATHER ITEM   OBSERVED TIME   RECORD YEAR NORMAL DEPARTURE LAST
                VALUE   (LST)  VALUE       VALUE  FROM      YEAR
                                                  NORMAL
..................................................................
TEMPERATURE (F)
 TODAY
  MAXIMUM         95R   253 PM  93    2007  76     19       91
  MINIMUM         68    605 AM  32    1995  51     17       64
  AVERAGE         82                        64     18       78

PRECIPITATION (IN)
  TODAY            0.00          1.38 1984   0.09  -0.09     0.00
  MONTH TO DATE    0.01                      2.23  -2.22     1.45
  SINCE SEP 1      0.01                      2.23  -2.22     1.45
  SINCE JAN 1     25.05                     27.88  -2.83    37.30

SNOWFALL (IN)
  TODAY            0.0           0.0    MM   0.0    0.0      0.0
  MONTH TO DATE    0.0                       0.0    0.0      0.0
  SINCE SEP 1      0.0                       0.0    0.0      0.0
  SINCE JUL 1      0.0                       0.0    0.0      0.0
  SNOW DEPTH       0

DEGREE DAYS
 HEATING
  TODAY            0                         4     -4        0
  MONTH TO DATE   26                        40    -14        0
  SINCE SEP 1     26                        40    -14        0
  SINCE JUL 1     26                        45    -19        1

 COOLING
  TODAY           17                         3     14       13
  MONTH TO DATE  163                       113     50      229
  SINCE SEP 1    163                       113     50      229
  SINCE JAN 1   1275                      1083    192     1505
..................................................................


WIND (MPH)
  HIGHEST WIND SPEED    13   HIGHEST WIND DIRECTION    SE (130)
  HIGHEST GUST SPEED    16   HIGHEST GUST DIRECTION    SE (120)
  AVERAGE WIND SPEED     4.3


SKY COVER
  POSSIBLE SUNSHINE  MM
  AVERAGE SKY COVER 0.1


WEATHER CONDITIONS
 THE FOLLOWING WEATHER WAS RECORDED TODAY.
  NO SIGNIFICANT WEATHER WAS OBSERVED.


RELATIVE HUMIDITY (PERCENT)
 HIGHEST    87           400 AM
 LOWEST     31           300 PM
 AVERAGE    59

..........................................................


THE SPRINGFIELD IL CLIMATE NORMALS FOR TOMORROW
                         NORMAL    RECORD    YEAR
 MAXIMUM TEMPERATURE (F)   76        93      2007
                                             1891
 MINIMUM TEMPERATURE (F)   51        33      2012
                                             1989


SUNRISE AND SUNSET
SEPTEMBER 23 2017.....SUNRISE   647 AM CDT   SUNSET   654 PM CDT
SEPTEMBER 24 2017.....SUNRISE   648 AM CDT   SUNSET   652 PM CDT


-  INDICATES NEGATIVE NUMBERS.
R  INDICATES RECORD WAS SET OR TIED.
MM INDICATES DATA IS MISSING.
T  INDICATES TRACE AMOUNT.




$$
