000
CDUS43 KILX 290636
CLISPI


CLIMATE REPORT
NATIONAL WEATHER SERVICE LINCOLN IL
135 AM CDT WED JUL 29 2015


...................................

...THE SPRINGFIELD IL CLIMATE SUMMARY FOR JULY 28 2015...

CLIMATE NORMAL PERIOD 1981 TO 2010
CLIMATE RECORD PERIOD 1879 TO 2015


WEATHER ITEM   OBSERVED TIME   RECORD YEAR NORMAL DEPARTURE LAST
                VALUE   (LST)  VALUE       VALUE  FROM      YEAR
                                                  NORMAL
..................................................................
TEMPERATURE (F)
 YESTERDAY
  MAXIMUM         96    228 PM 104    1930  86     10       75
  MINIMUM         75    502 AM  48    2013  65     10       55
  AVERAGE         86                        75     11       65

PRECIPITATION (IN)
  YESTERDAY        0.00          2.33 1907   0.12  -0.12     0.00
  MONTH TO DATE    4.16                      3.60   0.56     2.53
  SINCE JUN 1     13.30                      8.06   5.24    11.40
  SINCE JAN 1     26.21                     22.07   4.14    25.69

SNOWFALL (IN)
  YESTERDAY        0.0           0.0    MM   0.0    0.0      0.0
  MONTH TO DATE    0.0                       0.0    0.0      0.0
  SINCE JUN 1      0.0                       0.0    0.0      0.0
  SINCE JUL 1      0.0                       0.0    0.0      0.0
  SNOW DEPTH       0

DEGREE DAYS
 HEATING
  YESTERDAY        0                         0      0        0
  MONTH TO DATE    4                         0      4        3
  SINCE JUN 1      7                        15     -8        3
  SINCE JUL 1      4                         0      4        3

 COOLING
  YESTERDAY       21                        10     11        0
  MONTH TO DATE  329                       306     23      200
  SINCE JUN 1    627                       546     81      506
  SINCE JAN 1    793                       650    143      682
..................................................................


WIND (MPH)
  HIGHEST WIND SPEED    18   HIGHEST WIND DIRECTION     E (80)
  HIGHEST GUST SPEED    20   HIGHEST GUST DIRECTION     E (80)
  AVERAGE WIND SPEED     4.5


SKY COVER
  POSSIBLE SUNSHINE  MM
  AVERAGE SKY COVER 0.1


WEATHER CONDITIONS
 THE FOLLOWING WEATHER WAS RECORDED YESTERDAY.
  FOG


RELATIVE HUMIDITY (PERCENT)
 HIGHEST    94           300 AM
 LOWEST     58           200 PM
 AVERAGE    76

..........................................................


THE SPRINGFIELD IL CLIMATE NORMALS FOR TODAY
                         NORMAL    RECORD    YEAR
 MAXIMUM TEMPERATURE (F)   86       103      1913
 MINIMUM TEMPERATURE (F)   65        50      2013


SUNRISE AND SUNSET
JULY 29 2015..........SUNRISE   555 AM CDT   SUNSET   815 PM CDT
JULY 30 2015..........SUNRISE   555 AM CDT   SUNSET   814 PM CDT


-  INDICATES NEGATIVE NUMBERS.
R  INDICATES RECORD WAS SET OR TIED.
MM INDICATES DATA IS MISSING.
T  INDICATES TRACE AMOUNT.




$$
