000
CDUS43 KILX 292148
CLISPI


CLIMATE REPORT
NATIONAL WEATHER SERVICE LINCOLN IL
438 PM CDT TUE JUL 29 2014


...................................

...THE SPRINGFIELD IL CLIMATE SUMMARY FOR JULY 29 2014...
VALID TODAY AS OF 0400 PM LOCAL TIME.

CLIMATE NORMAL PERIOD 1981 TO 2010
CLIMATE RECORD PERIOD 1879 TO 2014


WEATHER ITEM   OBSERVED TIME   RECORD YEAR NORMAL DEPARTURE LAST
                VALUE   (LST)  VALUE       VALUE  FROM      YEAR
                                                  NORMAL
..................................................................
TEMPERATURE (F)
 TODAY
  MAXIMUM         80    251 PM 103    1913  86     -6       79
  MINIMUM         52    454 AM  50    2013  65    -13       50
  AVERAGE         66                        75     -9       65

PRECIPITATION (IN)
  TODAY            0.00          1.32 1943   0.11  -0.11     0.00
  MONTH TO DATE    2.53                      3.71  -1.18     2.40
  SINCE JUN 1     11.40                      8.17   3.23     4.45
  SINCE JAN 1     25.69                     22.18   3.51    29.47

SNOWFALL (IN)
  TODAY            0.0           0.0    MM   0.0    0.0      0.0
  MONTH TO DATE    0.0                       0.0    0.0      0.0
  SINCE JUN 1      0.0                       0.0    0.0      0.0
  SINCE JUL 1      0.0                       0.0    0.0      0.0
  SNOW DEPTH       0

DEGREE DAYS
 HEATING
  TODAY            0                         0      0        0
  MONTH TO DATE    3                         0      3        6
  SINCE JUN 1      3                        15    -12       18
  SINCE JUL 1      3                         0      3        6

 COOLING
  TODAY            1                        10     -9        0
  MONTH TO DATE  201                       316   -115      281
  SINCE JUN 1    507                       556    -49      539
  SINCE JAN 1    683                       660     23      665
..................................................................


WIND (MPH)
  HIGHEST WIND SPEED    12   HIGHEST WIND DIRECTION     W (280)
  HIGHEST GUST SPEED    16   HIGHEST GUST DIRECTION     W (280)
  AVERAGE WIND SPEED     5.2


SKY COVER
  POSSIBLE SUNSHINE  MM
  AVERAGE SKY COVER 0.0


WEATHER CONDITIONS
 THE FOLLOWING WEATHER WAS RECORDED TODAY.
  NO SIGNIFICANT WEATHER WAS OBSERVED.


RELATIVE HUMIDITY (PERCENT)
 HIGHEST    96           500 AM
 LOWEST     45           100 PM
 AVERAGE    71

..........................................................


THE SPRINGFIELD IL CLIMATE NORMALS FOR TOMORROW
                         NORMAL    RECORD    YEAR
 MAXIMUM TEMPERATURE (F)   86       101      1931
                                             1916
                                             1913
 MINIMUM TEMPERATURE (F)   65        52      1971


SUNRISE AND SUNSET
JULY 29 2014..........SUNRISE   555 AM CDT   SUNSET   815 PM CDT
JULY 30 2014..........SUNRISE   556 AM CDT   SUNSET   814 PM CDT


-  INDICATES NEGATIVE NUMBERS.
R  INDICATES RECORD WAS SET OR TIED.
MM INDICATES DATA IS MISSING.
T  INDICATES TRACE AMOUNT.




$$
