000
CDUS43 KILX 250636
CLISPI


CLIMATE REPORT
NATIONAL WEATHER SERVICE LINCOLN IL
136 AM CDT THU MAY 25 2017


...................................

...THE SPRINGFIELD IL CLIMATE SUMMARY FOR MAY 24 2017...

CLIMATE NORMAL PERIOD 1981 TO 2010
CLIMATE RECORD PERIOD 1879 TO 2017


WEATHER ITEM   OBSERVED TIME   RECORD YEAR NORMAL DEPARTURE LAST
                VALUE   (LST)  VALUE       VALUE  FROM      YEAR
                                                  NORMAL
..................................................................
TEMPERATURE (F)
 YESTERDAY
  MAXIMUM         68    239 PM  94    1939  77     -9       85
  MINIMUM         52    530 AM  37    1925  55     -3       60
  AVERAGE         60                        66     -6       73

PRECIPITATION (IN)
  YESTERDAY        0.12          2.07 1994   0.14  -0.02     0.00
  MONTH TO DATE    4.05                      3.24   0.81     1.92
  SINCE MAR 1     15.23                      9.38   5.85    10.28
  SINCE JAN 1     16.70                     13.01   3.69    12.61

SNOWFALL (IN)
  YESTERDAY        0.0           0.0    MM   0.0    0.0      0.0
  MONTH TO DATE    0.0                       0.0    0.0      0.0
  SINCE MAR 1      4.6                       2.8    1.8      0.1
  SINCE JUL 1     10.3                      20.9  -10.6     15.7
  SNOW DEPTH       0

DEGREE DAYS
 HEATING
  YESTERDAY        5                         3      2        0
  MONTH TO DATE  110                       112     -2      119
  SINCE MAR 1    909                      1186   -277      891
  SINCE JUL 1   4164                      5457  -1293     4317

 COOLING
  YESTERDAY        0                         4     -4        8
  MONTH TO DATE   73                        54     19       33
  SINCE MAR 1    110                        74     36       53
  SINCE JAN 1    110                        74     36       53
..................................................................


WIND (MPH)
  HIGHEST WIND SPEED    16   HIGHEST WIND DIRECTION     N (340)
  HIGHEST GUST SPEED    21   HIGHEST GUST DIRECTION    NW (330)
  AVERAGE WIND SPEED     9.3


SKY COVER
  POSSIBLE SUNSHINE  MM
  AVERAGE SKY COVER 0.6


WEATHER CONDITIONS
 THE FOLLOWING WEATHER WAS RECORDED YESTERDAY.
  HEAVY RAIN
  LIGHT RAIN
  FOG


RELATIVE HUMIDITY (PERCENT)
 HIGHEST   100           300 AM
 LOWEST     63           100 PM
 AVERAGE    82

..........................................................


THE SPRINGFIELD IL CLIMATE NORMALS FOR TODAY
                         NORMAL    RECORD    YEAR
 MAXIMUM TEMPERATURE (F)   77        95      1967
 MINIMUM TEMPERATURE (F)   56        35      1925


SUNRISE AND SUNSET
MAY 25 2017...........SUNRISE   536 AM CDT   SUNSET   816 PM CDT
MAY 26 2017...........SUNRISE   535 AM CDT   SUNSET   817 PM CDT


-  INDICATES NEGATIVE NUMBERS.
R  INDICATES RECORD WAS SET OR TIED.
MM INDICATES DATA IS MISSING.
T  INDICATES TRACE AMOUNT.




$$
