817
CDUS43 KILX 080637
CLISPI


CLIMATE REPORT
NATIONAL WEATHER SERVICE LINCOLN IL
1237 AM CST MON FEB 8 2016


...................................

...THE SPRINGFIELD IL CLIMATE SUMMARY FOR FEBRUARY 7 2016...

CLIMATE NORMAL PERIOD 1981 TO 2010
CLIMATE RECORD PERIOD 1879 TO 2016


WEATHER ITEM   OBSERVED TIME   RECORD YEAR NORMAL DEPARTURE LAST
                VALUE   (LST)  VALUE       VALUE  FROM      YEAR
                                                  NORMAL
..................................................................
TEMPERATURE (F)
 YESTERDAY
  MAXIMUM         50   1140 AM  67    2009  37     13       57
  MINIMUM         33   1018 PM -13    2014  20     13       35
  AVERAGE         42                        29     13       46

PRECIPITATION (IN)
  YESTERDAY        T             1.13 1999   0.06  -0.06     0.00
  MONTH TO DATE    0.42                      0.39   0.03     0.47
  SINCE DEC 1      8.07                      4.73   3.34     3.82
  SINCE JAN 1      1.51                      2.21  -0.70     1.87

SNOWFALL (IN)
  YESTERDAY        0.0           1.6  1933   0.2   -0.2      0.0
  MONTH TO DATE    0.0                       1.5   -1.5      3.0
  SINCE DEC 1      6.8                      13.5   -6.7      6.9
  SINCE JUL 1      7.3                      14.1   -6.8     10.6
  SNOW DEPTH       0

DEGREE DAYS
 HEATING
  YESTERDAY       23                        36    -13       19
  MONTH TO DATE  191                       257    -66      275
  SINCE DEC 1   1996                      2515   -519     2368
  SINCE JUL 1   2766                      3583   -817     3604

 COOLING
  YESTERDAY        0                         0      0        0
  MONTH TO DATE    0                         0      0        0
  SINCE DEC 1      0                         0      0        0
  SINCE JAN 1      0                         0      0        0
..................................................................


WIND (MPH)
  HIGHEST WIND SPEED    25   HIGHEST WIND DIRECTION     W (260)
  HIGHEST GUST SPEED    32   HIGHEST GUST DIRECTION     W (270)
  AVERAGE WIND SPEED    12.9


SKY COVER
  POSSIBLE SUNSHINE  MM
  AVERAGE SKY COVER 0.2


WEATHER CONDITIONS
 THE FOLLOWING WEATHER WAS RECORDED YESTERDAY.
  LIGHT RAIN


RELATIVE HUMIDITY (PERCENT)
 HIGHEST    82          1100 PM
 LOWEST     50          1100 AM
 AVERAGE    66

..........................................................


THE SPRINGFIELD IL CLIMATE NORMALS FOR TODAY
                         NORMAL    RECORD    YEAR
 MAXIMUM TEMPERATURE (F)   38        65      2001
                                             1925
 MINIMUM TEMPERATURE (F)   21       -20      1895


SUNRISE AND SUNSET
FEBRUARY  8 2016......SUNRISE   700 AM CST   SUNSET   526 PM CST
FEBRUARY  9 2016......SUNRISE   659 AM CST   SUNSET   527 PM CST


-  INDICATES NEGATIVE NUMBERS.
R  INDICATES RECORD WAS SET OR TIED.
MM INDICATES DATA IS MISSING.
T  INDICATES TRACE AMOUNT.




$$
