000
CDUS43 KILX 302152
CLISPI


CLIMATE REPORT
NATIONAL WEATHER SERVICE LINCOLN IL
441 PM CDT MON MAR 30 2015


...................................

...THE SPRINGFIELD IL CLIMATE SUMMARY FOR MARCH 30 2015...
VALID TODAY AS OF 0400 PM LOCAL TIME.

CLIMATE NORMAL PERIOD 1981 TO 2010
CLIMATE RECORD PERIOD 1879 TO 2015


WEATHER ITEM   OBSERVED TIME   RECORD YEAR NORMAL DEPARTURE LAST
                VALUE   (LST)  VALUE       VALUE  FROM      YEAR
                                                  NORMAL
..................................................................
TEMPERATURE (F)
 TODAY
  MAXIMUM         69    259 PM  83    1986  58     11       61
                                      1895
  MINIMUM         32    400 AM  17    1964  37     -5       27
  AVERAGE         51                        48      3       44

PRECIPITATION (IN)
  TODAY            0.00          1.41 1926   0.10  -0.10     0.00
  MONTH TO DATE    1.56                      2.53  -0.97     1.79
  SINCE MAR 1      1.56                      2.53  -0.97     1.79
  SINCE JAN 1      4.84                      6.16  -1.32     7.22

SNOWFALL (IN)
  TODAY            0.0           6.0  1926   0.1   -0.1      0.0
  MONTH TO DATE    3.7                       2.5    1.2      3.3
  SINCE MAR 1      3.7                       2.5    1.2      3.3
  SINCE JUL 1     33.9                      20.6   13.3     45.6
  SNOW DEPTH       0

DEGREE DAYS
 HEATING
  TODAY           14                        18     -4       21
  MONTH TO DATE  744                       693     51      848
  SINCE MAR 1    744                       693     51      848
  SINCE JUL 1   5313                      4964    349     5795

 COOLING
  TODAY            0                         0      0        0
  MONTH TO DATE    0                         0      0        0
  SINCE MAR 1      0                         0      0        0
  SINCE JAN 1      0                         0      0        0
..................................................................


WIND (MPH)
  HIGHEST WIND SPEED    20   HIGHEST WIND DIRECTION     W (260)
  HIGHEST GUST SPEED    25   HIGHEST GUST DIRECTION     W (250)
  AVERAGE WIND SPEED    10.2


SKY COVER
  POSSIBLE SUNSHINE  MM
  AVERAGE SKY COVER 0.0


WEATHER CONDITIONS
 THE FOLLOWING WEATHER WAS RECORDED TODAY.
  NO SIGNIFICANT WEATHER WAS OBSERVED.


RELATIVE HUMIDITY (PERCENT)
 HIGHEST    79          1200 AM
 LOWEST     22           200 PM
 AVERAGE    51

..........................................................


THE SPRINGFIELD IL CLIMATE NORMALS FOR TOMORROW
                         NORMAL    RECORD    YEAR
 MAXIMUM TEMPERATURE (F)   59        87      1981
 MINIMUM TEMPERATURE (F)   37        15      1923


SUNRISE AND SUNSET
MARCH 30 2015.........SUNRISE   646 AM CDT   SUNSET   721 PM CDT
MARCH 31 2015.........SUNRISE   645 AM CDT   SUNSET   722 PM CDT


-  INDICATES NEGATIVE NUMBERS.
R  INDICATES RECORD WAS SET OR TIED.
MM INDICATES DATA IS MISSING.
T  INDICATES TRACE AMOUNT.




$$
