000
CDUS43 KILX 232255
CLISPI


CLIMATE REPORT
NATIONAL WEATHER SERVICE LINCOLN IL
444 PM CST THU NOV 23 2017


...................................

...THE SPRINGFIELD IL CLIMATE SUMMARY FOR NOVEMBER 23 2017...
VALID TODAY AS OF 0400 PM LOCAL TIME.

CLIMATE NORMAL PERIOD 1981 TO 2010
CLIMATE RECORD PERIOD 1879 TO 2017


WEATHER ITEM   OBSERVED TIME   RECORD YEAR NORMAL DEPARTURE LAST
                VALUE   (LST)  VALUE       VALUE  FROM      YEAR
                                                  NORMAL
..................................................................
TEMPERATURE (F)
 TODAY
  MAXIMUM         53    321 PM  72    1931  48      5       52
  MINIMUM         31    246 AM   0    1950  31      0       43
  AVERAGE         42                        39      3       48

PRECIPITATION (IN)
  TODAY            0.00          1.13 1927   0.12  -0.12     0.14
  MONTH TO DATE    0.71                      2.46  -1.75     1.47
  SINCE SEP 1      5.96                      8.51  -2.55     5.34
  SINCE JAN 1     31.00                     34.16  -3.16    41.19

SNOWFALL (IN)
  TODAY            0.0           1.5  1956   0.0    0.0      0.0
  MONTH TO DATE    T                         0.3   -0.3      0.0
  SINCE SEP 1      T                         0.3   -0.3      0.0
  SINCE JUL 1      T                         0.3   -0.3      0.0
  SNOW DEPTH       0

DEGREE DAYS
 HEATING
  TODAY           23                        26     -3       17
  MONTH TO DATE  491                       466     25      328
  SINCE SEP 1    752                       871   -119      501
  SINCE JUL 1    752                       876   -124      502

 COOLING
  TODAY            0                         0      0        0
  MONTH TO DATE    0                         0      0       18
  SINCE SEP 1    289                       151    138      350
  SINCE JAN 1   1401                      1121    280     1626
..................................................................


WIND (MPH)
  HIGHEST WIND SPEED    16   HIGHEST WIND DIRECTION    SW (210)
  HIGHEST GUST SPEED    21   HIGHEST GUST DIRECTION    SW (210)
  AVERAGE WIND SPEED     9.4


SKY COVER
  POSSIBLE SUNSHINE  MM
  AVERAGE SKY COVER 0.4


WEATHER CONDITIONS
 THE FOLLOWING WEATHER WAS RECORDED TODAY.
  NO SIGNIFICANT WEATHER WAS OBSERVED.


RELATIVE HUMIDITY (PERCENT)
 HIGHEST    69           100 AM
 LOWEST     38           100 PM
 AVERAGE    54

..........................................................


THE SPRINGFIELD IL CLIMATE NORMALS FOR TOMORROW
                         NORMAL    RECORD    YEAR
 MAXIMUM TEMPERATURE (F)   48        67      1966
                                             1931
 MINIMUM TEMPERATURE (F)   30        -2      1950


SUNRISE AND SUNSET
NOVEMBER 23 2017......SUNRISE   653 AM CST   SUNSET   437 PM CST
NOVEMBER 24 2017......SUNRISE   654 AM CST   SUNSET   437 PM CST


-  INDICATES NEGATIVE NUMBERS.
R  INDICATES RECORD WAS SET OR TIED.
MM INDICATES DATA IS MISSING.
T  INDICATES TRACE AMOUNT.




$$
