000
CDUS43 KILX 230708
CLISPI


CLIMATE REPORT
NATIONAL WEATHER SERVICE LINCOLN IL
107 AM CST FRI FEB 23 2018


...................................

...THE SPRINGFIELD IL CLIMATE SUMMARY FOR FEBRUARY 22 2018...

CLIMATE NORMAL PERIOD 1981 TO 2010
CLIMATE RECORD PERIOD 1879 TO 2018


WEATHER ITEM   OBSERVED TIME   RECORD YEAR NORMAL DEPARTURE LAST
                VALUE   (LST)  VALUE       VALUE  FROM      YEAR
                                                  NORMAL
..................................................................
TEMPERATURE (F)
 YESTERDAY
  MAXIMUM         46   1159 PM  71    1922  42      4       64
  MINIMUM         32    259 AM  -7    1963  25      7       45
  AVERAGE         39                        34      5       55

PRECIPITATION (IN)
  YESTERDAY        0.05          2.37 1990   0.07  -0.02     0.00
  MONTH TO DATE    3.39                      1.36   2.03     0.31
  SINCE DEC 1      4.29                      5.70  -1.41     2.24
  SINCE JAN 1      3.92                      3.18   0.74     1.33

SNOWFALL (IN)
  YESTERDAY        0.0           2.2  2008   0.2   -0.2      0.0
  MONTH TO DATE    1.3                       4.5   -3.2      2.1
  SINCE DEC 1      7.0                      16.5   -9.5      5.7
  SINCE JUL 1      7.0                      17.1  -10.1      5.7
  SNOW DEPTH       0

DEGREE DAYS
 HEATING
  YESTERDAY       26                        31     -5       10
  MONTH TO DATE  755                       765    -10      495
  SINCE DEC 1   3006                      3023    -17     2490
  SINCE JUL 1   3871                      4091   -220     3141

 COOLING
  YESTERDAY        0                         0      0        0
  MONTH TO DATE    0                         0      0        0
  SINCE DEC 1      0                         0      0        0
  SINCE JAN 1      0                         0      0        0
..................................................................


WIND (MPH)
  HIGHEST WIND SPEED    17   HIGHEST WIND DIRECTION     E (110)
  HIGHEST GUST SPEED    21   HIGHEST GUST DIRECTION     E (80)
  AVERAGE WIND SPEED    10.0


SKY COVER
  POSSIBLE SUNSHINE  MM
  AVERAGE SKY COVER 1.0


WEATHER CONDITIONS
 THE FOLLOWING WEATHER WAS RECORDED YESTERDAY.
  LIGHT RAIN
  LT FREEZING RAIN
  FOG


RELATIVE HUMIDITY (PERCENT)
 HIGHEST    93          1000 PM
 LOWEST     83          1200 PM
 AVERAGE    88

..........................................................


THE SPRINGFIELD IL CLIMATE NORMALS FOR TODAY
                         NORMAL    RECORD    YEAR
 MAXIMUM TEMPERATURE (F)   43        70      1996
 MINIMUM TEMPERATURE (F)   25        -5      2015
                                             1889


SUNRISE AND SUNSET
FEBRUARY 23 2018......SUNRISE   641 AM CST   SUNSET   544 PM CST
FEBRUARY 24 2018......SUNRISE   639 AM CST   SUNSET   545 PM CST


-  INDICATES NEGATIVE NUMBERS.
R  INDICATES RECORD WAS SET OR TIED.
MM INDICATES DATA IS MISSING.
T  INDICATES TRACE AMOUNT.




$$
