000
CDUS44 KOUN 300639
CLISPS

CLIMATE REPORT
NATIONAL WEATHER SERVICE NORMAN OK
139 AM CDT TUE MAY 30 2017


...................................

...THE WICHITA FALLS CLIMATE SUMMARY FOR MAY 29 2017...

CLIMATE NORMAL PERIOD 1981 TO 2010
CLIMATE RECORD PERIOD 1897 TO 2017


WEATHER ITEM   OBSERVED TIME   RECORD YEAR NORMAL DEPARTURE LAST
                VALUE   (LST)  VALUE       VALUE  FROM      YEAR
                                                  NORMAL
..................................................................
TEMPERATURE (F)
 YESTERDAY
  MAXIMUM         88    318 PM 106    1927  87      1       89
  MINIMUM         59    553 AM  42    1947  64     -5       65
  AVERAGE         74                        75     -1       77

PRECIPITATION (IN)
  YESTERDAY        0.00          5.00 1900   0.14  -0.14     0.19
  MONTH TO DATE    4.55                      3.50   1.05     5.80
  SINCE MAR 1      6.34                      8.31  -1.97    14.46
  SINCE JAN 1     10.31                     11.20  -0.89    16.16

SNOWFALL (IN)
  YESTERDAY        0.0           0.0  2002   0.0    0.0      0.0
  MONTH TO DATE    0.0                       0.0    0.0      0.0
  SINCE MAR 1      0.0                       0.5   -0.5       T
  SINCE JUL 1      T                         3.9   -3.9      2.6
  SNOW DEPTH       0

DEGREE DAYS
 HEATING
  YESTERDAY        0                         0      0        0
  MONTH TO DATE   13                        20     -7       41
  SINCE MAR 1    318                       519   -201      350
  SINCE JUL 1   2162                      2965   -803     2312

 COOLING
  YESTERDAY        9                        10     -1       12
  MONTH TO DATE  180                       204    -24      167
  SINCE MAR 1    311                       293     18      226
  SINCE JAN 1    329                       296     33      235
..................................................................


WIND (MPH)
  HIGHEST WIND SPEED    13   HIGHEST WIND DIRECTION     S (180)
  HIGHEST GUST SPEED    16   HIGHEST GUST DIRECTION     E (90)
  AVERAGE WIND SPEED     6.9


SKY COVER
  AVERAGE SKY COVER 0.0


WEATHER CONDITIONS
 THE FOLLOWING WEATHER WAS RECORDED YESTERDAY.
  NO SIGNIFICANT WEATHER WAS OBSERVED.


RELATIVE HUMIDITY (PERCENT)
 HIGHEST    80           600 AM
 LOWEST     23           100 PM
 AVERAGE    52

..........................................................


THE WICHITA FALLS CLIMATE NORMALS FOR TODAY
                         NORMAL    RECORD    YEAR
 MAXIMUM TEMPERATURE (F)   87       105      1985
 MINIMUM TEMPERATURE (F)   64        46      1947


SUNRISE AND SUNSET
MAY 30 2017...........SUNRISE   624 AM CDT   SUNSET   839 PM CDT
MAY 31 2017...........SUNRISE   624 AM CDT   SUNSET   840 PM CDT


-  INDICATES NEGATIVE NUMBERS.
R  INDICATES RECORD WAS SET OR TIED.
MM INDICATES DATA IS MISSING.
T  INDICATES TRACE AMOUNT.




$$
