000
CDUS44 KOUN 300635
CLISPS

CLIMATE REPORT
NATIONAL WEATHER SERVICE NORMAN OK
135 AM CDT TUE JUN 30 2015


...................................

...THE WICHITA FALLS CLIMATE SUMMARY FOR JUNE 29 2015...

CLIMATE NORMAL PERIOD 1981 TO 2010
CLIMATE RECORD PERIOD 1897 TO 2015


WEATHER ITEM   OBSERVED TIME   RECORD YEAR NORMAL DEPARTURE LAST
                VALUE   (LST)  VALUE       VALUE  FROM      YEAR
                                                  NORMAL
..................................................................
TEMPERATURE (F)
 YESTERDAY
  MAXIMUM         94    402 PM 112    1980  95     -1       98
  MINIMUM         68    501 AM  60    1985  70     -2       76
  AVERAGE         81                        82     -1       87

PRECIPITATION (IN)
  YESTERDAY        0.00          2.00 2008   0.08  -0.08     0.00
  MONTH TO DATE    4.19                      4.07   0.12     3.14
  SINCE JAN 1     29.30                     15.56  13.74     8.24

DEGREE DAYS
 COOLING
  YESTERDAY       16                        17     -1       22
  MONTH TO DATE  438                       417     21      476
  SINCE JAN 1    676                       736    -60      866
..................................................................


WIND (MPH)
  HIGHEST WIND SPEED    15   HIGHEST WIND DIRECTION    SW (220)
  HIGHEST GUST SPEED    21   HIGHEST GUST DIRECTION     W (270)
  AVERAGE WIND SPEED     7.1


SKY COVER
  AVERAGE SKY COVER 0.4


WEATHER CONDITIONS
 THE FOLLOWING WEATHER WAS RECORDED YESTERDAY.
  NO SIGNIFICANT WEATHER WAS OBSERVED.


RELATIVE HUMIDITY (PERCENT)
 HIGHEST    84           700 AM
 LOWEST     39           400 PM
 AVERAGE    62

..........................................................


THE WICHITA FALLS CLIMATE NORMALS FOR TODAY
                         NORMAL    RECORD    YEAR
 MAXIMUM TEMPERATURE (F)   95       110      1980
 MINIMUM TEMPERATURE (F)   70        61      1924


SUNRISE AND SUNSET
JUNE 30 2015..........SUNRISE   626 AM CDT   SUNSET   849 PM CDT
JULY  1 2015..........SUNRISE   626 AM CDT   SUNSET   849 PM CDT


-  INDICATES NEGATIVE NUMBERS.
R  INDICATES RECORD WAS SET OR TIED.
MM INDICATES DATA IS MISSING.
T  INDICATES TRACE AMOUNT.




$$
