000
CDUS44 KOUN 300630
CLISPS

CLIMATE REPORT
NATIONAL WEATHER SERVICE NORMAN OK
130 AM CDT SAT APR 30 2016

...................................

...THE WICHITA FALLS CLIMATE SUMMARY FOR APRIL 29 2016...

CLIMATE NORMAL PERIOD 1981 TO 2010
CLIMATE RECORD PERIOD 1897 TO 2016


WEATHER ITEM   OBSERVED TIME   RECORD YEAR NORMAL DEPARTURE LAST
                VALUE   (LST)  VALUE       VALUE  FROM      YEAR
                                                  NORMAL
..................................................................
TEMPERATURE (F)
 YESTERDAY
  MAXIMUM         87    242 PM  98    1936  79      8       75
  MINIMUM         56   1159 PM  40    1982  54      2       46
                                      1956
  AVERAGE         72                        67      5       61

PRECIPITATION (IN)
  YESTERDAY        0.01          5.20 2009   0.12  -0.11     0.00
  MONTH TO DATE    7.31                      2.49   4.82     3.73
  SINCE JAN 1     10.36                      7.58   2.78     8.11

DEGREE DAYS
 HEATING
  YESTERDAY        0                         2     -2        4
  MONTH TO DATE   78                       141    -63       94
  SINCE JUL 1   2268                      2944   -676     2876

 COOLING
  YESTERDAY        7                         4      3        0
  MONTH TO DATE   47                        66    -19       63
  SINCE JAN 1     68                        88    -20       80
..................................................................


WIND (MPH)
  HIGHEST WIND SPEED    30   HIGHEST WIND DIRECTION     W (290)
  HIGHEST GUST SPEED    38   HIGHEST GUST DIRECTION     W (290)
  AVERAGE WIND SPEED    13.8


SKY COVER
  AVERAGE SKY COVER 0.6


WEATHER CONDITIONS
 THE FOLLOWING WEATHER WAS RECORDED YESTERDAY.
  THUNDERSTORM
  LIGHT RAIN
  HAZE


RELATIVE HUMIDITY (PERCENT)
 HIGHEST    90           200 AM
 LOWEST     51           400 PM
 AVERAGE    71

..........................................................


THE WICHITA FALLS CLIMATE NORMALS FOR TODAY
                         NORMAL    RECORD    YEAR
 MAXIMUM TEMPERATURE (F)   80        98      1948
 MINIMUM TEMPERATURE (F)   54        37      1984


SUNRISE AND SUNSET
APRIL 30 2016.........SUNRISE   645 AM CDT   SUNSET   817 PM CDT
MAY  1 2016...........SUNRISE   644 AM CDT   SUNSET   818 PM CDT


-  INDICATES NEGATIVE NUMBERS.
R  INDICATES RECORD WAS SET OR TIED.
MM INDICATES DATA IS MISSING.
T  INDICATES TRACE AMOUNT.




$$
