000
CDUS44 KOUN 210637 RRA
CLISPS

CLIMATE REPORT
NATIONAL WEATHER SERVICE NORMAN OK
1237 AM CST TUE NOV 21 2017


...................................

...THE WICHITA FALLS CLIMATE SUMMARY FOR NOVEMBER 20 2017...

CLIMATE NORMAL PERIOD 1981 TO 2010
CLIMATE RECORD PERIOD 1897 TO 2017


WEATHER ITEM   OBSERVED TIME   RECORD YEAR NORMAL DEPARTURE LAST
                VALUE   (LST)  VALUE       VALUE  FROM      YEAR
                                                  NORMAL
..................................................................
TEMPERATURE (F)
 YESTERDAY
  MAXIMUM         67    247 PM  85    2007  63      4       66
  MINIMUM         31    718 AM  21    1937  38     -7       30
  AVERAGE         49                        51     -2       48

PRECIPITATION (IN)
  YESTERDAY        0.00          1.20 1979   0.05  -0.05     0.00
  MONTH TO DATE    0.10                      1.18  -1.08     1.82
  SINCE SEP 1      4.54                      7.10  -2.56    13.96
  SINCE JAN 1     24.62                     26.83  -2.21    36.34

SNOWFALL (IN)
  YESTERDAY        0.0

DEGREE DAYS
 HEATING
  YESTERDAY       16                        14      2       17
  MONTH TO DATE  172                       213    -41      111
  SINCE SEP 1    309                       339    -30      144
  SINCE JUL 1    309                       339    -30      144

 COOLING
  YESTERDAY        0                         0      0        0
  MONTH TO DATE   24                        10     14       21
  SINCE SEP 1    483                       441     42      596
  SINCE JAN 1   2325                      2386    -61     2532
..................................................................


WIND (MPH)
  HIGHEST WIND SPEED    28   HIGHEST WIND DIRECTION     S (200)
  HIGHEST GUST SPEED    34   HIGHEST GUST DIRECTION     S (200)
  AVERAGE WIND SPEED    13.7


SKY COVER
  AVERAGE SKY COVER 0.1


WEATHER CONDITIONS
 THE FOLLOWING WEATHER WAS RECORDED YESTERDAY.
  NO SIGNIFICANT WEATHER WAS OBSERVED.


RELATIVE HUMIDITY (PERCENT)
 HIGHEST    82           800 AM
 LOWEST     22           200 PM
 AVERAGE    52

..........................................................


THE WICHITA FALLS CLIMATE NORMALS FOR TODAY
                         NORMAL    RECORD    YEAR
 MAXIMUM TEMPERATURE (F)   63        85      1927
 MINIMUM TEMPERATURE (F)   38        21      1937


SUNRISE AND SUNSET
NOVEMBER 21 2017......SUNRISE   712 AM CST   SUNSET   527 PM CST
NOVEMBER 22 2017......SUNRISE   713 AM CST   SUNSET   527 PM CST


-  INDICATES NEGATIVE NUMBERS.
R  INDICATES RECORD WAS SET OR TIED.
MM INDICATES DATA IS MISSING.
T  INDICATES TRACE AMOUNT.




$$
