000
CDUS44 KOUN 302306 RRA
CLISPS

CLIMATE REPORT
NATIONAL WEATHER SERVICE NORMAN OK
505 PM CST FRI JAN 30 2015


...................................

...THE WICHITA FALLS CLIMATE SUMMARY FOR JANUARY 30 2015...
VALID TODAY AS OF 0500 PM LOCAL TIME.

CLIMATE NORMAL PERIOD 1981 TO 2010
CLIMATE RECORD PERIOD 1897 TO 2015


WEATHER ITEM   OBSERVED TIME   RECORD YEAR NORMAL DEPARTURE LAST
                VALUE   (LST)  VALUE       VALUE  FROM      YEAR
                                                  NORMAL
..................................................................
TEMPERATURE (F)
 TODAY
  MAXIMUM         50    459 PM  75    1974  56     -6       68
  MINIMUM         37    739 AM   2    1966  31      6       32
  AVERAGE         44                        43      1       50

PRECIPITATION (IN)
  TODAY            0.00          1.51 1982   0.04  -0.04     0.00
  MONTH TO DATE    1.44                      1.10   0.34      T
  SINCE JAN 1      1.44                      1.10   0.34      T

SNOWFALL (IN)
  TODAY            0.0                       0.1   -0.1      0.0
  MONTH TO DATE    T                         1.4   -1.4      0.0
  SINCE JUL 1      2.3                       2.7   -0.4      0.7
  SNOW DEPTH       0

DEGREE DAYS
 HEATING
  TODAY           21                        22     -1       15
  MONTH TO DATE  694                       692      2      703
  SINCE JUL 1   1796                      1889    -93     2076
..................................................................


WIND (MPH)
  HIGHEST WIND SPEED    14   HIGHEST WIND DIRECTION     E (70)
  HIGHEST GUST SPEED    16   HIGHEST GUST DIRECTION    NE (50)
  AVERAGE WIND SPEED     7.0


SKY COVER
  AVERAGE SKY COVER 0.4


WEATHER CONDITIONS
 THE FOLLOWING WEATHER WAS RECORDED TODAY.
  NO SIGNIFICANT WEATHER WAS OBSERVED.


RELATIVE HUMIDITY (PERCENT)
 HIGHEST    82           700 AM
 LOWEST     46           200 PM
 AVERAGE    64

..........................................................


THE WICHITA FALLS CLIMATE NORMALS FOR TOMORROW
                         NORMAL    RECORD    YEAR
 MAXIMUM TEMPERATURE (F)   56        78      1989
 MINIMUM TEMPERATURE (F)   31         6      1979


SUNRISE AND SUNSET
JANUARY 30 2015.......SUNRISE   732 AM CST   SUNSET   602 PM CST
JANUARY 31 2015.......SUNRISE   732 AM CST   SUNSET   603 PM CST


-  INDICATES NEGATIVE NUMBERS.
R  INDICATES RECORD WAS SET OR TIED.
MM INDICATES DATA IS MISSING.
T  INDICATES TRACE AMOUNT.




$$
