000
CDUS42 KTBW 192214
CLISRQ


CLIMATE REPORT
NATIONAL WEATHER SERVICE TAMPA BAY FL
511 PM EST SUN NOV 19 2017


...................................

...THE SARASOTA BRADENTON CLIMATE SUMMARY FOR NOVEMBER 19 2017...
VALID TODAY AS OF 0500 PM LOCAL TIME.

CLIMATE NORMAL PERIOD 1981 TO 2010
CLIMATE RECORD PERIOD 1911 TO 2017


WEATHER ITEM   OBSERVED TIME   RECORD YEAR NORMAL DEPARTURE LAST
                VALUE   (LST)  VALUE       VALUE  FROM      YEAR
                                                  NORMAL
..................................................................
TEMPERATURE (F)
 TODAY
  MAXIMUM         81   1239 PM  89    1998  78      3       81
                                      1960
  MINIMUM         59    304 AM  36    1923  59      0       58
  AVERAGE         70                        68      2       70

PRECIPITATION (IN)
  TODAY            0.00          1.40 1972   0.05  -0.05     0.00
  MONTH TO DATE    0.04                      1.24  -1.20     0.01
  SINCE SEP 1     14.47                     11.46   3.01     8.13
  SINCE JAN 1     63.98                     49.79  14.19    47.85

DEGREE DAYS
 HEATING
  TODAY            0                         1     -1        0
  MONTH TO DATE    0                         9     -9        0
  SINCE SEP 1     13                        12      1        0
  SINCE JUL 1     13                        12      1        0

 COOLING
  TODAY            5                         5      0        5
  MONTH TO DATE  134                       113     21      164
  SINCE SEP 1    994                       960     34     1186
  SINCE JAN 1   3653                      3257    396     3965
..................................................................


WIND (MPH)
  RESULTANT WIND SPEED   4   RESULTANT WIND DIRECTION   W (250)
  HIGHEST WIND SPEED    15   HIGHEST WIND DIRECTION    NW (300)
  HIGHEST GUST SPEED    18   HIGHEST GUST DIRECTION     N (340)
  AVERAGE WIND SPEED     6.8


SKY COVER
  POSSIBLE SUNSHINE  MM
  AVERAGE SKY COVER 0.2


WEATHER CONDITIONS
 THE FOLLOWING WEATHER WAS RECORDED TODAY.
  NO SIGNIFICANT WEATHER WAS OBSERVED.


RELATIVE HUMIDITY (PERCENT)
 HIGHEST   100          1200 AM
 LOWEST     67          1100 AM

..........................................................


THE SARASOTA BRADENTON CLIMATE NORMALS FOR TOMORROW
                         NORMAL    RECORD    YEAR
 MAXIMUM TEMPERATURE (F)   78        88      1998
 MINIMUM TEMPERATURE (F)   59        38      1916


SUNRISE AND SUNSET
NOVEMBER 19 2017......SUNRISE   654 AM EST   SUNSET   537 PM EST
NOVEMBER 20 2017......SUNRISE   655 AM EST   SUNSET   537 PM EST


-  INDICATES NEGATIVE NUMBERS.
R  INDICATES RECORD WAS SET OR TIED.
MM INDICATES DATA IS MISSING.
T  INDICATES TRACE AMOUNT.




$$


&&
------------------------------------------------------------------
******************** SUPPLEMENTAL DATA ***************************

...GULF WATER TEMPERATURE AT VENICE 74 DEGREES
