000
CDUS42 KTBW 252135
CLISRQ


CLIMATE REPORT
NATIONAL WEATHER SERVICE TAMPA BAY FL
532 PM EDT WED MAY 25 2016


...................................

...THE SARASOTA BRADENTON CLIMATE SUMMARY FOR MAY 25 2016...
VALID TODAY AS OF 0500 PM LOCAL TIME.

CLIMATE NORMAL PERIOD 1981 TO 2010
CLIMATE RECORD PERIOD 1911 TO 2016


WEATHER ITEM   OBSERVED TIME   RECORD YEAR NORMAL DEPARTURE LAST
                VALUE   (LST)  VALUE       VALUE  FROM      YEAR
                                                  NORMAL
..................................................................
TEMPERATURE (F)
 TODAY
  MAXIMUM         94R   329 PM  94    2013  87      7       91
                                      2012
  MINIMUM         72    559 AM  58    1931  69      3       72
  AVERAGE         83                        78      5       82

PRECIPITATION (IN)
  TODAY            0.00          1.55 1963   0.08  -0.08     0.60
  MONTH TO DATE    4.77                      1.62   3.15     4.65
  SINCE MAR 1      6.60                      7.92  -1.32     7.29
  SINCE JAN 1     12.28                     13.11  -0.83    12.17

DEGREE DAYS
 HEATING
  TODAY            0                         0      0        0
  MONTH TO DATE    0                         0      0        0
  SINCE MAR 1     14                        59    -45       13
  SINCE JUL 1    320                       477   -157      470

 COOLING
  TODAY           18                        13      5       17
  MONTH TO DATE  327                       273     54      326
  SINCE MAR 1    807                       566    241      882
  SINCE JAN 1    873                       670    203      951
..................................................................


WIND (MPH)
  RESULTANT WIND SPEED   9   RESULTANT WIND DIRECTION   E (100)
  HIGHEST WIND SPEED    18   HIGHEST WIND DIRECTION     E (110)
  HIGHEST GUST SPEED    22   HIGHEST GUST DIRECTION     E (110)
  AVERAGE WIND SPEED    10.3


SKY COVER
  POSSIBLE SUNSHINE  MM
  AVERAGE SKY COVER 0.1


WEATHER CONDITIONS
 THE FOLLOWING WEATHER WAS RECORDED TODAY.
  NO SIGNIFICANT WEATHER WAS OBSERVED.


RELATIVE HUMIDITY (PERCENT)
 HIGHEST    79          1200 AM
 LOWEST     38           200 PM

..........................................................


THE SARASOTA BRADENTON CLIMATE NORMALS FOR TOMORROW
                         NORMAL    RECORD    YEAR
 MAXIMUM TEMPERATURE (F)   87        94      2012
                                             1995
                                             1986
 MINIMUM TEMPERATURE (F)   69        55      1979


SUNRISE AND SUNSET
MAY 25 2016...........SUNRISE   637 AM EDT   SUNSET   818 PM EDT
MAY 26 2016...........SUNRISE   637 AM EDT   SUNSET   818 PM EDT


-  INDICATES NEGATIVE NUMBERS.
R  INDICATES RECORD WAS SET OR TIED.
MM INDICATES DATA IS MISSING.
T  INDICATES TRACE AMOUNT.




$$


&&
------------------------------------------------------------------
******************** SUPPLEMENTAL DATA ***************************

...GULF WATER TEMPERATURE AT VENICE 82 DEGREES
