000
CDUS42 KTBW 282119
CLISRQ


CLIMATE REPORT
NATIONAL WEATHER SERVICE TAMPA BAY FL
517 PM EDT SAT MAR 28 2015


...................................

...THE SARASOTA BRADENTON CLIMATE SUMMARY FOR MARCH 28 2015...
VALID TODAY AS OF 0500 PM LOCAL TIME.

CLIMATE NORMAL PERIOD 1981 TO 2010
CLIMATE RECORD PERIOD 1911 TO 2015


WEATHER ITEM   OBSERVED TIME   RECORD YEAR NORMAL DEPARTURE LAST
                VALUE   (LST)  VALUE       VALUE  FROM      YEAR
                                                  NORMAL
..................................................................
TEMPERATURE (F)
 TODAY
  MAXIMUM         69    143 PM  89    1989  78     -9       80
  MINIMUM         55    716 AM  40    1969  59     -4       63
  AVERAGE         62                        68     -6       72

PRECIPITATION (IN)
  TODAY            0.00          3.50 2011   0.11  -0.11      T
  MONTH TO DATE    0.98                      3.47  -2.49     6.01
  SINCE MAR 1      0.98                      3.47  -2.49     6.01
  SINCE JAN 1      5.86                      8.66  -2.80     9.63

DEGREE DAYS
 HEATING
  TODAY            3                         1      2        0
  MONTH TO DATE    3                        47    -44       35
  SINCE MAR 1      3                        47    -44       35
  SINCE JUL 1    460                       465     -5      343

 COOLING
  TODAY            0                         4     -4        7
  MONTH TO DATE  220                        90    130       78
  SINCE MAR 1    220                        90    130       78
  SINCE JAN 1    289                       194     95      194
..................................................................


WIND (MPH)
  RESULTANT WIND SPEED  10   RESULTANT WIND DIRECTION   N (340)
  HIGHEST WIND SPEED    23   HIGHEST WIND DIRECTION    NW (330)
  HIGHEST GUST SPEED    31   HIGHEST GUST DIRECTION    NW (300)
  AVERAGE WIND SPEED    11.4


SKY COVER
  POSSIBLE SUNSHINE  MM
  AVERAGE SKY COVER 0.0


WEATHER CONDITIONS
 THE FOLLOWING WEATHER WAS RECORDED TODAY.
  NO SIGNIFICANT WEATHER WAS OBSERVED.


RELATIVE HUMIDITY (PERCENT)
 HIGHEST    67          1200 AM
 LOWEST     37           100 PM

..........................................................


THE SARASOTA BRADENTON CLIMATE NORMALS FOR TOMORROW
                         NORMAL    RECORD    YEAR
 MAXIMUM TEMPERATURE (F)   78        89      1989
 MINIMUM TEMPERATURE (F)   59        40      1919


SUNRISE AND SUNSET
MARCH 28 2015.........SUNRISE   725 AM EDT   SUNSET   746 PM EDT
MARCH 29 2015.........SUNRISE   724 AM EDT   SUNSET   746 PM EDT


-  INDICATES NEGATIVE NUMBERS.
R  INDICATES RECORD WAS SET OR TIED.
MM INDICATES DATA IS MISSING.
T  INDICATES TRACE AMOUNT.




$$


&&
------------------------------------------------------------------
******************** SUPPLEMENTAL DATA ***************************

...GULF WATER TEMPERATURE AT NEW PASS 73 DEGREES.
