000
CDUS42 KTBW 102214
CLISRQ


CLIMATE REPORT
NATIONAL WEATHER SERVICE TAMPA BAY FL
513 PM EST SAT DEC 10 2016


...................................

...THE SARASOTA BRADENTON CLIMATE SUMMARY FOR DECEMBER 10 2016...
VALID TODAY AS OF 0500 PM LOCAL TIME.

CLIMATE NORMAL PERIOD 1981 TO 2010
CLIMATE RECORD PERIOD 1911 TO 2016


WEATHER ITEM   OBSERVED TIME   RECORD YEAR NORMAL DEPARTURE LAST
                VALUE   (LST)  VALUE       VALUE  FROM      YEAR
                                                  NORMAL
..................................................................
TEMPERATURE (F)
 TODAY
  MAXIMUM         75    347 PM  86    1998  74      1       81
                                      1972
  MINIMUM         50    708 AM  29    1917  55     -5       60
  AVERAGE         63                        64     -1       71

PRECIPITATION (IN)
  TODAY            0.00          1.54 1969   0.07  -0.07     0.00
  MONTH TO DATE    1.21                      0.68   0.53     0.77
  SINCE DEC 1      1.21                      0.68   0.53     0.77
  SINCE JAN 1     49.07                     51.16  -2.09    39.13

DEGREE DAYS
 HEATING
  TODAY            2                         3     -1        0
  MONTH TO DATE    9                        27    -18        0
  SINCE DEC 1      9                        27    -18        0
  SINCE JUL 1     20                        60    -40        4

 COOLING
  TODAY            0                         3     -3        6
  MONTH TO DATE   47                        30     17       66
  SINCE DEC 1     47                        30     17       66
  SINCE JAN 1   4073                      3330    743     3910
..................................................................


WIND (MPH)
  RESULTANT WIND SPEED  12   RESULTANT WIND DIRECTION  NE (50)
  HIGHEST WIND SPEED    16   HIGHEST WIND DIRECTION     E (80)
  HIGHEST GUST SPEED    22   HIGHEST GUST DIRECTION    NE (30)
  AVERAGE WIND SPEED    12.1


SKY COVER
  POSSIBLE SUNSHINE  MM
  AVERAGE SKY COVER 0.0


WEATHER CONDITIONS
 THE FOLLOWING WEATHER WAS RECORDED TODAY.
  NO SIGNIFICANT WEATHER WAS OBSERVED.


RELATIVE HUMIDITY (PERCENT)
 HIGHEST    71           800 AM
 LOWEST     49           200 PM

..........................................................


THE SARASOTA BRADENTON CLIMATE NORMALS FOR TOMORROW
                         NORMAL    RECORD    YEAR
 MAXIMUM TEMPERATURE (F)   74        87      1972
 MINIMUM TEMPERATURE (F)   54        31      1938


SUNRISE AND SUNSET
DECEMBER 10 2016......SUNRISE   710 AM EST   SUNSET   537 PM EST
DECEMBER 11 2016......SUNRISE   710 AM EST   SUNSET   537 PM EST


-  INDICATES NEGATIVE NUMBERS.
R  INDICATES RECORD WAS SET OR TIED.
MM INDICATES DATA IS MISSING.
T  INDICATES TRACE AMOUNT.




$$


&&
------------------------------------------------------------------
******************** SUPPLEMENTAL DATA ***************************

...GULF WATER TEMPERATURE AT VENICE 69 DEGREES
