000
CDUS42 KTBW 252127
CLISRQ


CLIMATE REPORT
NATIONAL WEATHER SERVICE TAMPA BAY FL
525 PM EDT TUE APR 25 2017


...................................

...THE SARASOTA BRADENTON CLIMATE SUMMARY FOR APRIL 25 2017...
VALID TODAY AS OF 0500 PM LOCAL TIME.

CLIMATE NORMAL PERIOD 1981 TO 2010
CLIMATE RECORD PERIOD 1911 TO 2017


WEATHER ITEM   OBSERVED TIME   RECORD YEAR NORMAL DEPARTURE LAST
                VALUE   (LST)  VALUE       VALUE  FROM      YEAR
                                                  NORMAL
..................................................................
TEMPERATURE (F)
 TODAY
  MAXIMUM         78    143 PM  92    1958  82     -4       86
  MINIMUM         63    610 AM  48    1998  63      0       69
  AVERAGE         71                        73     -2       78

PRECIPITATION (IN)
  TODAY            0.00          1.18 1954   0.08  -0.08      T
  MONTH TO DATE    T                         2.13  -2.13     0.91
  SINCE MAR 1      0.74                      5.99  -5.25     1.83
  SINCE JAN 1      3.23                     11.18  -7.95     7.51

DEGREE DAYS
 HEATING
  TODAY            0                         0      0        0
  MONTH TO DATE    1                         8     -7        0
  SINCE MAR 1     54                        57     -3       14
  SINCE JUL 1    202                       475   -273      320

 COOLING
  TODAY            6                         8     -2       13
  MONTH TO DATE  232                       153     79      213
  SINCE MAR 1    349                       253     96      416
  SINCE JAN 1    523                       357    166      482
..................................................................


WIND (MPH)
  RESULTANT WIND SPEED  11   RESULTANT WIND DIRECTION   W (290)
  HIGHEST WIND SPEED    17   HIGHEST WIND DIRECTION    NW (310)
  HIGHEST GUST SPEED    23   HIGHEST GUST DIRECTION     W (290)
  AVERAGE WIND SPEED    11.2


SKY COVER
  POSSIBLE SUNSHINE  MM
  AVERAGE SKY COVER 0.4


WEATHER CONDITIONS
 THE FOLLOWING WEATHER WAS RECORDED TODAY.
  NO SIGNIFICANT WEATHER WAS OBSERVED.


RELATIVE HUMIDITY (PERCENT)
 HIGHEST    63           500 AM
 LOWEST     46          1000 AM

..........................................................


THE SARASOTA BRADENTON CLIMATE NORMALS FOR TOMORROW
                         NORMAL    RECORD    YEAR
 MAXIMUM TEMPERATURE (F)   82        91      1958
 MINIMUM TEMPERATURE (F)   63        47      1983


SUNRISE AND SUNSET
APRIL 25 2017.........SUNRISE   656 AM EDT   SUNSET   801 PM EDT
APRIL 26 2017.........SUNRISE   655 AM EDT   SUNSET   801 PM EDT


-  INDICATES NEGATIVE NUMBERS.
R  INDICATES RECORD WAS SET OR TIED.
MM INDICATES DATA IS MISSING.
T  INDICATES TRACE AMOUNT.




$$


&&
------------------------------------------------------------------
******************** SUPPLEMENTAL DATA ***************************

...GULF WATER TEMPERATURE AT VENICE 78 DEGREES
