211
CDUS42 KTBW 232125
CLISRQ


CLIMATE REPORT
NATIONAL WEATHER SERVICE TAMPA BAY FL
521 PM EDT THU MAR 23 2017


...................................

...THE SARASOTA BRADENTON CLIMATE SUMMARY FOR MARCH 23 2017...
VALID TODAY AS OF 0500 PM LOCAL TIME.

CLIMATE NORMAL PERIOD 1981 TO 2010
CLIMATE RECORD PERIOD 1911 TO 2017


WEATHER ITEM   OBSERVED TIME   RECORD YEAR NORMAL DEPARTURE LAST
                VALUE   (LST)  VALUE       VALUE  FROM      YEAR
                                                  NORMAL
..................................................................
TEMPERATURE (F)
 TODAY
  MAXIMUM         85    222 PM  88    2007  77      8       81
  MINIMUM         60    556 AM  33    1922  58      2       51
  AVERAGE         73                        68      5       66

PRECIPITATION (IN)
  TODAY            0.00          2.00 1992   0.12  -0.12     0.00
  MONTH TO DATE    0.48                      2.90  -2.42     0.50
  SINCE MAR 1      0.48                      2.90  -2.42     0.50
  SINCE JAN 1      2.97                      8.09  -5.12     6.18

DEGREE DAYS
 HEATING
  TODAY            0                         1     -1        0
  MONTH TO DATE   53                        42     11       14
  SINCE MAR 1     53                        42     11       14
  SINCE JUL 1    201                       460   -259      320

 COOLING
  TODAY            8                         4      4        1
  MONTH TO DATE   65                        70     -5      123
  SINCE MAR 1     65                        70     -5      123
  SINCE JAN 1    239                       174     65      189
..................................................................


WIND (MPH)
  RESULTANT WIND SPEED   8   RESULTANT WIND DIRECTION   E (70)
  HIGHEST WIND SPEED    25   HIGHEST WIND DIRECTION     E (80)
  HIGHEST GUST SPEED    33   HIGHEST GUST DIRECTION     E (80)
  AVERAGE WIND SPEED     8.7


SKY COVER
  POSSIBLE SUNSHINE  MM
  AVERAGE SKY COVER 0.3


WEATHER CONDITIONS
 THE FOLLOWING WEATHER WAS RECORDED TODAY.
  FOG


RELATIVE HUMIDITY (PERCENT)
 HIGHEST   100           200 AM
 LOWEST     37           300 PM

..........................................................


THE SARASOTA BRADENTON CLIMATE NORMALS FOR TOMORROW
                         NORMAL    RECORD    YEAR
 MAXIMUM TEMPERATURE (F)   77        88      1974
 MINIMUM TEMPERATURE (F)   58        38      1986


SUNRISE AND SUNSET
MARCH 23 2017.........SUNRISE   730 AM EDT   SUNSET   743 PM EDT
MARCH 24 2017.........SUNRISE   729 AM EDT   SUNSET   744 PM EDT


-  INDICATES NEGATIVE NUMBERS.
R  INDICATES RECORD WAS SET OR TIED.
MM INDICATES DATA IS MISSING.
T  INDICATES TRACE AMOUNT.




$$


&&
------------------------------------------------------------------
******************** SUPPLEMENTAL DATA ***************************

...GULF WATER TEMPERATURE AT VENICE 69 DEGREES
