000
CDUS42 KTBW 192215
CLISRQ


CLIMATE REPORT
NATIONAL WEATHER SERVICE TAMPA BAY FL
513 PM EST FRI JAN 19 2018


...................................

...THE SARASOTA BRADENTON CLIMATE SUMMARY FOR JANUARY 19 2018...
VALID TODAY AS OF 0500 PM LOCAL TIME.

CLIMATE NORMAL PERIOD 1981 TO 2010
CLIMATE RECORD PERIOD 1911 TO 2018


WEATHER ITEM   OBSERVED TIME   RECORD YEAR NORMAL DEPARTURE LAST
                VALUE   (LST)  VALUE       VALUE  FROM      YEAR
                                                  NORMAL
..................................................................
TEMPERATURE (F)
 TODAY
  MAXIMUM         66    218 PM  85    1937  71     -5       77
                                      1924
  MINIMUM         38    453 AM  26    1997  52    -14       56
                                      1976
  AVERAGE         52                        61     -9       67

PRECIPITATION (IN)
  TODAY            0.00          0.98 1931   0.06  -0.06     0.00
  MONTH TO DATE    1.13                      1.81  -0.68     1.31
  SINCE DEC 1      2.20                      4.34  -2.14     2.56
  SINCE JAN 1      1.13                      1.81  -0.68     1.31

DEGREE DAYS
 HEATING
  TODAY           13                         5      8        0
  MONTH TO DATE  187                       104     83       41
  SINCE DEC 1    252                       226     26       65
  SINCE JUL 1    265                       259      6       76

 COOLING
  TODAY            0                         2     -2        2
  MONTH TO DATE   16                        38    -22       60
  SINCE DEC 1    125                       112     13      223
  SINCE JAN 1     16                        38    -22       60
..................................................................


WIND (MPH)
  RESULTANT WIND SPEED   4   RESULTANT WIND DIRECTION  NE (50)
  HIGHEST WIND SPEED    12   HIGHEST WIND DIRECTION     E (70)
  HIGHEST GUST SPEED    15   HIGHEST GUST DIRECTION     E (70)
  AVERAGE WIND SPEED     6.5


SKY COVER
  POSSIBLE SUNSHINE  MM
  AVERAGE SKY COVER 0.0


WEATHER CONDITIONS
 THE FOLLOWING WEATHER WAS RECORDED TODAY.
  NO SIGNIFICANT WEATHER WAS OBSERVED.


RELATIVE HUMIDITY (PERCENT)
 HIGHEST    79           100 AM
 LOWEST     36          1000 AM

..........................................................


THE SARASOTA BRADENTON CLIMATE NORMALS FOR TOMORROW
                         NORMAL    RECORD    YEAR
 MAXIMUM TEMPERATURE (F)   71        86      1990
                                             1947
 MINIMUM TEMPERATURE (F)   52        25      1977


SUNRISE AND SUNSET
JANUARY 19 2018.......SUNRISE   721 AM EST   SUNSET   601 PM EST
JANUARY 20 2018.......SUNRISE   721 AM EST   SUNSET   602 PM EST


-  INDICATES NEGATIVE NUMBERS.
R  INDICATES RECORD WAS SET OR TIED.
MM INDICATES DATA IS MISSING.
T  INDICATES TRACE AMOUNT.




$$


&&
------------------------------------------------------------------
******************** SUPPLEMENTAL DATA ***************************

...GULF WATER TEMPERATURE AT VENICE 59 DEGREES
