000
CDUS42 KTBW 202228
CLISRQ


CLIMATE REPORT
NATIONAL WEATHER SERVICE TAMPA BAY FL
526 PM EST THU NOV 20 2014


...................................

...THE SARASOTA BRADENTON CLIMATE SUMMARY FOR NOVEMBER 20 2014...
VALID TODAY AS OF 0500 PM LOCAL TIME.

CLIMATE NORMAL PERIOD 1981 TO 2010
CLIMATE RECORD PERIOD 1911 TO 2014


WEATHER ITEM   OBSERVED TIME   RECORD YEAR NORMAL DEPARTURE LAST
                VALUE   (LST)  VALUE       VALUE  FROM      YEAR
                                                  NORMAL
..................................................................
TEMPERATURE (F)
 TODAY
  MAXIMUM         68    103 PM  88    1998  78    -10       84
  MINIMUM         46    708 AM  38    1916  59    -13       67
  AVERAGE         57                        68    -11       76

PRECIPITATION (IN)
  TODAY            0.00          1.92 1952   0.05  -0.05     0.71
  MONTH TO DATE    2.24                      1.29   0.95     0.99
  SINCE SEP 1     17.19                     11.51   5.68    13.49
  SINCE JAN 1     48.67                     49.84  -1.17    52.10

DEGREE DAYS
 HEATING
  TODAY            8                         1      7        0
  MONTH TO DATE   54                        10     44        2
  SINCE SEP 1     54                        13     41        2
  SINCE JUL 1     54                        13     41        2

 COOLING
  TODAY            0                         4     -4       11
  MONTH TO DATE   37                       117    -80      183
  SINCE SEP 1    826                       964   -138     1071
  SINCE JAN 1   3372                      3261    111     3571
..................................................................


WIND (MPH)
  RESULTANT WIND SPEED  10   RESULTANT WIND DIRECTION  NE (30)
  HIGHEST WIND SPEED    15   HIGHEST WIND DIRECTION     N (360)
  HIGHEST GUST SPEED    19   HIGHEST GUST DIRECTION     N (360)
  AVERAGE WIND SPEED    10.0


SKY COVER
  POSSIBLE SUNSHINE  MM
  AVERAGE SKY COVER 0.0


WEATHER CONDITIONS
 THE FOLLOWING WEATHER WAS RECORDED TODAY.
  HAZE


RELATIVE HUMIDITY (PERCENT)
 HIGHEST    86          1200 AM
 LOWEST     42           100 PM

..........................................................


THE SARASOTA BRADENTON CLIMATE NORMALS FOR TOMORROW
                         NORMAL    RECORD    YEAR
 MAXIMUM TEMPERATURE (F)   78        89      1988
 MINIMUM TEMPERATURE (F)   58        33      1914


SUNRISE AND SUNSET
NOVEMBER 20 2014......SUNRISE   655 AM EST   SUNSET   537 PM EST
NOVEMBER 21 2014......SUNRISE   655 AM EST   SUNSET   537 PM EST


-  INDICATES NEGATIVE NUMBERS.
R  INDICATES RECORD WAS SET OR TIED.
MM INDICATES DATA IS MISSING.
T  INDICATES TRACE AMOUNT.

$$


&&
------------------------------------------------------------------
******************** SUPPLEMENTAL DATA ***************************

...GULF WATER TEMPERATURE AT NEW PASS 63
