000
CDUS42 KTBW 022216
CLISRQ


CLIMATE REPORT
NATIONAL WEATHER SERVICE TAMPA BAY FL
514 PM EST MON MAR 2 2015


...................................

...THE SARASOTA BRADENTON CLIMATE SUMMARY FOR MARCH 2 2015...
VALID TODAY AS OF 0500 PM LOCAL TIME.

CLIMATE NORMAL PERIOD 1981 TO 2010
CLIMATE RECORD PERIOD 1911 TO 2015


WEATHER ITEM   OBSERVED TIME   RECORD YEAR NORMAL DEPARTURE LAST
                VALUE   (LST)  VALUE       VALUE  FROM      YEAR
                                                  NORMAL
..................................................................
TEMPERATURE (F)
 TODAY
  MAXIMUM         81   1252 PM  88    1997  75      6       79
  MINIMUM         66    539 AM  30    1941  55     11       55
  AVERAGE         74                        65      9       67

PRECIPITATION (IN)
  TODAY            0.00          1.79 1994   0.13  -0.13     0.00
  MONTH TO DATE    0.00                      0.24  -0.24     0.00
  SINCE MAR 1      0.00                      0.24  -0.24     0.00
  SINCE JAN 1      4.88                      5.43  -0.55     3.62

DEGREE DAYS
 HEATING
  TODAY            0                         3     -3        0
  MONTH TO DATE    0                         6     -6        3
  SINCE MAR 1      0                         6     -6        3
  SINCE JUL 1    457                       424     33      311

 COOLING
  TODAY            9                         3      6        2
  MONTH TO DATE   19                         6     13        2
  SINCE MAR 1     19                         6     13        2
  SINCE JAN 1     88                       110    -22      118
..................................................................


WIND (MPH)
  RESULTANT WIND SPEED   1   RESULTANT WIND DIRECTION   E (80)
  HIGHEST WIND SPEED    14   HIGHEST WIND DIRECTION     W (290)
  HIGHEST GUST SPEED    19   HIGHEST GUST DIRECTION     W (280)
  AVERAGE WIND SPEED     7.3


SKY COVER
  POSSIBLE SUNSHINE  MM
  AVERAGE SKY COVER 0.6


WEATHER CONDITIONS
 THE FOLLOWING WEATHER WAS RECORDED TODAY.
  FOG


RELATIVE HUMIDITY (PERCENT)
 HIGHEST   100           400 AM
 LOWEST     62           100 PM

..........................................................


THE SARASOTA BRADENTON CLIMATE NORMALS FOR TOMORROW
                         NORMAL    RECORD    YEAR
 MAXIMUM TEMPERATURE (F)   75        87      1963
 MINIMUM TEMPERATURE (F)   55        30      1980


SUNRISE AND SUNSET
MARCH  2 2015.........SUNRISE   654 AM EST   SUNSET   631 PM EST
MARCH  3 2015.........SUNRISE   653 AM EST   SUNSET   632 PM EST


-  INDICATES NEGATIVE NUMBERS.
R  INDICATES RECORD WAS SET OR TIED.
MM INDICATES DATA IS MISSING.
T  INDICATES TRACE AMOUNT.




$$


&&
------------------------------------------------------------------
******************** SUPPLEMENTAL DATA ***************************

...GULF WATER TEMPERATURE AT NEW PASS 68
