000
CDUS42 KTBW 160841
CLISRQ


CLIMATE REPORT
NATIONAL WEATHER SERVICE TAMPA BAY FL
438 AM EDT WED APR 16 2014


...................................

...THE SARASOTA BRADENTON CLIMATE SUMMARY FOR APRIL 15 2014...

CLIMATE NORMAL PERIOD 1981 TO 2010
CLIMATE RECORD PERIOD 1911 TO 2014


WEATHER ITEM   OBSERVED TIME   RECORD YEAR NORMAL DEPARTURE LAST
                VALUE   (LST)  VALUE       VALUE  FROM      YEAR
                                                  NORMAL
..................................................................
TEMPERATURE (F)
 YESTERDAY
  MAXIMUM         83   1147 AM  89    1974  81      2       86
                                      1927
  MINIMUM         64   1154 PM  41    1935  61      3       68
  AVERAGE         74                        71      3       77

PRECIPITATION (IN)
  YESTERDAY        0.02          2.75 1931   0.09  -0.07     0.00
  MONTH TO DATE    0.67                      1.30  -0.63     3.12
  SINCE MAR 1      7.14                      5.16   1.98     4.17
  SINCE JAN 1     10.76                     10.35   0.41     5.31

DEGREE DAYS
 HEATING
  YESTERDAY        0                         0      0        0
  MONTH TO DATE    0                         8     -8        0
  SINCE MAR 1     37                        57    -20      152
  SINCE JUL 1    345                       475   -130      397

 COOLING
  YESTERDAY        9                         6      3       12
  MONTH TO DATE   96                        82     14      122
  SINCE MAR 1    182                       182      0      155
  SINCE JAN 1    298                       286     12      357
..................................................................


WIND (MPH)
  HIGHEST WIND SPEED    25   HIGHEST WIND DIRECTION     W (270)
  HIGHEST GUST SPEED    32   HIGHEST GUST DIRECTION     S (190)
  AVERAGE WIND SPEED    15.1


SKY COVER
  POSSIBLE SUNSHINE  MM
  AVERAGE SKY COVER 0.7


WEATHER CONDITIONS
 THE FOLLOWING WEATHER WAS RECORDED YESTERDAY.
  LIGHT RAIN
  FOG


RELATIVE HUMIDITY (PERCENT)
 HIGHEST    97           100 AM
 LOWEST     78           800 PM

..........................................................


THE SARASOTA BRADENTON CLIMATE NORMALS FOR TODAY
                         NORMAL    RECORD    YEAR
 MAXIMUM TEMPERATURE (F)   81        94      1994
 MINIMUM TEMPERATURE (F)   62        46      1963


SUNRISE AND SUNSET
APRIL 16 2014.........SUNRISE   705 AM EDT   SUNSET   755 PM EDT
APRIL 17 2014.........SUNRISE   704 AM EDT   SUNSET   756 PM EDT


-  INDICATES NEGATIVE NUMBERS.
R  INDICATES RECORD WAS SET OR TIED.
MM INDICATES DATA IS MISSING.
T  INDICATES TRACE AMOUNT.




$$


&&
------------------------------------------------------------------
******************** SUPPLEMENTAL DATA ***************************

...GULF WATER TEMPERATURE AT NEW PASS 75 DEGREES
