000
CDUS42 KTBW 222125
CLISRQ


CLIMATE REPORT
NATIONAL WEATHER SERVICE TAMPA BAY FL
523 PM EDT SAT JUL 22 2017


...................................

...THE SARASOTA BRADENTON CLIMATE SUMMARY FOR JULY 22 2017...
VALID TODAY AS OF 0500 PM LOCAL TIME.

CLIMATE NORMAL PERIOD 1981 TO 2010
CLIMATE RECORD PERIOD 1911 TO 2017


WEATHER ITEM   OBSERVED TIME   RECORD YEAR NORMAL DEPARTURE LAST
                VALUE   (LST)  VALUE       VALUE  FROM      YEAR
                                                  NORMAL
..................................................................
TEMPERATURE (F)
 TODAY
  MAXIMUM         87    120 PM  98    1984  90     -3       92
  MINIMUM         75    912 AM  64    1976  75      0       75
  AVERAGE         81                        82     -1       84

PRECIPITATION (IN)
  TODAY            0.44          3.09 2001   0.25   0.19     0.69
  MONTH TO DATE    4.29                      5.64  -1.35     3.96
  SINCE JUN 1     15.37                     13.15   2.22    10.69
  SINCE JAN 1     23.65                     26.85  -3.20    22.97

DEGREE DAYS
 HEATING
  TODAY            0                         0      0        0
  MONTH TO DATE    0                         0      0        0
  SINCE JUN 1      0                         0      0        0
  SINCE JUL 1      0                         0      0        0

 COOLING
  TODAY           16                        18     -2       19
  MONTH TO DATE  397                       380     17      457
  SINCE JUN 1    884                       852     32     1014
  SINCE JAN 1   1921                      1603    318     1978
..................................................................


WIND (MPH)
  RESULTANT WIND SPEED   3   RESULTANT WIND DIRECTION  SE (150)
  HIGHEST WIND SPEED    22   HIGHEST WIND DIRECTION     S (190)
  HIGHEST GUST SPEED    28   HIGHEST GUST DIRECTION     S (190)
  AVERAGE WIND SPEED     5.8


SKY COVER
  POSSIBLE SUNSHINE  MM
  AVERAGE SKY COVER 0.2


WEATHER CONDITIONS
 THE FOLLOWING WEATHER WAS RECORDED TODAY.
  THUNDERSTORM
  HEAVY RAIN
  RAIN
  LIGHT RAIN
  FOG


RELATIVE HUMIDITY (PERCENT)
 HIGHEST    94           600 AM
 LOWEST     68           100 PM

..........................................................


THE SARASOTA BRADENTON CLIMATE NORMALS FOR TOMORROW
                         NORMAL    RECORD    YEAR
 MAXIMUM TEMPERATURE (F)   90       101      1971
 MINIMUM TEMPERATURE (F)   75        66      1976
                                             1971


SUNRISE AND SUNSET
JULY 22 2017..........SUNRISE   649 AM EDT   SUNSET   824 PM EDT
JULY 23 2017..........SUNRISE   649 AM EDT   SUNSET   824 PM EDT


-  INDICATES NEGATIVE NUMBERS.
R  INDICATES RECORD WAS SET OR TIED.
MM INDICATES DATA IS MISSING.
T  INDICATES TRACE AMOUNT.




$$


&&
------------------------------------------------------------------
******************** SUPPLEMENTAL DATA ***************************

...GULF WATER TEMPERATURE AT VENICE 89 DEGREES
