000
CDUS42 KTBW 200937
CLISRQ


CLIMATE REPORT
NATIONAL WEATHER SERVICE TAMPA BAY FL
436 AM EST SAT DEC 20 2014


...................................

...THE SARASOTA BRADENTON CLIMATE SUMMARY FOR DECEMBER 19 2014...

CLIMATE NORMAL PERIOD 1981 TO 2010
CLIMATE RECORD PERIOD 1911 TO 2014


WEATHER ITEM   OBSERVED TIME   RECORD YEAR NORMAL DEPARTURE LAST
                VALUE   (LST)  VALUE       VALUE  FROM      YEAR
                                                  NORMAL
..................................................................
TEMPERATURE (F)
 YESTERDAY
  MAXIMUM         74    227 PM  84    1967  73      1       79
  MINIMUM         47    534 AM  30    1975  53     -6       47
  AVERAGE         61                        63     -2       63

PRECIPITATION (IN)
  YESTERDAY        0.00          0.40 1951   0.10  -0.10     0.00
  MONTH TO DATE    0.02                      1.49  -1.47     0.03
  SINCE DEC 1      0.02                      1.49  -1.47     0.03
  SINCE JAN 1     50.60                     51.97  -1.37    52.49

DEGREE DAYS
 HEATING
  YESTERDAY        4                         4      0        2
  MONTH TO DATE   96                        63     33       20
  SINCE DEC 1     96                        63     33       20
  SINCE JUL 1    181                        96     85       38

 COOLING
  YESTERDAY        0                         2     -2        0
  MONTH TO DATE   42                        52    -10       86
  SINCE DEC 1     42                        52    -10       86
  SINCE JAN 1   3454                      3352    102     3714
..................................................................


WIND (MPH)
  HIGHEST WIND SPEED    12   HIGHEST WIND DIRECTION     W (270)
  HIGHEST GUST SPEED    13   HIGHEST GUST DIRECTION     W (260)
  AVERAGE WIND SPEED     3.9


SKY COVER
  POSSIBLE SUNSHINE  MM
  AVERAGE SKY COVER 0.0


WEATHER CONDITIONS
 THE FOLLOWING WEATHER WAS RECORDED YESTERDAY.
  FOG


RELATIVE HUMIDITY (PERCENT)
 HIGHEST   100          1200 AM
 LOWEST     38           200 PM

..........................................................


THE SARASOTA BRADENTON CLIMATE NORMALS FOR TODAY
                         NORMAL    RECORD    YEAR
 MAXIMUM TEMPERATURE (F)   72        86      1990
 MINIMUM TEMPERATURE (F)   53        28      1981


SUNRISE AND SUNSET
DECEMBER 20 2014......SUNRISE   715 AM EST   SUNSET   540 PM EST
DECEMBER 21 2014......SUNRISE   716 AM EST   SUNSET   541 PM EST


-  INDICATES NEGATIVE NUMBERS.
R  INDICATES RECORD WAS SET OR TIED.
MM INDICATES DATA IS MISSING.
T  INDICATES TRACE AMOUNT.




$$


&&
------------------------------------------------------------------
******************** SUPPLEMENTAL DATA ***************************

...GULF WATER TEMPERATURE AT NEW PASS 65
