000
CDUS42 KJAX 242226
CLISSI


CLIMATE REPORT
NATIONAL WEATHER SERVICE JACKSONVILLE FL
526 PM EST WED DEC 24 2014


...................................

...THE ST SIMONS ISLAND CLIMATE SUMMARY FOR DECEMBER 24 2014...
VALID TODAY AS OF 0500 PM LOCAL TIME.

CLIMATE NORMAL PERIOD 1981 TO 2010
CLIMATE RECORD PERIOD 1948 TO 2014


WEATHER ITEM   OBSERVED TIME   RECORD YEAR NORMAL DEPARTURE LAST
                VALUE   (LST)  VALUE       VALUE  FROM      YEAR
                                                  NORMAL
..................................................................
TEMPERATURE (F)
 TODAY
  MAXIMUM         69    408 PM  77    1984  61      8       60
  MINIMUM         62   1202 AM  16    1989  44     18       40
  AVERAGE         66                        52     14       50

PRECIPITATION (IN)
  TODAY            0.21          0.95 2002   0.09   0.12     0.04
  MONTH TO DATE    1.22                      2.05  -0.83     1.31
  SINCE DEC 1      1.22                      2.05  -0.83     1.31
  SINCE JAN 1     43.94                     44.41  -0.47    51.48

SNOWFALL (IN)
  TODAY            0.0           0.0    MM                   0.0
  MONTH TO DATE    0.0                                       0.0
  SINCE DEC 1      0.0                                       0.0
  SINCE JUL 1      0.0                                       0.0

DEGREE DAYS
 HEATING
  TODAY            0                        13    -13       15
  MONTH TO DATE  206                       257    -51      154
  SINCE DEC 1    206                       257    -51      154
  SINCE JUL 1    492                       437     55      344

 COOLING
  TODAY            1                         0      1        0
  MONTH TO DATE    2                         9     -7       18
  SINCE DEC 1      2                         9     -7       18
  SINCE JAN 1   2588                      2624    -36     2605
..................................................................


WIND (MPH)
  HIGHEST WIND SPEED    15   HIGHEST WIND DIRECTION     S (180)
  HIGHEST GUST SPEED    23   HIGHEST GUST DIRECTION     W (280)
  AVERAGE WIND SPEED    10.8


SKY COVER
  POSSIBLE SUNSHINE  MM
  AVERAGE SKY COVER 0.8


WEATHER CONDITIONS
 THE FOLLOWING WEATHER WAS RECORDED TODAY.
  RAIN
  LIGHT RAIN
  FOG


RELATIVE HUMIDITY (PERCENT)
 HIGHEST   100          1200 AM
 LOWEST     84           400 PM
 AVERAGE    92

..........................................................


THE ST SIMONS ISLAND CLIMATE NORMALS FOR TOMORROW
                         NORMAL    RECORD    YEAR
 MAXIMUM TEMPERATURE (F)   61        80      2008
 MINIMUM TEMPERATURE (F)   44        12      1983


SUNRISE AND SUNSET
DECEMBER 24 2014......SUNRISE   721 AM EST   SUNSET   529 PM EST
DECEMBER 25 2014......SUNRISE   722 AM EST   SUNSET   530 PM EST


-  INDICATES NEGATIVE NUMBERS.
R  INDICATES RECORD WAS SET OR TIED.
MM INDICATES DATA IS MISSING.
T  INDICATES TRACE AMOUNT.




$$
