000
CDUS42 KJAX 310541
CLISSI


CLIMATE REPORT
NATIONAL WEATHER SERVICE JACKSONVILLE FL
141 AM EDT FRI JUL 31 2015


...................................

...THE ST SIMONS ISLAND CLIMATE SUMMARY FOR JULY 30 2015...

CLIMATE NORMAL PERIOD 1981 TO 2010
CLIMATE RECORD PERIOD 1948 TO 2015


WEATHER ITEM   OBSERVED TIME   RECORD YEAR NORMAL DEPARTURE LAST
                VALUE   (LST)  VALUE       VALUE  FROM      YEAR
                                                  NORMAL
..................................................................
TEMPERATURE (F)
 YESTERDAY
  MAXIMUM         88    410 PM  99    2010  90     -2       89
  MINIMUM         75    549 AM  69    1962  76     -1       75
  AVERAGE         82                        83     -1       82

PRECIPITATION (IN)
  YESTERDAY        0.00          1.90 1963   0.14  -0.14     0.07
  MONTH TO DATE    5.15                      3.94   1.21     2.70
  SINCE JUN 1      9.17                      8.78   0.39     7.46
  SINCE JAN 1     23.29                     23.70  -0.41    25.95

SNOWFALL (IN)
  YESTERDAY        0.0           0.0    MM                   0.0
  MONTH TO DATE    0.0                                       0.0
  SINCE JUN 1      0.0                                       0.0
  SINCE JUL 1      0.0                                       0.0
  SNOW DEPTH       0

DEGREE DAYS
 HEATING
  YESTERDAY        0                         0      0        0
  MONTH TO DATE    0                         0      0        0
  SINCE JUN 1      0                         0      0        0
  SINCE JUL 1      0                         0      0        0

 COOLING
  YESTERDAY       17                        18     -1       17
  MONTH TO DATE  546                       535     11      521
  SINCE JUN 1   1041                       994     47      988
  SINCE JAN 1   1589                      1436    153     1431
..................................................................


WIND (MPH)
  HIGHEST WIND SPEED    13   HIGHEST WIND DIRECTION    SW (230)
  HIGHEST GUST SPEED    17   HIGHEST GUST DIRECTION    SE (140)
  AVERAGE WIND SPEED     6.5


SKY COVER
  POSSIBLE SUNSHINE  MM
  AVERAGE SKY COVER 0.1


WEATHER CONDITIONS
 THE FOLLOWING WEATHER WAS RECORDED YESTERDAY.
  NO SIGNIFICANT WEATHER WAS OBSERVED.


RELATIVE HUMIDITY (PERCENT)
 HIGHEST    94           400 AM
 LOWEST     65           600 PM
 AVERAGE    80

..........................................................


THE ST SIMONS ISLAND CLIMATE NORMALS FOR TODAY
                         NORMAL    RECORD    YEAR
 MAXIMUM TEMPERATURE (F)   90       101      1999
 MINIMUM TEMPERATURE (F)   76        68      1966


SUNRISE AND SUNSET
JULY 31 2015..........SUNRISE   642 AM EDT   SUNSET   822 PM EDT
AUGUST  1 2015........SUNRISE   642 AM EDT   SUNSET   821 PM EDT


-  INDICATES NEGATIVE NUMBERS.
R  INDICATES RECORD WAS SET OR TIED.
MM INDICATES DATA IS MISSING.
T  INDICATES TRACE AMOUNT.




$$
