000
CDUS42 KJAX 182132
CLISSI


CLIMATE REPORT
NATIONAL WEATHER SERVICE JACKSONVILLE FL
532 PM EDT THU SEP 18 2014


...................................

...THE ST SIMONS ISLAND CLIMATE SUMMARY FOR SEPTEMBER 18 2014...
VALID TODAY AS OF 0500 PM LOCAL TIME.

CLIMATE NORMAL PERIOD 1981 TO 2010
CLIMATE RECORD PERIOD 1948 TO 2014


WEATHER ITEM   OBSERVED TIME   RECORD YEAR NORMAL DEPARTURE LAST
                VALUE   (LST)  VALUE       VALUE  FROM      YEAR
                                                  NORMAL
..................................................................
TEMPERATURE (F)
 TODAY
  MAXIMUM         87   1205 PM  93    1972  84      3       82
  MINIMUM         72    636 AM  61    1981  71      1       76
  AVERAGE         80                        78      2       79

PRECIPITATION (IN)
  TODAY            0.00          1.17 1951   0.18  -0.18      T
  MONTH TO DATE    3.12                      3.61  -0.49     5.47
  SINCE SEP 1      3.12                      3.61  -0.49     5.47
  SINCE JAN 1     33.87                     33.72   0.15    40.41

SNOWFALL (IN)
  TODAY            0.0           0.0    MM                   0.0
  MONTH TO DATE    0.0                                       0.0
  SINCE SEP 1      0.0                                       0.0
  SINCE JUL 1      0.0                                       0.0

DEGREE DAYS
 HEATING
  TODAY            0                         0      0        0
  MONTH TO DATE    0                         0      0        0
  SINCE SEP 1      0                         0      0        0
  SINCE JUL 1      0                         0      0        0

 COOLING
  TODAY           15                        13      2       14
  MONTH TO DATE  276                       259     17      296
  SINCE SEP 1    276                       259     17      296
  SINCE JAN 1   2281                      2235     46     2241
..................................................................


WIND (MPH)
  HIGHEST WIND SPEED    13   HIGHEST WIND DIRECTION    SE (120)
  HIGHEST GUST SPEED    16   HIGHEST GUST DIRECTION     E (100)
  AVERAGE WIND SPEED     3.5


SKY COVER
  POSSIBLE SUNSHINE  MM
  AVERAGE SKY COVER 0.1


WEATHER CONDITIONS
 THE FOLLOWING WEATHER WAS RECORDED TODAY.
  THUNDERSTORM
  LIGHT RAIN


RELATIVE HUMIDITY (PERCENT)
 HIGHEST    93          1200 AM
 LOWEST     61          1200 PM
 AVERAGE    77

..........................................................


THE ST SIMONS ISLAND CLIMATE NORMALS FOR TOMORROW
                         NORMAL    RECORD    YEAR
 MAXIMUM TEMPERATURE (F)   84        91      2006
                                             1955
 MINIMUM TEMPERATURE (F)   71        52      1981


SUNRISE AND SUNSET
SEPTEMBER 18 2014.....SUNRISE   711 AM EDT   SUNSET   727 PM EDT
SEPTEMBER 19 2014.....SUNRISE   712 AM EDT   SUNSET   726 PM EDT


-  INDICATES NEGATIVE NUMBERS.
R  INDICATES RECORD WAS SET OR TIED.
MM INDICATES DATA IS MISSING.
T  INDICATES TRACE AMOUNT.




$$
