000
CDUS42 KJAX 300527
CLISSI


CLIMATE REPORT
NATIONAL WEATHER SERVICE JACKSONVILLE FL
126 AM EDT THU MAR 30 2017


...................................

...THE ST SIMONS ISLAND CLIMATE SUMMARY FOR MARCH 29 2017...

CLIMATE NORMAL PERIOD 1981 TO 2010
CLIMATE RECORD PERIOD 1948 TO 2017


WEATHER ITEM   OBSERVED TIME   RECORD YEAR NORMAL DEPARTURE LAST
                VALUE   (LST)  VALUE       VALUE  FROM      YEAR
                                                  NORMAL
..................................................................
TEMPERATURE (F)
 YESTERDAY
  MAXIMUM         82   1042 AM  85    2012  71     11       72
  MINIMUM         65    633 AM  34    1955  54     11       58
  AVERAGE         74                        63     11       65

PRECIPITATION (IN)
  YESTERDAY        0.00          0.95 1970   0.12  -0.12     0.00
  MONTH TO DATE    0.66                      3.64  -2.98     1.56
  SINCE MAR 1      0.66                      3.64  -2.98     1.56
  SINCE JAN 1      6.52                     10.33  -3.81     8.70

SNOWFALL (IN)
  YESTERDAY        0.0           0.0    MM                   0.0
  MONTH TO DATE    0.0                                       0.0
  SINCE MAR 1      0.0                                       0.0
  SINCE JUL 1      0.0                                       0.0
  SNOW DEPTH       0

DEGREE DAYS
 HEATING
  YESTERDAY        0                         4     -4        0
  MONTH TO DATE  154                       171    -17       81
  SINCE MAR 1    154                       171    -17       81
  SINCE JUL 1    769                      1422   -653      987

 COOLING
  YESTERDAY        9                         1      8        0
  MONTH TO DATE   63                        28     35       79
  SINCE MAR 1     63                        28     35       79
  SINCE JAN 1    115                        37     78       83
..................................................................


WIND (MPH)
  HIGHEST WIND SPEED    13   HIGHEST WIND DIRECTION     E (110)
  HIGHEST GUST SPEED    24   HIGHEST GUST DIRECTION     S (190)
  AVERAGE WIND SPEED     6.7


SKY COVER
  POSSIBLE SUNSHINE  MM
  AVERAGE SKY COVER 0.2


WEATHER CONDITIONS
 THE FOLLOWING WEATHER WAS RECORDED YESTERDAY.
  NO SIGNIFICANT WEATHER WAS OBSERVED.


RELATIVE HUMIDITY (PERCENT)
 HIGHEST    90          1100 PM
 LOWEST     58          1000 AM
 AVERAGE    74

..........................................................


THE ST SIMONS ISLAND CLIMATE NORMALS FOR TODAY
                         NORMAL    RECORD    YEAR
 MAXIMUM TEMPERATURE (F)   72        88      1954
 MINIMUM TEMPERATURE (F)   55        34      1964


SUNRISE AND SUNSET
MARCH 30 2017.........SUNRISE   717 AM EDT   SUNSET   744 PM EDT
MARCH 31 2017.........SUNRISE   715 AM EDT   SUNSET   744 PM EDT


-  INDICATES NEGATIVE NUMBERS.
R  INDICATES RECORD WAS SET OR TIED.
MM INDICATES DATA IS MISSING.
T  INDICATES TRACE AMOUNT.




$$
