000
CDUS42 KJAX 290533
CLISSI


CLIMATE REPORT
NATIONAL WEATHER SERVICE JACKSONVILLE FL
1232 AM EST SAT NOV 29 2014


...................................

...THE ST SIMONS ISLAND CLIMATE SUMMARY FOR NOVEMBER 28 2014...

CLIMATE NORMAL PERIOD 1981 TO 2010
CLIMATE RECORD PERIOD 1948 TO 2014


WEATHER ITEM   OBSERVED TIME   RECORD YEAR NORMAL DEPARTURE LAST
                VALUE   (LST)  VALUE       VALUE  FROM      YEAR
                                                  NORMAL
..................................................................
TEMPERATURE (F)
 YESTERDAY
  MAXIMUM         51    207 PM  83    1973  67    -16       51
                                      1948
  MINIMUM         36    726 AM  26    1956  50    -14       31
  AVERAGE         44                        58    -14       41

PRECIPITATION (IN)
  YESTERDAY        0.00          0.92 1966   0.06  -0.06     0.00
  MONTH TO DATE    3.50                      1.89   1.61     3.17
  SINCE SEP 1     11.97                     12.11  -0.14    15.23
  SINCE JAN 1     42.72                     42.22   0.50    50.17

SNOWFALL (IN)
  YESTERDAY        0.0           0.0    MM                   0.0
  MONTH TO DATE    0.0                                       0.0
  SINCE SEP 1      0.0                                       0.0
  SINCE JUL 1      0.0                                       0.0
  SNOW DEPTH       0

DEGREE DAYS
 HEATING
  YESTERDAY       21                         8     13       24
  MONTH TO DATE  244                       135    109      139
  SINCE SEP 1    261                       165     96      161
  SINCE JUL 1    261                       165     96      161

 COOLING
  YESTERDAY        0                         1     -1        0
  MONTH TO DATE   18                        51    -33       45
  SINCE SEP 1    581                       636    -55      642
  SINCE JAN 1   2586                      2612    -26     2587
..................................................................


WIND (MPH)
  HIGHEST WIND SPEED    15   HIGHEST WIND DIRECTION    NE (50)
  HIGHEST GUST SPEED    20   HIGHEST GUST DIRECTION    NE (50)
  AVERAGE WIND SPEED     6.8


SKY COVER
  POSSIBLE SUNSHINE  MM
  AVERAGE SKY COVER 0.0


WEATHER CONDITIONS
 THE FOLLOWING WEATHER WAS RECORDED YESTERDAY.
  NO SIGNIFICANT WEATHER WAS OBSERVED.


RELATIVE HUMIDITY (PERCENT)
 HIGHEST    85          1100 PM
 LOWEST     46           100 PM
 AVERAGE    66

..........................................................


THE ST SIMONS ISLAND CLIMATE NORMALS FOR TODAY
                         NORMAL    RECORD    YEAR
 MAXIMUM TEMPERATURE (F)   67        80      1985
 MINIMUM TEMPERATURE (F)   50        28      1950


SUNRISE AND SUNSET
NOVEMBER 29 2014......SUNRISE   705 AM EST   SUNSET   523 PM EST
NOVEMBER 30 2014......SUNRISE   705 AM EST   SUNSET   523 PM EST


-  INDICATES NEGATIVE NUMBERS.
R  INDICATES RECORD WAS SET OR TIED.
MM INDICATES DATA IS MISSING.
T  INDICATES TRACE AMOUNT.




$$
