000
CDUS43 KMPX 170824
CLISTC


CLIMATE REPORT
NATIONAL WEATHER SERVICE CHANHASSEN MN
224 AM CST WED JAN 17 2018


...................................

...THE ST CLOUD MN CLIMATE SUMMARY FOR JANUARY 16 2018...

CLIMATE NORMAL PERIOD 1981 TO 2010
CLIMATE RECORD PERIOD 1893 TO 2018


WEATHER ITEM   OBSERVED TIME   RECORD YEAR NORMAL DEPARTURE LAST
                VALUE   (LST)  VALUE       VALUE  FROM      YEAR
                                                  NORMAL
..................................................................
TEMPERATURE (F)
 YESTERDAY
  MAXIMUM          6    434 PM  47    1961  21    -15       28
  MINIMUM         -9    839 AM -36    2009   1    -10        3
  AVERAGE         -1                        11    -12       16

PRECIPITATION (IN)
  YESTERDAY        0.00          0.60 1897   0.02  -0.02     0.00
  MONTH TO DATE    0.17                      0.37  -0.20     0.37
  SINCE DEC 1      0.61                      1.19  -0.58     1.92
  SINCE JAN 1      0.17                      0.37  -0.20     0.37

SNOWFALL (IN)
  YESTERDAY        0.0           6.0  1932   0.2   -0.2      0.0
  MONTH TO DATE    3.9                       4.7   -0.8      9.0
  SINCE DEC 1      8.6                      14.1   -5.5     17.8
  SINCE JUL 1     15.7                      23.3   -7.6     25.1
  SNOW DEPTH       5

DEGREE DAYS
 HEATING
  YESTERDAY       66                        54     12       49
  MONTH TO DATE  955                       857     98      937
  SINCE DEC 1   2498                      2379    119     2401
  SINCE JUL 1   4264                      4304    -40     3775

 COOLING
  YESTERDAY        0                         0      0        0
  MONTH TO DATE    0                         0      0        0
  SINCE DEC 1      0                         0      0        0
  SINCE JAN 1      0                         0      0        0
..................................................................


WIND (MPH)
  HIGHEST WIND SPEED    16   HIGHEST WIND DIRECTION     N (340)
  HIGHEST GUST SPEED    22   HIGHEST GUST DIRECTION     N (350)
  AVERAGE WIND SPEED     7.0


SKY COVER
  POSSIBLE SUNSHINE  MM
  AVERAGE SKY COVER 0.2


WEATHER CONDITIONS
 THE FOLLOWING WEATHER WAS RECORDED YESTERDAY.
  FOG


RELATIVE HUMIDITY (PERCENT)
 HIGHEST    90           800 AM
 LOWEST     69           100 PM
 AVERAGE    80

..........................................................


THE ST CLOUD MN CLIMATE NORMALS FOR TODAY
                         NORMAL    RECORD    YEAR
 MAXIMUM TEMPERATURE (F)   21        43      1923
 MINIMUM TEMPERATURE (F)    1       -35      1982


SUNRISE AND SUNSET
JANUARY 17 2018.......SUNRISE   751 AM CST   SUNSET   502 PM CST
JANUARY 18 2018.......SUNRISE   751 AM CST   SUNSET   503 PM CST


-  INDICATES NEGATIVE NUMBERS.
R  INDICATES RECORD WAS SET OR TIED.
MM INDICATES DATA IS MISSING.
T  INDICATES TRACE AMOUNT.




$$
