000
CDUS43 KMPX 040802
CLISTC


CLIMATE REPORT
NATIONAL WEATHER SERVICE CHANHASSEN MN
301 AM CDT WED MAY 4 2016


...................................

...THE ST CLOUD MN CLIMATE SUMMARY FOR MAY 3 2016...

CLIMATE NORMAL PERIOD 1981 TO 2010
CLIMATE RECORD PERIOD 1893 TO 2016


WEATHER ITEM   OBSERVED TIME   RECORD YEAR NORMAL DEPARTURE LAST
                VALUE   (LST)  VALUE       VALUE  FROM      YEAR
                                                  NORMAL
..................................................................
TEMPERATURE (F)
 YESTERDAY
  MAXIMUM         74    347 PM  94    1949  65      9       79
  MINIMUM         39    505 AM  18    1907  40     -1       44
  AVERAGE         57                        52      5       62

PRECIPITATION (IN)
  YESTERDAY        0.00          2.96 1912   0.10  -0.10     0.04
  MONTH TO DATE    0.00                      0.29  -0.29     0.06
  SINCE MAR 1      3.24                      4.41  -1.17     2.11
  SINCE JAN 1      4.18                      5.65  -1.47     2.70

SNOWFALL (IN)
  YESTERDAY        0.0           0.5  1954   0.0    0.0      0.0
  MONTH TO DATE    0.0                       0.0    0.0      0.0
  SINCE MAR 1      4.6                      11.5   -6.9      4.3
  SINCE JUL 1     30.3                      45.7  -15.4     31.1
  SNOW DEPTH       0

DEGREE DAYS
 HEATING
  YESTERDAY        8                        13     -5        3
  MONTH TO DATE   40                        40      0       16
  SINCE MAR 1   1462                      1761   -299     1568
  SINCE JUL 1   6913                      8207  -1294     7826

 COOLING
  YESTERDAY        0                         0      0        0
  MONTH TO DATE    0                         0      0        0
  SINCE MAR 1      5                         2      3        0
  SINCE JAN 1      5                         2      3        0
..................................................................


WIND (MPH)
  HIGHEST WIND SPEED    28   HIGHEST WIND DIRECTION     W (280)
  HIGHEST GUST SPEED    35   HIGHEST GUST DIRECTION     W (260)
  AVERAGE WIND SPEED    11.4


SKY COVER
  POSSIBLE SUNSHINE  MM
  AVERAGE SKY COVER 0.1


WEATHER CONDITIONS
 THE FOLLOWING WEATHER WAS RECORDED YESTERDAY.
  NO SIGNIFICANT WEATHER WAS OBSERVED.


RELATIVE HUMIDITY (PERCENT)
 HIGHEST    85           500 AM
 LOWEST     17           400 PM
 AVERAGE    51

..........................................................


THE ST CLOUD MN CLIMATE NORMALS FOR TODAY
                         NORMAL    RECORD    YEAR
 MAXIMUM TEMPERATURE (F)   65        92      1952
 MINIMUM TEMPERATURE (F)   40        19      1967


SUNRISE AND SUNSET
MAY  4 2016...........SUNRISE   559 AM CDT   SUNSET   828 PM CDT
MAY  5 2016...........SUNRISE   558 AM CDT   SUNSET   829 PM CDT


-  INDICATES NEGATIVE NUMBERS.
R  INDICATES RECORD WAS SET OR TIED.
MM INDICATES DATA IS MISSING.
T  INDICATES TRACE AMOUNT.




$$
