421
CDUS43 KEAX 230701
CLISTJ


CLIMATE REPORT
NATIONAL WEATHER SERVICE KANSAS CITY/PLEASANT HILL MO
100 AM CST THU FEB 23 2017


...................................

...THE ST. JOSEPH MO CLIMATE SUMMARY FOR FEBRUARY 22 2017...

CLIMATE NORMAL PERIOD 1981 TO 2010
CLIMATE RECORD PERIOD 1892 TO 2017


WEATHER ITEM   OBSERVED TIME   RECORD YEAR NORMAL DEPARTURE LAST
                VALUE   (LST)  VALUE       VALUE  FROM      YEAR
                                                  NORMAL
..................................................................
TEMPERATURE (F)
 YESTERDAY
  MAXIMUM         77R   401 PM  70    1982  44     33       48
  MINIMUM         41    529 AM  -7    1978  23     18       31
  AVERAGE         59                        34     25       40

PRECIPITATION (IN)
  YESTERDAY        0.00          1.39 1922   0.04  -0.04     0.00
  MONTH TO DATE    0.04                      0.70  -0.66     0.32
  SINCE DEC 1      2.11                      2.78  -0.67     3.16
  SINCE JAN 1      1.01                      1.26  -0.25     0.91

DEGREE DAYS
 HEATING
  YESTERDAY        6                        31    -25       25
  MONTH TO DATE  523                       745   -222      634
  SINCE DEC 1   2480                      3017   -537     2623
  SINCE JUL 1   3155                      4128   -973     3459

 COOLING
  YESTERDAY        0                         0      0        0
  MONTH TO DATE    0                         0      0        0
  SINCE DEC 1      0                         0      0        0
  SINCE JAN 1      0                         0      0        0
..................................................................


WIND (MPH)
  HIGHEST WIND SPEED    24   HIGHEST WIND DIRECTION    SW (210)
  HIGHEST GUST SPEED    29   HIGHEST GUST DIRECTION     S (200)
  AVERAGE WIND SPEED     9.9


SKY COVER
  POSSIBLE SUNSHINE  MM
  AVERAGE SKY COVER 0.0


WEATHER CONDITIONS
 THE FOLLOWING WEATHER WAS RECORDED YESTERDAY.
  NO SIGNIFICANT WEATHER WAS OBSERVED.


RELATIVE HUMIDITY (PERCENT)
 HIGHEST    82           100 AM
 LOWEST     24           300 PM
 AVERAGE    53

..........................................................


THE ST. JOSEPH MO CLIMATE NORMALS FOR TODAY
                         NORMAL    RECORD    YEAR
 MAXIMUM TEMPERATURE (F)   45        71      1918
 MINIMUM TEMPERATURE (F)   24        -5      1910


SUNRISE AND SUNSET
FEBRUARY 23 2017......SUNRISE   701 AM CST   SUNSET   605 PM CST
FEBRUARY 24 2017......SUNRISE   700 AM CST   SUNSET   607 PM CST


-  INDICATES NEGATIVE NUMBERS.
R  INDICATES RECORD WAS SET OR TIED.
MM INDICATES DATA IS MISSING.
T  INDICATES TRACE AMOUNT.




$$
