000
CDUS43 KEAX 180632
CLISTJ


CLIMATE REPORT
NATIONAL WEATHER SERVICE KANSAS CITY/PLEASANT HILL MO
1232 AM CST MON DEC 18 2017


...................................

...THE ST. JOSEPH MO CLIMATE SUMMARY FOR DECEMBER 17 2017...

CLIMATE NORMAL PERIOD 1981 TO 2010
CLIMATE RECORD PERIOD 1892 TO 2017


WEATHER ITEM   OBSERVED TIME   RECORD YEAR NORMAL DEPARTURE LAST
                VALUE   (LST)  VALUE       VALUE  FROM      YEAR
                                                  NORMAL
..................................................................
TEMPERATURE (F)
 YESTERDAY
  MAXIMUM         48    309 PM  68    1939  38     10       28
  MINIMUM         35   1202 AM -15    1981  19     16        1
  AVERAGE         42                        29     13       15

PRECIPITATION (IN)
  YESTERDAY        0.10         99.99 2016   0.05   0.05     0.05
  MONTH TO DATE    0.10                      0.86  -0.76     0.64
  SINCE DEC 1      0.10                      0.86  -0.76     0.64
  SINCE JAN 1     25.96                     34.94  -8.98    41.62

DEGREE DAYS
 HEATING
  YESTERDAY       23                        36    -13       50
  MONTH TO DATE  468                       574   -106      660
  SINCE DEC 1    468                       574   -106      660
  SINCE JUL 1   1443                      1685   -242     1335

 COOLING
  YESTERDAY        0                         0      0        0
  MONTH TO DATE    0                         0      0        0
  SINCE DEC 1      0                         0      0        0
  SINCE JAN 1   1271                      1221     50     1547
..................................................................


WIND (MPH)
  HIGHEST WIND SPEED     9   HIGHEST WIND DIRECTION     W (280)
  HIGHEST GUST SPEED    12   HIGHEST GUST DIRECTION     W (270)
  AVERAGE WIND SPEED     4.4


SKY COVER
  POSSIBLE SUNSHINE  MM
  AVERAGE SKY COVER 0.8


WEATHER CONDITIONS
 THE FOLLOWING WEATHER WAS RECORDED YESTERDAY.
  RAIN
  LIGHT RAIN
  FOG
  FOG W/VISIBILITY <= 1/4 MILE


RELATIVE HUMIDITY (PERCENT)
 HIGHEST   100           700 AM
 LOWEST     70           500 AM
 AVERAGE    85

..........................................................


THE ST. JOSEPH MO CLIMATE NORMALS FOR TODAY
                         NORMAL    RECORD    YEAR
 MAXIMUM TEMPERATURE (F)   38        64      1976
 MINIMUM TEMPERATURE (F)   19       -19      1983


SUNRISE AND SUNSET
DECEMBER 18 2017......SUNRISE   736 AM CST   SUNSET   457 PM CST
DECEMBER 19 2017......SUNRISE   736 AM CST   SUNSET   458 PM CST


-  INDICATES NEGATIVE NUMBERS.
R  INDICATES RECORD WAS SET OR TIED.
MM INDICATES DATA IS MISSING.
T  INDICATES TRACE AMOUNT.




$$
