000
CDUS43 KEAX 140632
CLISTJ


CLIMATE REPORT
NATIONAL WEATHER SERVICE KANSAS CITY/PLEASANT HILL MO
132 AM CDT MON JUL 14 2014


...................................

...THE ST. JOSEPH MO CLIMATE SUMMARY FOR JULY 13 2014...

CLIMATE NORMAL PERIOD 1981 TO 2010
CLIMATE RECORD PERIOD 1892 TO 2014


WEATHER ITEM   OBSERVED TIME   RECORD YEAR NORMAL DEPARTURE LAST
                VALUE   (LST)  VALUE       VALUE  FROM      YEAR
                                                  NORMAL
..................................................................
TEMPERATURE (F)
 YESTERDAY
  MAXIMUM         86    550 PM 107    1954  87     -1       87
  MINIMUM         71    613 AM  47    1975  67      4       70
  AVERAGE         79                        77      2       79

PRECIPITATION (IN)
  YESTERDAY        0.45          3.36 1915   0.18   0.27      T
  MONTH TO DATE    4.24                      1.97   2.27     0.07
  SINCE JUN 1     12.15                      6.15   6.00     2.16
  SINCE JAN 1     19.92                     19.10   0.82    16.21

DEGREE DAYS
 HEATING
  YESTERDAY        0                         0      0        0
  MONTH TO DATE    4                         0      4        0
  SINCE JUN 1      5                         8     -3       15
  SINCE JUL 1      4                         0      4        0

 COOLING
  YESTERDAY       14                        12      2       14
  MONTH TO DATE  128                       154    -26      159
  SINCE JUN 1    407                       421    -14      434
  SINCE JAN 1    568                       534     34      560
..................................................................


WIND (MPH)
  HIGHEST WIND SPEED    22   HIGHEST WIND DIRECTION    NE (30)
  HIGHEST GUST SPEED    26   HIGHEST GUST DIRECTION     N (20)
  AVERAGE WIND SPEED     4.3


SKY COVER
  POSSIBLE SUNSHINE  MM
  AVERAGE SKY COVER 0.4


WEATHER CONDITIONS
 THE FOLLOWING WEATHER WAS RECORDED YESTERDAY.
  THUNDERSTORM
  RAIN
  LIGHT RAIN
  FOG


RELATIVE HUMIDITY (PERCENT)
 HIGHEST    93           700 AM
 LOWEST     61           200 PM
 AVERAGE    77

..........................................................


THE ST. JOSEPH MO CLIMATE NORMALS FOR TODAY
                         NORMAL    RECORD    YEAR
 MAXIMUM TEMPERATURE (F)   87       106      1936
 MINIMUM TEMPERATURE (F)   67        49      1967


SUNRISE AND SUNSET
JULY 14 2014..........SUNRISE   603 AM CDT   SUNSET   847 PM CDT
JULY 15 2014..........SUNRISE   604 AM CDT   SUNSET   847 PM CDT


-  INDICATES NEGATIVE NUMBERS.
R  INDICATES RECORD WAS SET OR TIED.
MM INDICATES DATA IS MISSING.
T  INDICATES TRACE AMOUNT.




$$
