000
CDUS43 KLSX 032230
CLISTL


CLIMATE REPORT
NATIONAL WEATHER SERVICE ST LOUIS MO
430 PM CST TUE MAR 3 2015


...................................

...THE ST. LOUIS CLIMATE SUMMARY FOR MARCH 3 2015...
VALID TODAY AS OF 0400 PM LOCAL TIME.

CLIMATE NORMAL PERIOD 1981 TO 2010
CLIMATE RECORD PERIOD 1874 TO 2015


WEATHER ITEM   OBSERVED TIME   RECORD YEAR NORMAL DEPARTURE LAST
                VALUE   (LST)  VALUE       VALUE  FROM      YEAR
                                                  NORMAL
..................................................................
TEMPERATURE (F)
 TODAY
  MAXIMUM         48   1238 PM  85    1974  51     -3       24
  MINIMUM         32   1244 AM   1    1943  32      0        4
  AVERAGE         40                        42     -2       14

PRECIPITATION (IN)
  TODAY            0.01          1.49 1976   0.08  -0.07     0.00
  MONTH TO DATE    0.05                      0.25  -0.20     0.32
  SINCE MAR 1      0.05                      0.25  -0.20     0.32
  SINCE JAN 1      3.00                      4.89  -1.89     3.47

SNOWFALL (IN)
  TODAY           MM             3.2  1965   0.1   MM        0.0
  MONTH TO DATE    0.6                       0.3    0.3      1.5
  SINCE MAR 1      0.6                       0.3    0.3      1.5
  SINCE JUL 1     16.8                      15.3    1.5     28.7
  SNOW DEPTH       0

DEGREE DAYS
 HEATING
  TODAY           25                        24      1       51
  MONTH TO DATE  105                        72     33      131
  SINCE MAR 1    105                        72     33      131
  SINCE JUL 1   3907                      3670    237     4168

 COOLING
  TODAY            0                         0      0        0
  MONTH TO DATE    0                         0      0        0
  SINCE MAR 1      0                         0      0        0
  SINCE JAN 1      0                         0      0        0
..................................................................


WIND (MPH)
  HIGHEST WIND SPEED    18   HIGHEST WIND DIRECTION    SE (130)
  HIGHEST GUST SPEED    23   HIGHEST GUST DIRECTION    SW (220)
  AVERAGE WIND SPEED     8.7


SKY COVER
  AVERAGE SKY COVER 1.0



RELATIVE HUMIDITY (PERCENT)
 HIGHEST    92           400 PM
 LOWEST     61          1200 AM
 AVERAGE    77

..........................................................


THE ST. LOUIS CLIMATE NORMALS FOR TOMORROW
                         NORMAL    RECORD    YEAR
 MAXIMUM TEMPERATURE (F)   51        79      1974
 MINIMUM TEMPERATURE (F)   33        -1      1978


SUNRISE AND SUNSET
MARCH  3 2015.........SUNRISE   631 AM CST   SUNSET   556 PM CST
MARCH  4 2015.........SUNRISE   630 AM CST   SUNSET   557 PM CST


-  INDICATES NEGATIVE NUMBERS.
R  INDICATES RECORD WAS SET OR TIED.
MM INDICATES DATA IS MISSING.
T  INDICATES TRACE AMOUNT.




$$
