513
CDUS46 KMTR 170026
CLISTS


CLIMATE REPORT
NATIONAL WEATHER SERVICE SAN FRANCISCO BAY AREA
426 PM PST SAT DEC 16 2017


...................................

...THE SANTA ROSA AIRPORT CLIMATE SUMMARY FOR DECEMBER 16 2017...
VALID TODAY AS OF 0400 PM LOCAL TIME.

CLIMATE NORMAL PERIOD 1981 TO 2010
CLIMATE RECORD PERIOD 1998 TO 2017


WEATHER ITEM   OBSERVED TIME   RECORD YEAR NORMAL DEPARTURE LAST
                VALUE   (LST)  VALUE       VALUE  FROM      YEAR
                                                  NORMAL
..................................................................
TEMPERATURE (F)
 TODAY
  MAXIMUM         65    241 PM  70    2011  56      9       53
  MINIMUM         41    600 AM  27    2011  36      5       39
                                      2005
  AVERAGE         53                        46      7       46

PRECIPITATION (IN)
  TODAY            0.00          1.28 2002   0.24  -0.24     0.00
  MONTH TO DATE    0.04                      3.02  -2.98     5.90
  SINCE OCT 1      6.27                      9.74  -3.47    17.57
  SINCE JAN 1     48.25                     32.27  15.98    41.13

DEGREE DAYS
 HEATING
  TODAY           12                                        19
  MONTH TO DATE  277                                       263
  SINCE DEC 1    277                                       263
  SINCE JUL 1    726                                       756

 COOLING
  TODAY            0                                         0
  MONTH TO DATE    0                                         0
  SINCE DEC 1      0                                         0
  SINCE JAN 1    635                                       356
..................................................................


WIND (MPH)
  RESULTANT WIND SPEED   7   RESULTANT WIND DIRECTION   N (350)
  HIGHEST WIND SPEED    21   HIGHEST WIND DIRECTION    NW (330)
  HIGHEST GUST SPEED    27   HIGHEST GUST DIRECTION    NW (320)
  AVERAGE WIND SPEED     8.3


SKY COVER
  POSSIBLE SUNSHINE  MM
  AVERAGE SKY COVER 0.0


WEATHER CONDITIONS
 THE FOLLOWING WEATHER WAS RECORDED TODAY.
  NO SIGNIFICANT WEATHER WAS OBSERVED.


RELATIVE HUMIDITY (PERCENT)
 HIGHEST   100          1200 AM
 LOWEST     28           200 PM
 AVERAGE    64

..........................................................


THE SANTA ROSA AIRPORT CLIMATE NORMALS FOR TOMORROW
                         NORMAL    RECORD    YEAR
 MAXIMUM TEMPERATURE (F)   56        67      1998
 MINIMUM TEMPERATURE (F)   36        24      2008


SUNRISE AND SUNSET
DECEMBER 16 2017......SUNRISE   722 AM PST   SUNSET   452 PM PST
DECEMBER 17 2017......SUNRISE   723 AM PST   SUNSET   452 PM PST


-  INDICATES NEGATIVE NUMBERS.
R  INDICATES RECORD WAS SET OR TIED.
MM INDICATES DATA IS MISSING.
T  INDICATES TRACE AMOUNT.




$$
