000
CDUS46 KMTR 230027
CLISTS


CLIMATE REPORT
NATIONAL WEATHER SERVICE SAN FRANCISCO BAY AREA
427 PM PST WED FEB 22 2017


...................................

...THE SANTA ROSA AIRPORT CLIMATE SUMMARY FOR FEBRUARY 22 2017...
VALID TODAY AS OF 0400 PM LOCAL TIME.

CLIMATE NORMAL PERIOD 1981 TO 2010
CLIMATE RECORD PERIOD 1998 TO 2017


WEATHER ITEM   OBSERVED TIME   RECORD YEAR NORMAL DEPARTURE LAST
                VALUE   (LST)  VALUE       VALUE  FROM      YEAR
                                                  NORMAL
..................................................................
TEMPERATURE (F)
 TODAY
  MAXIMUM         57    150 PM  80    2012  62     -5       73
  MINIMUM         33    704 AM  29    2006  40     -7       38
  AVERAGE         45                        51     -6       56

PRECIPITATION (IN)
  TODAY            0.08          2.47 2009   0.25  -0.17     0.00
  MONTH TO DATE   14.69                      5.01   9.68     0.74
  SINCE OCT 1     52.07                     25.81  26.26    20.19
  SINCE JAN 1     33.65                     12.06  21.59    11.61

DEGREE DAYS
 HEATING
  TODAY           20                                         9
  MONTH TO DATE  253                                       228
  SINCE DEC 1   1406                                      1224
  SINCE JUL 1   1899                                      1669

 COOLING
  TODAY            0                                         0
  MONTH TO DATE    0                                         3
  SINCE DEC 1      0                                         3
  SINCE JAN 1      0                                         3
..................................................................


WIND (MPH)
  RESULTANT WIND SPEED   3   RESULTANT WIND DIRECTION   N (340)
  HIGHEST WIND SPEED    33   HIGHEST WIND DIRECTION     N (350)
  HIGHEST GUST SPEED    41   HIGHEST GUST DIRECTION     N (350)
  AVERAGE WIND SPEED     3.1


SKY COVER
  POSSIBLE SUNSHINE  MM
  AVERAGE SKY COVER 0.6


WEATHER CONDITIONS
 THE FOLLOWING WEATHER WAS RECORDED TODAY.
  RAIN
  HAIL
  FOG
  FOG W/VISIBILITY <= 1/4 MILE


RELATIVE HUMIDITY (PERCENT)
 HIGHEST   100          1200 AM
 LOWEST     50           100 PM
 AVERAGE    75

..........................................................


THE SANTA ROSA AIRPORT CLIMATE NORMALS FOR TOMORROW
                         NORMAL    RECORD    YEAR
 MAXIMUM TEMPERATURE (F)   62        79      2012
 MINIMUM TEMPERATURE (F)   40        29      2007


SUNRISE AND SUNSET
FEBRUARY 22 2017......SUNRISE   652 AM PST   SUNSET   557 PM PST
FEBRUARY 23 2017......SUNRISE   651 AM PST   SUNSET   558 PM PST


-  INDICATES NEGATIVE NUMBERS.
R  INDICATES RECORD WAS SET OR TIED.
MM INDICATES DATA IS MISSING.
T  INDICATES TRACE AMOUNT.




$$
