000
CDUS46 KMTR 140846
CLISTS


CLIMATE REPORT
NATIONAL WEATHER SERVICE SAN FRANCISCO BAY AREA
1246 AM PST SUN FEB 14 2016


...................................

...THE SANTA ROSA AIRPORT CLIMATE SUMMARY FOR FEBRUARY 13 2016...

CLIMATE NORMAL PERIOD 1981 TO 2010
CLIMATE RECORD PERIOD 1998 TO 2016


WEATHER ITEM   OBSERVED TIME   RECORD YEAR NORMAL DEPARTURE LAST
                VALUE   (LST)  VALUE       VALUE  FROM      YEAR
                                                  NORMAL
..................................................................
TEMPERATURE (F)
 YESTERDAY
  MAXIMUM         74    317 PM  75    2015  60     14       75
  MINIMUM         40    735 AM  31    2013  39      1       43
                                      2011
  AVERAGE         57                        50      7       59

PRECIPITATION (IN)
  YESTERDAY        0.00          2.46 2000   0.23  -0.23     0.00
  MONTH TO DATE    0.03                      2.76  -2.73     4.20
  SINCE OCT 1     19.48                     23.56  -4.08    22.87
  SINCE JAN 1     10.90                      9.81   1.09     4.32

DEGREE DAYS
 HEATING
  YESTERDAY        8                                         6
  MONTH TO DATE  145                                       117
  SINCE DEC 1   1141                                       937
  SINCE JUL 1   1586                                      1295

 COOLING
  YESTERDAY        0                                         0
  MONTH TO DATE    0                                         0
  SINCE DEC 1      0                                         0
  SINCE JAN 1      0                                         0
..................................................................


WIND (MPH)
  RESULTANT WIND SPEED   2   RESULTANT WIND DIRECTION  NW (330)
  HIGHEST WIND SPEED    20   HIGHEST WIND DIRECTION    NW (330)
  HIGHEST GUST SPEED    25   HIGHEST GUST DIRECTION    NW (330)
  AVERAGE WIND SPEED     5.0


SKY COVER
  POSSIBLE SUNSHINE  MM
  AVERAGE SKY COVER 0.3


WEATHER CONDITIONS
 THE FOLLOWING WEATHER WAS RECORDED YESTERDAY.
  FOG
  FOG W/VISIBILITY <= 1/4 MILE


RELATIVE HUMIDITY (PERCENT)
 HIGHEST   100           200 AM
 LOWEST     41           300 PM
 AVERAGE    71

..........................................................


THE SANTA ROSA AIRPORT CLIMATE NORMALS FOR TODAY
                         NORMAL    RECORD    YEAR
 MAXIMUM TEMPERATURE (F)   61        77      2015
 MINIMUM TEMPERATURE (F)   39        30      2001


SUNRISE AND SUNSET
FEBRUARY 14 2016......SUNRISE   704 AM PST   SUNSET   548 PM PST
FEBRUARY 15 2016......SUNRISE   702 AM PST   SUNSET   549 PM PST


-  INDICATES NEGATIVE NUMBERS.
R  INDICATES RECORD WAS SET OR TIED.
MM INDICATES DATA IS MISSING.
T  INDICATES TRACE AMOUNT.




$$
