000
CDUS46 KMTR 310027
CLISTS


CLIMATE REPORT
NATIONAL WEATHER SERVICE SAN FRANCISCO BAY AREA
527 PM PDT THU MAR 30 2017


...................................

...THE SANTA ROSA AIRPORT CLIMATE SUMMARY FOR MARCH 30 2017...
VALID TODAY AS OF 0500 PM LOCAL TIME.

CLIMATE NORMAL PERIOD 1981 TO 2010
CLIMATE RECORD PERIOD 1998 TO 2017


WEATHER ITEM   OBSERVED TIME   RECORD YEAR NORMAL DEPARTURE LAST
                VALUE   (LST)  VALUE       VALUE  FROM      YEAR
                                                  NORMAL
..................................................................
TEMPERATURE (F)
 TODAY
  MAXIMUM         68    359 PM  85    2011  66      2       67
  MINIMUM         49    534 AM  32    1999  42      7       40
  AVERAGE         59                        54      5       54

PRECIPITATION (IN)
  TODAY            T             0.33 1999   0.14  -0.14     0.00
  MONTH TO DATE    3.44                      4.84  -1.40    10.11
  SINCE OCT 1     55.51                     32.04  23.47    30.30
  SINCE JAN 1     37.09                     18.29  18.80    21.72

DEGREE DAYS
 HEATING
  TODAY            6                                        11
  MONTH TO DATE  299                                       295
  SINCE MAR 1    299                                       295
  SINCE JUL 1   2322                                      2025

 COOLING
  TODAY            0                                         0
  MONTH TO DATE    0                                         0
  SINCE MAR 1      0                                         0
  SINCE JAN 1      0                                         3
..................................................................


WIND (MPH)
  RESULTANT WIND SPEED  14   RESULTANT WIND DIRECTION  NW (330)
  HIGHEST WIND SPEED    28   HIGHEST WIND DIRECTION    NW (330)
  HIGHEST GUST SPEED    35   HIGHEST GUST DIRECTION    NW (330)
  AVERAGE WIND SPEED    15.4


SKY COVER
  POSSIBLE SUNSHINE  MM
  AVERAGE SKY COVER 0.4


WEATHER CONDITIONS
 THE FOLLOWING WEATHER WAS RECORDED TODAY.
  NO SIGNIFICANT WEATHER WAS OBSERVED.


RELATIVE HUMIDITY (PERCENT)
 HIGHEST    86          1200 AM
 LOWEST     30           300 PM
 AVERAGE    58

..........................................................


THE SANTA ROSA AIRPORT CLIMATE NORMALS FOR TOMORROW
                         NORMAL    RECORD    YEAR
 MAXIMUM TEMPERATURE (F)   66        84      2011
 MINIMUM TEMPERATURE (F)   42        30      2008


SUNRISE AND SUNSET
MARCH 30 2017.........SUNRISE   659 AM PDT   SUNSET   733 PM PDT
MARCH 31 2017.........SUNRISE   657 AM PDT   SUNSET   734 PM PDT


-  INDICATES NEGATIVE NUMBERS.
R  INDICATES RECORD WAS SET OR TIED.
MM INDICATES DATA IS MISSING.
T  INDICATES TRACE AMOUNT.




$$
