000
CDUS46 KMTR 300037
CLISTS


CLIMATE REPORT
NATIONAL WEATHER SERVICE SAN FRANCISCO BAY AREA
537 PM PDT SUN MAR 29 2015


...................................

...THE SANTA ROSA AIRPORT CLIMATE SUMMARY FOR MARCH 29 2015...
VALID TODAY AS OF 0500 PM LOCAL TIME.

CLIMATE NORMAL PERIOD 1981 TO 2010
CLIMATE RECORD PERIOD 1998 TO 2015


WEATHER ITEM   OBSERVED TIME   RECORD YEAR NORMAL DEPARTURE LAST
                VALUE   (LST)  VALUE       VALUE  FROM      YEAR
                                                  NORMAL
..................................................................
TEMPERATURE (F)
 TODAY
  MAXIMUM         81R   343 PM  78    2003  66     15       57
  MINIMUM         41    627 AM  34    1999  42     -1       43
  AVERAGE         61                        54      7       50

PRECIPITATION (IN)
  TODAY            0.00          1.14 2006   0.14  -0.14     0.49
  MONTH TO DATE    0.12                      4.70  -4.58     1.71
  SINCE OCT 1     22.99                     31.90  -8.91    12.65
  SINCE JAN 1      4.44                     18.15 -13.71    11.15

DEGREE DAYS
 HEATING
  TODAY            4                                        15
  MONTH TO DATE  206                                       236
  SINCE MAR 1    206                                       236
  SINCE JUL 1   1662                                      2173

 COOLING
  TODAY            0                                         0
  MONTH TO DATE    1                                         0
  SINCE MAR 1      1                                         0
  SINCE JAN 1      1                                         0
..................................................................


WIND (MPH)
  RESULTANT WIND SPEED   2   RESULTANT WIND DIRECTION   S (190)
  HIGHEST WIND SPEED    13   HIGHEST WIND DIRECTION     S (170)
  HIGHEST GUST SPEED    16   HIGHEST GUST DIRECTION     S (170)
  AVERAGE WIND SPEED     3.4


SKY COVER
  POSSIBLE SUNSHINE  MM
  AVERAGE SKY COVER 0.0


WEATHER CONDITIONS
 THE FOLLOWING WEATHER WAS RECORDED TODAY.
  NO SIGNIFICANT WEATHER WAS OBSERVED.


RELATIVE HUMIDITY (PERCENT)
 HIGHEST    96           400 AM
 LOWEST     26           300 PM
 AVERAGE    61

..........................................................


THE SANTA ROSA AIRPORT CLIMATE NORMALS FOR TOMORROW
                         NORMAL    RECORD    YEAR
 MAXIMUM TEMPERATURE (F)   66        85      2011
 MINIMUM TEMPERATURE (F)   42        32      1999


SUNRISE AND SUNSET
MARCH 29 2015.........SUNRISE   701 AM PDT   SUNSET   732 PM PDT
MARCH 30 2015.........SUNRISE   659 AM PDT   SUNSET   733 PM PDT


-  INDICATES NEGATIVE NUMBERS.
R  INDICATES RECORD WAS SET OR TIED.
MM INDICATES DATA IS MISSING.
T  INDICATES TRACE AMOUNT.




$$
