720
CDUS41 KBGM 290550
CLISYR


CLIMATE REPORT
NATIONAL WEATHER SERVICE BINGHAMTON NY
150 AM EDT SAT APR 29 2017


...................................

...THE SYRACUSE NY CLIMATE SUMMARY FOR APRIL 28 2017...

CLIMATE NORMAL PERIOD 1981 TO 2010
CLIMATE RECORD PERIOD 1902 TO 2017


WEATHER ITEM   OBSERVED TIME   RECORD YEAR NORMAL DEPARTURE LAST
                VALUE   (LST)  VALUE       VALUE  FROM      YEAR
                                                  NORMAL
..................................................................
TEMPERATURE (F)
 YESTERDAY
  MAXIMUM         73    440 PM  92    1990  63     10       57
  MINIMUM         53    539 AM  24    1947  41     12       28
  AVERAGE         63                        52     11       43

PRECIPITATION (IN)
  YESTERDAY        0.10          1.10 1928   0.10   0.00     0.00
  MONTH TO DATE    4.94                      2.98   1.96     2.01
  SINCE MAR 1      8.79                      5.93   2.86     4.46
  SINCE JAN 1     15.37                     10.50   4.87    10.98

SNOWFALL (IN)
  YESTERDAY        0.0           T    2010   0.0    0.0      0.0
                                      2004
                                      1987
  MONTH TO DATE    0.3                       3.7   -3.4      8.1
  SINCE MAR 1     31.2                      21.7    9.5     13.5
  SINCE JUL 1    134.9                     123.6   11.3     80.3
  SNOW DEPTH       0

DEGREE DAYS
 HEATING
  YESTERDAY        2                        13    -11       22
  MONTH TO DATE  402                       521   -119      633
  SINCE MAR 1   1474                      1478     -4     1408
  SINCE JUL 1   5743                      6309   -566     5507

 COOLING
  YESTERDAY        0                         0      0        0
  MONTH TO DATE   12                         0     12        0
  SINCE MAR 1     12                         0     12        0
  SINCE JAN 1     12                         0     12        0
..................................................................


WIND (MPH)
  HIGHEST WIND SPEED    18   HIGHEST WIND DIRECTION     W (270)
  HIGHEST GUST SPEED    24   HIGHEST GUST DIRECTION     W (260)
  AVERAGE WIND SPEED     7.1


SKY COVER
  POSSIBLE SUNSHINE  MM
  AVERAGE SKY COVER 0.8


WEATHER CONDITIONS
 THE FOLLOWING WEATHER WAS RECORDED YESTERDAY.
  LIGHT RAIN
  FOG


RELATIVE HUMIDITY (PERCENT)
 HIGHEST   100          1200 AM
 LOWEST     38           300 PM
 AVERAGE    69

..........................................................


THE SYRACUSE NY CLIMATE NORMALS FOR TODAY
                         NORMAL    RECORD    YEAR
 MAXIMUM TEMPERATURE (F)   63        85      1962
 MINIMUM TEMPERATURE (F)   41        27      1977
                                             1949


SUNRISE AND SUNSET
APRIL 29 2017.........SUNRISE   601 AM EDT   SUNSET   804 PM EDT
APRIL 30 2017.........SUNRISE   559 AM EDT   SUNSET   805 PM EDT


-  INDICATES NEGATIVE NUMBERS.
R  INDICATES RECORD WAS SET OR TIED.
MM INDICATES DATA IS MISSING.
T  INDICATES TRACE AMOUNT.




$$
