648
CDUS41 KBGM 180321
CLISYR


CLIMATE REPORT
NATIONAL WEATHER SERVICE BINGHAMTON NY
1021 PM EST SUN DEC 17 2017


...................................

...THE SYRACUSE NY CLIMATE SUMMARY FOR DECEMBER 17 2017...
VALID AS OF 1000 PM LOCAL TIME.

CLIMATE NORMAL PERIOD 1981 TO 2010
CLIMATE RECORD PERIOD 1902 TO 2017


WEATHER ITEM   OBSERVED TIME   RECORD YEAR NORMAL DEPARTURE LAST
                VALUE   (LST)  VALUE       VALUE  FROM      YEAR
                                                  NORMAL
..................................................................
TEMPERATURE (F)
 TODAY
  MAXIMUM         23    158 PM  62    2000  36    -13       33
  MINIMUM          3    151 AM -10    1919  22    -19       18
  AVERAGE         13                        29    -16       26

PRECIPITATION (IN)
  TODAY            T             0.77 1929   0.10  -0.10     0.31
  MONTH TO DATE    0.91                      1.87  -0.96     1.99
  SINCE DEC 1      0.91                      1.87  -0.96     1.99
  SINCE JAN 1     44.55                     37.12   7.43    39.37

SNOWFALL (IN)
  TODAY            T            12.2  1973   1.2   -1.2      3.1
  MONTH TO DATE   18.5                      17.4    1.1     22.9
  SINCE DEC 1     18.5                      17.4    1.1     22.9
  SINCE JUL 1     23.7                      27.3   -3.6     48.3
  SNOW DEPTH       7

DEGREE DAYS
 HEATING
  TODAY           52                        36     16       39
  MONTH TO DATE  628                       566     62      602
  SINCE DEC 1    628                       566     62      602
  SINCE JUL 1   1825                      1915    -90     1796

 COOLING
  TODAY            0                         0      0        0
  MONTH TO DATE    0                         0      0        0
  SINCE DEC 1      0                         0      0        0
  SINCE JAN 1    562                       569     -7      809
..................................................................


WIND (MPH)
  HIGHEST WIND SPEED     8   HIGHEST WIND DIRECTION     E (90)
  HIGHEST GUST SPEED     9   HIGHEST GUST DIRECTION     E (90)
  AVERAGE WIND SPEED     1.8


SKY COVER
  POSSIBLE SUNSHINE  MM
  AVERAGE SKY COVER 0.7


WEATHER CONDITIONS
 THE FOLLOWING WEATHER WAS RECORDED TODAY.
  LIGHT SNOW
  FOG


RELATIVE HUMIDITY (PERCENT)
 HIGHEST   100           500 AM
 LOWEST     77          1200 PM
 AVERAGE    89

..........................................................


THE SYRACUSE NY CLIMATE NORMALS FOR TOMORROW
                         NORMAL    RECORD    YEAR
 MAXIMUM TEMPERATURE (F)   35        58      1921
 MINIMUM TEMPERATURE (F)   22       -13      1919


SUNRISE AND SUNSET
DECEMBER 17 2017......SUNRISE   731 AM EST   SUNSET   431 PM EST
DECEMBER 18 2017......SUNRISE   731 AM EST   SUNSET   431 PM EST


-  INDICATES NEGATIVE NUMBERS.
R  INDICATES RECORD WAS SET OR TIED.
MM INDICATES DATA IS MISSING.
T  INDICATES TRACE AMOUNT.




$$
