000
CDUS41 KBGM 260220
CLISYR


CLIMATE REPORT
NATIONAL WEATHER SERVICE BINGHAMTON NY
1020 PM EDT THU AUG 25 2016


...................................

...THE SYRACUSE NY CLIMATE SUMMARY FOR AUGUST 25 2016...
VALID AS OF 1000 PM LOCAL TIME.

CLIMATE NORMAL PERIOD 1981 TO 2010
CLIMATE RECORD PERIOD 1902 TO 2016


WEATHER ITEM   OBSERVED TIME   RECORD YEAR NORMAL DEPARTURE LAST
                VALUE   (LST)  VALUE       VALUE  FROM      YEAR
                                                  NORMAL
..................................................................
TEMPERATURE (F)
 TODAY
  MAXIMUM         84    505 PM  97    1948  79      5       77
  MINIMUM         72    840 AM  38    1940  58     14       57
  AVERAGE         78                        69      9       67

PRECIPITATION (IN)
  TODAY            0.05          1.25 1998   0.11  -0.06      T
  MONTH TO DATE    4.05                      2.89   1.16     1.76
  SINCE JUN 1      8.65                      9.98  -1.33    15.05
  SINCE JAN 1     23.21                     23.91  -0.70    27.17

SNOWFALL (IN)
  TODAY            0.0           0.0  2002   0.0    0.0      0.0
                                      2000
                                      2001
  MONTH TO DATE    0.0                       0.0    0.0      0.0
  SINCE JUN 1      T                         0.0    0.0      0.0
  SINCE JUL 1      0.0                       0.0    0.0      0.0
  SNOW DEPTH       0

DEGREE DAYS
 HEATING
  TODAY            0                         1     -1        0
  MONTH TO DATE    1                        12    -11        0
  SINCE JUN 1     54                        81    -27       58
  SINCE JUL 1      1                        20    -19        5

 COOLING
  TODAY           13                         5      8        2
  MONTH TO DATE  237                       141     96      162
  SINCE JUN 1    603                       457    146      448
  SINCE JAN 1    659                       487    172      553
..................................................................


WIND (MPH)
  HIGHEST WIND SPEED    15   HIGHEST WIND DIRECTION     S (190)
  HIGHEST GUST SPEED    19   HIGHEST GUST DIRECTION     S (190)
  AVERAGE WIND SPEED     7.5


SKY COVER
  POSSIBLE SUNSHINE  MM
  AVERAGE SKY COVER 0.8


WEATHER CONDITIONS
 THE FOLLOWING WEATHER WAS RECORDED TODAY.
  LIGHT RAIN
  FOG


RELATIVE HUMIDITY (PERCENT)
 HIGHEST    94           800 PM
 LOWEST     60          1200 AM
 AVERAGE    77

..........................................................


THE SYRACUSE NY CLIMATE NORMALS FOR TOMORROW
                         NORMAL    RECORD    YEAR
 MAXIMUM TEMPERATURE (F)   79        96      1948
 MINIMUM TEMPERATURE (F)   58        43      1977


SUNRISE AND SUNSET
AUGUST 25 2016........SUNRISE   622 AM EDT   SUNSET   750 PM EDT
AUGUST 26 2016........SUNRISE   623 AM EDT   SUNSET   749 PM EDT


-  INDICATES NEGATIVE NUMBERS.
R  INDICATES RECORD WAS SET OR TIED.
MM INDICATES DATA IS MISSING.
T  INDICATES TRACE AMOUNT.




$$
