000
CDUS41 KBGM 202115
CLISYR


CLIMATE REPORT
NATIONAL WEATHER SERVICE BINGHAMTON NY
515 PM EDT FRI OCT 20 2017


...................................

...THE SYRACUSE NY CLIMATE SUMMARY FOR OCTOBER 20 2017...
VALID TODAY AS OF 0500 PM LOCAL TIME.

CLIMATE NORMAL PERIOD 1981 TO 2010
CLIMATE RECORD PERIOD 1902 TO 2017


WEATHER ITEM   OBSERVED TIME   RECORD YEAR NORMAL DEPARTURE LAST
                VALUE   (LST)  VALUE       VALUE  FROM      YEAR
                                                  NORMAL
..................................................................
TEMPERATURE (F)
 TODAY
  MAXIMUM         67    303 PM  81    1963  58      9       54
  MINIMUM         47    618 AM  20    1940  40      7       48
  AVERAGE         57                        49      8       51

PRECIPITATION (IN)
  TODAY            0.00          1.87 2016   0.11  -0.11     1.87
  MONTH TO DATE    1.88                      2.23  -0.35     4.16
  SINCE SEP 1      3.26                      5.92  -2.66     7.86
  SINCE JAN 1     35.78                     30.51   5.27    31.07

SNOWFALL (IN)
  TODAY            0.0           2.0  1952   0.0    0.0      0.0
  MONTH TO DATE    0.0                       0.1   -0.1      0.0
  SINCE SEP 1      0.0                       0.1   -0.1      0.0
  SINCE JUL 1      0.0                       0.1   -0.1      0.0
  SNOW DEPTH       0

DEGREE DAYS
 HEATING
  TODAY            8                        16     -8       14
  MONTH TO DATE  127                       257   -130      168
  SINCE SEP 1    230                       398   -168      256
  SINCE JUL 1    266                       424   -158      257

 COOLING
  TODAY            0                         0      0        0
  MONTH TO DATE   17                         0     17        7
  SINCE SEP 1    112                        52     60       97
  SINCE JAN 1    562                       565     -3      809
..................................................................


WIND (MPH)
  HIGHEST WIND SPEED    16   HIGHEST WIND DIRECTION     W (270)
  HIGHEST GUST SPEED    20   HIGHEST GUST DIRECTION     W (280)
  AVERAGE WIND SPEED     9.1


SKY COVER
  POSSIBLE SUNSHINE  MM
  AVERAGE SKY COVER 0.2


WEATHER CONDITIONS
 THE FOLLOWING WEATHER WAS RECORDED TODAY.
  NO SIGNIFICANT WEATHER WAS OBSERVED.


RELATIVE HUMIDITY (PERCENT)
 HIGHEST    77           100 AM
 LOWEST     29           200 PM
 AVERAGE    53

..........................................................


THE SYRACUSE NY CLIMATE NORMALS FOR TOMORROW
                         NORMAL    RECORD    YEAR
 MAXIMUM TEMPERATURE (F)   58        81      1979
 MINIMUM TEMPERATURE (F)   40        24      1983


SUNRISE AND SUNSET
OCTOBER 20 2017.......SUNRISE   724 AM EDT   SUNSET   613 PM EDT
OCTOBER 21 2017.......SUNRISE   726 AM EDT   SUNSET   612 PM EDT


-  INDICATES NEGATIVE NUMBERS.
R  INDICATES RECORD WAS SET OR TIED.
MM INDICATES DATA IS MISSING.
T  INDICATES TRACE AMOUNT.




$$
