000
CDUS41 KBGM 280608
CLISYR


CLIMATE REPORT
NATIONAL WEATHER SERVICE BINGHAMTON NY
207 AM EDT WED JUN 28 2017


...................................

...THE SYRACUSE NY CLIMATE SUMMARY FOR JUNE 27 2017...

CLIMATE NORMAL PERIOD 1981 TO 2010
CLIMATE RECORD PERIOD 1902 TO 2017


WEATHER ITEM   OBSERVED TIME   RECORD YEAR NORMAL DEPARTURE LAST
                VALUE   (LST)  VALUE       VALUE  FROM      YEAR
                                                  NORMAL
..................................................................
TEMPERATURE (F)
 YESTERDAY
  MAXIMUM         67   1139 AM  95    1999  80    -13       86
                                      1941
  MINIMUM         53    351 PM  47    1982  59     -6       69
  AVERAGE         60                        70    -10       78

PRECIPITATION (IN)
  YESTERDAY        0.16          1.41 2006   0.11   0.05      T
  MONTH TO DATE    4.06                      2.97   1.09     1.95
  SINCE JUN 1      4.06                      2.97   1.09     1.95
  SINCE JAN 1     25.90                     16.90   9.00    16.51

SNOWFALL (IN)
  YESTERDAY        0.0           0.0  2002   0.0    0.0      0.0
                                      2001
  MONTH TO DATE    0.0                       0.0    0.0       T
  SINCE JUN 1      0.0                       0.0    0.0       T
  SINCE JUL 1    134.9                     123.8   11.1     80.3
  SNOW DEPTH       0

DEGREE DAYS
 HEATING
  YESTERDAY        5                         1      4        0
  MONTH TO DATE   66                        58      8       53
  SINCE JUN 1     66                        58      8       53
  SINCE JUL 1   6133                      6648   -515     5851

 COOLING
  YESTERDAY        0                         5     -5       13
  MONTH TO DATE   92                        95     -3       86
  SINCE JUN 1     92                        95     -3       86
  SINCE JAN 1    124                       125     -1      142
..................................................................


WIND (MPH)
  HIGHEST WIND SPEED    14   HIGHEST WIND DIRECTION     W (250)
  HIGHEST GUST SPEED    MM   HIGHEST GUST DIRECTION     W (250)
  AVERAGE WIND SPEED     5.4


SKY COVER
  POSSIBLE SUNSHINE  MM
  AVERAGE SKY COVER 0.6


WEATHER CONDITIONS
 THE FOLLOWING WEATHER WAS RECORDED YESTERDAY.
  THUNDERSTORM
  HEAVY RAIN
  RAIN
  LIGHT RAIN
  FOG


RELATIVE HUMIDITY (PERCENT)
 HIGHEST   100          1100 PM
 LOWEST     58          1200 PM
 AVERAGE    79

..........................................................


THE SYRACUSE NY CLIMATE NORMALS FOR TODAY
                         NORMAL    RECORD    YEAR
 MAXIMUM TEMPERATURE (F)   80        97      1941
 MINIMUM TEMPERATURE (F)   59        44      1970


SUNRISE AND SUNSET
JUNE 28 2017..........SUNRISE   527 AM EDT   SUNSET   848 PM EDT
JUNE 29 2017..........SUNRISE   528 AM EDT   SUNSET   848 PM EDT


-  INDICATES NEGATIVE NUMBERS.
R  INDICATES RECORD WAS SET OR TIED.
MM INDICATES DATA IS MISSING.
T  INDICATES TRACE AMOUNT.




$$
