000
CDKA40 PTYA 010700
CLIT11
DAILY CLIMATE REPORT
NATIONAL WEATHER SERVICE YAP FM
5PM LST MON SEP 01 2014
THE YAP FM CLIMATE SUMMARY FOR SEPTEMBER 31 2014
CLIMATE NORMAL PERIOD  1981  TO 2010
CLIMATE RECORD PERIOD  1951  TO 2014
WEATHER ITEM OBSERVED TIME  RECORD YEAR NORMAL DEPARTURE LAST
              VALUE   (LST) VALUE       VALUE    FROM    YEAR
                                                NORMAL
TEMPERATURE   (F)
TODAY
MAXIMUM       83   1351 PM 97  2014      87      -4      88
MINIMUM       75   0655 AM 63  1999      78      -3      76
AVERAGE       79                         82      -3      82
PRECIPITATION INCHS
TODAY          1.51       164.24  1996  0.46    1.05     3.18
MONTH TO DATE  1.51                    15.92  -14.41    16.58
SINCE 01 JUN  37.46                    44.16   -6.70    40.70
SINCE JAN 01  86.70                    77.01    9.69    65.76
