000
CDKA40 PTYA 121600
CLIT11
DAILY CLIMATE REPORT
NATIONAL WEATHER SERVICE YAP FM
2AM LST SAT JAN 13 2018
THE YAP FM CLIMATE SUMMARY FOR JANUARY 12 2018
CLIMATE NORMAL PERIOD  1981  TO 2010
CLIMATE RECORD PERIOD  1951  TO 2018
WEATHER ITEM OBSERVED TIME  RECORD YEAR NORMAL DEPARTURE LAST
              VALUE   (LST) VALUE       VALUE    FROM    YEAR
                                                NORMAL
TEMPERATURE   (F)
YESTERDAY
MAXIMUM       87  1445        97  2014     87      0        84
MINIMUM       77  2045        63  1999     78     -1        77
AVERAGE       82                           82      0        81
PRECIPITATION INCHES
YESTERDAY       0.41       164.24/1996     0.23     0.18    0.10
MONTH TO DATE   3.42                       2.85     0.57    4.77
SINCE 01 DEC   14.69                       12.13    2.56   16.04
SINCE JAN 01    3.42                       3.42     0.85    4.77
