876
CDKA40 PTYA 221600
CLIT11
DAILY CLIMATE REPORT
NATIONAL WEATHER SERVICE YAP FM
2AM LST SAT JUL 23 2016
THE YAP FM CLIMATE SUMMARY FOR JULY 22 2016
CLIMATE NORMAL PERIOD  1981  TO 2010
CLIMATE RECORD PERIOD  1951  TO 2016
WEATHER ITEM OBSERVED TIME  RECORD YEAR NORMAL DEPARTURE LAST
              VALUE   (LST) VALUE       VALUE    FROM    YEAR
                                                NORMAL
TEMPERATURE   (F)
YESTERDAY
MAXIMUM       96  1245 PM  97/2014      87       9        85
MINIMUM       77  0545 AM  63/1999      78      -1        75
AVERAGE       87                        83       4        80
PRECIPITATION INCHES
YESTERDAY       0.00  164.24  1996   0.48     -0.48     0.65
MONTH TO DATE   5.86                10.44     -4.58    11.27
SINCE 01 JUN   12.32                23.64    -11.32    22.34
SINCE JAN 01   29.39                56.49    -27.10    47.89
