257
CDKA40 PTYA 120700
CLIT11
DAILY CLIMATE REPORT
NATIONAL WEATHER SERVICE YAP FM
5PM LST WED JUL 12 2017
THE YAP FM CLIMATE SUMMARY FOR JULY 12 2017
CLIMATE NORMAL PERIOD  1981  TO 2010
CLIMATE RECORD PERIOD  1951  TO 2017
WEATHER ITEM OBSERVED TIME  RECORD YEAR NORMAL DEPARTURE LAST
              VALUE   (LST) VALUE       VALUE    FROM    YEAR
                                                NORMAL
TEMPERATURE   (F)
TODAY
MAXIMUM       87  1445        97  2014     88      -1        93
MINIMUM       77  0445        63  1999     78      -1        78
AVERAGE       82                           83      -1        86
PRECIPITATION INCHES
TODAY          0.00           164.24/1996   0.46    -0.46    0.00
MONTH TO DATE  7.23                         5.64     1.59    1.91
SINCE 01 JUN   15.39                       18.84    -3.45    8.37
SINCE JAN 01   68.19                       51.69    16.50   25.44
