206
CDKA40 PTYA 191600
CLIT11
DAILY CLIMATE REPORT
NATIONAL WEATHER SERVICE YAP FM
2AM LST FRI JAN 20 2017
THE YAP FM CLIMATE SUMMARY FOR JANUARY 19 2017
CLIMATE NORMAL PERIOD  1981  TO 2010
CLIMATE RECORD PERIOD  1951  TO 2017
WEATHER ITEM OBSERVED TIME  RECORD YEAR NORMAL DEPARTURE LAST
              VALUE   (LST) VALUE       VALUE    FROM    YEAR
                                                NORMAL
TEMPERATURE   (F)
YESTERDAY
MAXIMUM       87  1145   97  2014      87       0       88
MINIMUM       79  0345   63  1999      78       1       78
AVERAGE       83                       83       0       83
PRECIPITATION INCHES
YESTERDAY       0.10     164.24 1996  0.24    -0.14      0.00
MONTH TO DATE   5.41                  4.45     0.96      1.93
SINCE 01 DEC   14.00                 13.73     0.27      6.86
SINCE JAN 01    5.41                  4.45     0.96      1.93
