000
CDUS45 KPUB 221050
CLITAD


CLIMATE REPORT
NATIONAL WEATHER SERVICE PUEBLO
449 AM MDT TUE AUG 22 2017


...................................

...THE TRINIDAD CO CLIMATE SUMMARY FOR AUGUST 21 2017...

CLIMATE NORMAL PERIOD 1981 TO 2010
CLIMATE RECORD PERIOD 9999 TO 9999


WEATHER ITEM   OBSERVED TIME   NORMAL DEPARTURE LAST
                VALUE   (LST)  VALUE  FROM      YEAR
                                      NORMAL
......................................................
TEMPERATURE (F)
 YESTERDAY
  MAXIMUM         85    343 PM  86     -1       82
  MINIMUM         58    555 AM  57      1       54
  AVERAGE         72            71      1       68

PRECIPITATION (IN)
  YESTERDAY        T             0.07  -0.07     0.00
  MONTH TO DATE    1.65          1.64   0.01     0.00
  SINCE JUN 1      6.56          5.35   1.21     1.94
  SINCE JAN 1     14.97          9.87   5.10     6.17

DEGREE DAYS
 HEATING
  YESTERDAY        0             0      0        0
  MONTH TO DATE    3             0      3        3
  SINCE JUN 1     11            42    -31        7
  SINCE JUL 1      3             3      0        3

 COOLING
  YESTERDAY        7             6      1        3
  MONTH TO DATE  112           151    -39       46
  SINCE JUN 1    625           558     67      375
  SINCE JAN 1    640           586     54      387
......................................................


WIND (MPH)
  HIGHEST WIND SPEED    31   HIGHEST WIND DIRECTION    NW (320)
  HIGHEST GUST SPEED    38   HIGHEST GUST DIRECTION    NW (320)
  AVERAGE WIND SPEED    10.8


SKY COVER
  POSSIBLE SUNSHINE  MM
  AVERAGE SKY COVER 0.3


WEATHER CONDITIONS
 THE FOLLOWING WEATHER WAS RECORDED YESTERDAY.
  LIGHT RAIN


RELATIVE HUMIDITY (PERCENT)
 HIGHEST    72           600 AM
 LOWEST     25           300 PM
 AVERAGE    49

..........................................................




SUNRISE AND SUNSET
AUGUST 22 2017........SUNRISE   620 AM MDT   SUNSET   740 PM MDT
AUGUST 23 2017........SUNRISE   621 AM MDT   SUNSET   738 PM MDT


-  INDICATES NEGATIVE NUMBERS.
R  INDICATES RECORD WAS SET OR TIED.
MM INDICATES DATA IS MISSING.
T  INDICATES TRACE AMOUNT.




$$
