000
CDUS44 KBMX 010801
CLITCL


CLIMATE REPORT
NATIONAL WEATHER SERVICE BIRMINGHAM, AL
251 AM CDT SUN MAY 1 2016


...................................

...THE TUSCALOOSA CLIMATE SUMMARY FOR APRIL 30 2016...

CLIMATE NORMAL PERIOD 1994 TO 1994
CLIMATE RECORD PERIOD 1948 TO 2016


WEATHER ITEM   OBSERVED TIME   RECORD YEAR NORMAL DEPARTURE LAST
                VALUE   (LST)  VALUE       VALUE  FROM      YEAR
                                                  NORMAL
..................................................................
TEMPERATURE (F)
 YESTERDAY
  MAXIMUM         81   1256 PM  92    1987  80      1       79
  MINIMUM         62    553 AM  42    1969  55      7       48
                                      1965
  AVERAGE         72                        67      5       64

PRECIPITATION (IN)
  YESTERDAY        T             1.14 1976   0.13  -0.13     0.00
  MONTH TO DATE    3.92                      4.21  -0.29     9.07
  SINCE MAR 1     10.11                      8.75   1.36    12.51
  SINCE JAN 1     19.71                     19.42   0.29    23.26

SNOWFALL (IN)
  YESTERDAY        0.0                       0.0    0.0
  MONTH TO DATE    0.0                       T      0.0
  SINCE MAR 1      0.0                       0.3   -0.3
  SINCE JUL 1      T                         0.7   -0.7

DEGREE DAYS
 HEATING
  YESTERDAY        0                         2     -2
  MONTH TO DATE   79                       120    -41
  SINCE MAR 1    277                       415   -138
  SINCE JUL 1   1947                      2505   -558
..................................................................


WIND (MPH)
  HIGHEST WIND SPEED    17   HIGHEST WIND DIRECTION     S (180)
  HIGHEST GUST SPEED    24   HIGHEST GUST DIRECTION    SE (140)
  AVERAGE WIND SPEED     5.4


SKY COVER
  AVERAGE SKY COVER 0.0


WEATHER CONDITIONS
 THE FOLLOWING WEATHER WAS RECORDED YESTERDAY.
  FOG


RELATIVE HUMIDITY (PERCENT)
 HIGHEST   100           200 AM
 LOWEST     62           100 PM
 AVERAGE    81

..........................................................


THE TUSCALOOSA CLIMATE NORMALS FOR TODAY
                         NORMAL    RECORD    YEAR
 MAXIMUM TEMPERATURE (F)   80        92      1959
                                             1951
 MINIMUM TEMPERATURE (F)   55        42      1996
                                             1988


SUNRISE AND SUNSET
MAY  1 2016...........SUNRISE   602 AM CDT   SUNSET   733 PM CDT
MAY  2 2016...........SUNRISE   601 AM CDT   SUNSET   734 PM CDT


-  INDICATES NEGATIVE NUMBERS.
R  INDICATES RECORD WAS SET OR TIED.
MM INDICATES DATA IS MISSING.
T  INDICATES TRACE AMOUNT.




$$
