000
CDUS44 KBMX 300736
CLITCL


CLIMATE REPORT
NATIONAL WEATHER SERVICE BIRMINGHAM, AL
235 AM CDT THU MAR 30 2017


...................................

...THE TUSCALOOSA CLIMATE SUMMARY FOR MARCH 29 2017...

CLIMATE NORMAL PERIOD 1981 TO 2010
CLIMATE RECORD PERIOD 1948 TO 2017


WEATHER ITEM   OBSERVED TIME   RECORD YEAR NORMAL DEPARTURE LAST
                VALUE   (LST)  VALUE       VALUE  FROM      YEAR
                                                  NORMAL
..................................................................
TEMPERATURE (F)
 YESTERDAY
  MAXIMUM         83    403 PM  87    2007  72     11       74
                                      1998
  MINIMUM         61    436 AM  30    1955  46     15       42
  AVERAGE         72                        59     13       58

PRECIPITATION (IN)
  YESTERDAY        0.00          2.08 1976   0.15  -0.15     0.00
  MONTH TO DATE    3.72                      4.26  -0.54     4.99
  SINCE MAR 1      3.72                      4.26  -0.54     4.99
  SINCE JAN 1     14.93                     14.93   0.00    14.59

SNOWFALL (IN)
  YESTERDAY        0.0                       0.0    0.0
  MONTH TO DATE    0.0                       0.3   -0.3
  SINCE MAR 1      0.0                       0.3   -0.3
  SINCE JUL 1      0.0                       0.7   -0.7

DEGREE DAYS
 HEATING
  YESTERDAY        0                         7     -7
  MONTH TO DATE  234                       280    -46
  SINCE MAR 1    234                       280    -46
  SINCE JUL 1   1537                      2370   -833
..................................................................


WIND (MPH)
  HIGHEST WIND SPEED    15   HIGHEST WIND DIRECTION     S (170)
  HIGHEST GUST SPEED    19   HIGHEST GUST DIRECTION    SE (130)
  AVERAGE WIND SPEED     5.5


SKY COVER
  AVERAGE SKY COVER 0.4


WEATHER CONDITIONS
 THE FOLLOWING WEATHER WAS RECORDED YESTERDAY.
  FOG


RELATIVE HUMIDITY (PERCENT)
 HIGHEST   100          1200 AM
 LOWEST     42           500 PM
 AVERAGE    71

..........................................................


THE TUSCALOOSA CLIMATE NORMALS FOR TODAY
                         NORMAL    RECORD    YEAR
 MAXIMUM TEMPERATURE (F)   72        86      1998
 MINIMUM TEMPERATURE (F)   46        28      1964


SUNRISE AND SUNSET
MARCH 30 2017.........SUNRISE   641 AM CDT   SUNSET   710 PM CDT
MARCH 31 2017.........SUNRISE   639 AM CDT   SUNSET   710 PM CDT


-  INDICATES NEGATIVE NUMBERS.
R  INDICATES RECORD WAS SET OR TIED.
MM INDICATES DATA IS MISSING.
T  INDICATES TRACE AMOUNT.




$$
