000
CDUS44 KBMX 292140
CLITCL


CLIMATE REPORT
NATIONAL WEATHER SERVICE BIRMINGHAM, AL
440 PM CDT MON SEP 29 2014


...................................

...THE TUSCALOOSA CLIMATE SUMMARY FOR SEPTEMBER 29 2014...
VALID AS OF 0400 PM LOCAL TIME.

CLIMATE NORMAL PERIOD 1981 TO 2010
CLIMATE RECORD PERIOD 1948 TO 2014


WEATHER ITEM   OBSERVED TIME   RECORD YEAR NORMAL DEPARTURE LAST
                VALUE   (LST)  VALUE       VALUE  FROM      YEAR
                                                  NORMAL
..................................................................
TEMPERATURE (F)
 TODAY
  MAXIMUM         90    118 PM  96    1986  83      7       77
  MINIMUM         71    620 AM  41    1967  58     13       59
                                      1962
  AVERAGE         81                        71     10       68

PRECIPITATION (IN)
  TODAY            0.00          1.28 1973   0.12  -0.12     0.00
  MONTH TO DATE    1.42                      3.39  -1.97     1.01
  SINCE SEP 1      1.42                      3.39  -1.97     1.01
  SINCE JAN 1     35.08                     39.26  -4.18    39.83

DEGREE DAYS

 COOLING
  TODAY           16                         6     10
  MONTH TO DATE  412                       315     97
  SINCE SEP 1    412                       315     97
  SINCE JAN 1   2102                      2052     50
..................................................................


WIND (MPH)
  HIGHEST WIND SPEED    13   HIGHEST WIND DIRECTION     N (10)
  HIGHEST GUST SPEED    15   HIGHEST GUST DIRECTION     N (10)
  AVERAGE WIND SPEED     5.6


SKY COVER
  AVERAGE SKY COVER 0.7


WEATHER CONDITIONS
 THE FOLLOWING WEATHER WAS RECORDED TODAY.
  NO SIGNIFICANT WEATHER WAS OBSERVED.


RELATIVE HUMIDITY (PERCENT)
 HIGHEST    84           100 AM
 LOWEST     48           300 PM
 AVERAGE    66

..........................................................


THE TUSCALOOSA CLIMATE NORMALS FOR TOMORROW
                         NORMAL    RECORD    YEAR
 MAXIMUM TEMPERATURE (F)   82        96      1954
 MINIMUM TEMPERATURE (F)   58        37      1967


SUNRISE AND SUNSET
SEPTEMBER 29 2014.....SUNRISE   643 AM CDT   SUNSET   638 PM CDT
SEPTEMBER 30 2014.....SUNRISE   644 AM CDT   SUNSET   636 PM CDT


-  INDICATES NEGATIVE NUMBERS.
R  INDICATES RECORD WAS SET OR TIED.
MM INDICATES DATA IS MISSING.
T  INDICATES TRACE AMOUNT.




$$
