000
CDUS44 KBMX 050758
CLITCL


CLIMATE REPORT
NATIONAL WEATHER SERVICE BIRMINGHAM, AL
258 AM CDT SUN JUL 5 2015


...................................

...THE TUSCALOOSA CLIMATE SUMMARY FOR JULY 4 2015...

CLIMATE NORMAL PERIOD 1994 TO 1994
CLIMATE RECORD PERIOD 1994 TO 2015


WEATHER ITEM   OBSERVED TIME   RECORD YEAR NORMAL DEPARTURE LAST
                VALUE   (LST)  VALUE       VALUE  FROM      YEAR
                                                  NORMAL
..................................................................
TEMPERATURE (F)
 YESTERDAY
  MAXIMUM         84   1201 PM 100    2012  92     -8       86
                                      1977
  MINIMUM         71   1159 PM  60    1967  71      0       64
  AVERAGE         78                        81     -3       75

PRECIPITATION (IN)
  YESTERDAY        0.27          2.13 1973   0.16   0.11     0.00
  MONTH TO DATE    0.65                      0.63   0.02     0.02
  SINCE JUN 1      2.35                      5.40  -3.05     5.17
  SINCE JAN 1     27.93                     28.80  -0.87    30.21

..................................................................


WIND (MPH)
  HIGHEST WIND SPEED    20   HIGHEST WIND DIRECTION    NW (320)
  HIGHEST GUST SPEED    24   HIGHEST GUST DIRECTION    NW (320)
  AVERAGE WIND SPEED     5.5


SKY COVER
  AVERAGE SKY COVER 0.5


WEATHER CONDITIONS
 THE FOLLOWING WEATHER WAS RECORDED YESTERDAY.
  THUNDERSTORM
  RAIN
  LIGHT RAIN
  FOG


RELATIVE HUMIDITY (PERCENT)
 HIGHEST    93          1200 AM
 LOWEST     61          1200 PM
 AVERAGE    77

..........................................................


THE TUSCALOOSA CLIMATE NORMALS FOR TODAY
                         NORMAL    RECORD    YEAR
 MAXIMUM TEMPERATURE (F)   92       103      1948
 MINIMUM TEMPERATURE (F)   71        60      2014


SUNRISE AND SUNSET
JULY  5 2015..........SUNRISE   547 AM CDT   SUNSET   803 PM CDT
JULY  6 2015..........SUNRISE   547 AM CDT   SUNSET   803 PM CDT


-  INDICATES NEGATIVE NUMBERS.
R  INDICATES RECORD WAS SET OR TIED.
MM INDICATES DATA IS MISSING.
T  INDICATES TRACE AMOUNT.




$$
