000
CDUS44 KBMX 302235
CLITCL


CLIMATE REPORT
NATIONAL WEATHER SERVICE BIRMINGHAM, AL
432 PM CST FRI JAN 30 2015


...................................

...THE TUSCALOOSA CLIMATE SUMMARY FOR JANUARY 30 2015...
VALID AS OF 0400 PM LOCAL TIME.

CLIMATE NORMAL PERIOD 1981 TO 2010
CLIMATE RECORD PERIOD 1948 TO 2015


WEATHER ITEM   OBSERVED TIME   RECORD YEAR NORMAL DEPARTURE LAST
                VALUE   (LST)  VALUE       VALUE  FROM      YEAR
                                                  NORMAL
..................................................................
TEMPERATURE (F)
 TODAY
  MAXIMUM         57    245 PM  81    1950  57      0       48
  MINIMUM         35    706 AM   1    1966  34      1        9
  AVERAGE         46                        46      0       29

PRECIPITATION (IN)
  TODAY            0.00          1.68 2013   0.20  -0.20     0.00
  MONTH TO DATE    6.17                      5.15   1.02     2.09
  SINCE DEC 1     13.17                      9.77   3.40     9.50
  SINCE JAN 1      6.17                      5.15   1.02     2.09

SNOWFALL (IN)
  TODAY            0.0                       0.0    0.0
  MONTH TO DATE    0.0                       0.3   -0.3
  SINCE DEC 1      0.0                       0.3   -0.3
  SINCE JUL 1      0.0                       0.3   -0.3
  SNOW DEPTH       0

..................................................................


WIND (MPH)
  HIGHEST WIND SPEED    20   HIGHEST WIND DIRECTION     N (350)
  HIGHEST GUST SPEED    26   HIGHEST GUST DIRECTION     N (360)
  AVERAGE WIND SPEED    10.0


SKY COVER
  AVERAGE SKY COVER 0.3


WEATHER CONDITIONS
 THE FOLLOWING WEATHER WAS RECORDED TODAY.
  NO SIGNIFICANT WEATHER WAS OBSERVED.


RELATIVE HUMIDITY (PERCENT)
 HIGHEST    82           700 AM
 LOWEST     27           400 PM
 AVERAGE    55

..........................................................


THE TUSCALOOSA CLIMATE NORMALS FOR TOMORROW
                         NORMAL    RECORD    YEAR
 MAXIMUM TEMPERATURE (F)   57        80      1950
 MINIMUM TEMPERATURE (F)   34         9      1966


SUNRISE AND SUNSET
JANUARY 30 2015.......SUNRISE   648 AM CST   SUNSET   520 PM CST
JANUARY 31 2015.......SUNRISE   647 AM CST   SUNSET   521 PM CST


-  INDICATES NEGATIVE NUMBERS.
R  INDICATES RECORD WAS SET OR TIED.
MM INDICATES DATA IS MISSING.
T  INDICATES TRACE AMOUNT.




$$
