000
CDUS44 KBMX 180933
CLITCL


CLIMATE REPORT
NATIONAL WEATHER SERVICE BIRMINGHAM, AL
333 AM CST WED JAN 18 2017


...................................

...THE TUSCALOOSA CLIMATE SUMMARY FOR JANUARY 17 2017...

CLIMATE NORMAL PERIOD 1981 TO 2010
CLIMATE RECORD PERIOD 1948 TO 2017


WEATHER ITEM   OBSERVED TIME   RECORD YEAR NORMAL DEPARTURE LAST
                VALUE   (LST)  VALUE       VALUE  FROM      YEAR
                                                  NORMAL
..................................................................
TEMPERATURE (F)
 YESTERDAY
  MAXIMUM         80R   231 PM  75    1990  55     25       50
                                      1952
  MINIMUM         60   1159 PM   5    1982  34     26       29
  AVERAGE         70                        44     26       40

PRECIPITATION (IN)
  YESTERDAY        0.00          1.35 2006   0.16  -0.16     0.00
  MONTH TO DATE    3.41                      2.73   0.68     0.40
  SINCE DEC 1      6.32                      7.35  -1.03     8.67
  SINCE JAN 1      3.41                      2.73   0.68     0.40

SNOWFALL (IN)
  YESTERDAY        0.0                       0.0    0.0
  MONTH TO DATE    0.0                       0.2   -0.2
  SINCE DEC 1      0.0                       0.2   -0.2
  SINCE JUL 1      0.0                       0.2   -0.2

DEGREE DAYS
 HEATING
  YESTERDAY        0                        21    -21
  MONTH TO DATE  219                       352   -133
  SINCE DEC 1    609                       916   -307
  SINCE JUL 1    868                      1353   -485
..................................................................


WIND (MPH)
  HIGHEST WIND SPEED    18   HIGHEST WIND DIRECTION     S (200)
  HIGHEST GUST SPEED    25   HIGHEST GUST DIRECTION    SW (210)
  AVERAGE WIND SPEED     8.0


SKY COVER
  AVERAGE SKY COVER 0.7


WEATHER CONDITIONS
 THE FOLLOWING WEATHER WAS RECORDED YESTERDAY.
  NO SIGNIFICANT WEATHER WAS OBSERVED.


RELATIVE HUMIDITY (PERCENT)
 HIGHEST    93           100 AM
 LOWEST     52           300 PM
 AVERAGE    73

..........................................................


THE TUSCALOOSA CLIMATE NORMALS FOR TODAY
                         NORMAL    RECORD    YEAR
 MAXIMUM TEMPERATURE (F)   55        74      1950
 MINIMUM TEMPERATURE (F)   34         8      1977


SUNRISE AND SUNSET
JANUARY 18 2017.......SUNRISE   653 AM CST   SUNSET   509 PM CST
JANUARY 19 2017.......SUNRISE   653 AM CST   SUNSET   510 PM CST


-  INDICATES NEGATIVE NUMBERS.
R  INDICATES RECORD WAS SET OR TIED.
MM INDICATES DATA IS MISSING.
T  INDICATES TRACE AMOUNT.




$$
