000
CDUS42 KTAE 250634
CLITLH


CLIMATE REPORT
NATIONAL WEATHER SERVICE TALLAHASSEE FL
234 AM EDT SUN SEP 25 2016


...................................

...THE TALLAHASSEE CLIMATE SUMMARY FOR SEPTEMBER 24 2016...

CLIMATE NORMAL PERIOD 1981 TO 2010
CLIMATE RECORD PERIOD 1896 TO 2016


WEATHER ITEM   OBSERVED TIME   RECORD YEAR NORMAL DEPARTURE LAST
                VALUE   (LST)  VALUE       VALUE  FROM      YEAR
                                                  NORMAL
..................................................................
TEMPERATURE (F)
 YESTERDAY
  MAXIMUM         91   1119 AM  96    1933  87      4       84
                                      1931
  MINIMUM         72    608 AM  50    1990  66      6       70
  AVERAGE         82                        76      6       77

PRECIPITATION (IN)
  YESTERDAY        T             4.09 1956   0.15  -0.15     0.07
  MONTH TO DATE    7.34                      3.88   3.46     2.52
  SINCE SEP 1      7.34                      3.88   3.46     2.52
  SINCE JAN 1     54.65                     47.79   6.86    40.26

SNOWFALL (IN)
  YESTERDAY        0.0                       0.0    0.0

DEGREE DAYS
 HEATING
  YESTERDAY        0                                0
  MONTH TO DATE    0                                0
  SINCE SEP 1      0                                0
  SINCE JUL 1      0                                0

 COOLING
  YESTERDAY       17                                6
  MONTH TO DATE  420                               85
  SINCE SEP 1    420                               85
  SINCE JAN 1   2825                              537
..................................................................


WIND (MPH)
  HIGHEST WIND SPEED    16   HIGHEST WIND DIRECTION    SE (120)
  HIGHEST GUST SPEED    22   HIGHEST GUST DIRECTION     E (110)
  AVERAGE WIND SPEED     1.6




RELATIVE HUMIDITY (PERCENT)
 HIGHEST    94
 LOWEST     55
 AVERAGE    75

..........................................................


THE TALLAHASSEE CLIMATE NORMALS FOR TODAY
                         NORMAL    RECORD    YEAR
 MAXIMUM TEMPERATURE (F)   87        96      1931
 MINIMUM TEMPERATURE (F)   66        45      1990


SUNRISE AND SUNSET
SEPTEMBER 25 2016.....SUNRISE   728 AM EDT   SUNSET   730 PM EDT
SEPTEMBER 26 2016.....SUNRISE   728 AM EDT   SUNSET   728 PM EDT


-  INDICATES NEGATIVE NUMBERS.
R  INDICATES RECORD WAS SET OR TIED.
MM INDICATES DATA IS MISSING.
T  INDICATES TRACE AMOUNT.




$$
