000
CDUS42 KTAE 220633
CLITLH


CLIMATE REPORT
NATIONAL WEATHER SERVICE TALLAHASSEE FL
231 AM EDT SUN OCT 22 2017

...................................

...THE TALLAHASSEE CLIMATE SUMMARY FOR OCTOBER 21 2017...

CLIMATE NORMAL PERIOD 1981 TO 2010
CLIMATE RECORD PERIOD 1896 TO 2017


WEATHER ITEM   OBSERVED TIME   RECORD YEAR NORMAL DEPARTURE LAST
                VALUE   (LST)  VALUE       VALUE  FROM      YEAR
                                                  NORMAL
..................................................................
TEMPERATURE (F)
 YESTERDAY
  MAXIMUM         86    309 PM  90    2005  80      6       82
                                      1993
  MINIMUM         68    710 AM  30    1989  55     13       60
  AVERAGE         77                        68      9       71

PRECIPITATION (IN)
  YESTERDAY        0.00          1.35 1959   0.10  -0.10     0.00
  MONTH TO DATE    2.06                      2.27  -0.21     0.16
  SINCE SEP 1      5.49                      6.96  -1.47     7.82
  SINCE JAN 1     50.76                     50.87  -0.11    55.13

SNOWFALL (IN)
  YESTERDAY        0.0                       0.0    0.0

DEGREE DAYS
 HEATING
  YESTERDAY        0                               -2
  MONTH TO DATE    0                              -20
  SINCE SEP 1      1                              -20
  SINCE JUL 1      1                              -20

 COOLING
  YESTERDAY       12                                7
  MONTH TO DATE  278                              132
  SINCE SEP 1    695                              150
  SINCE JAN 1   2873                              375
..................................................................


WIND (MPH)
  HIGHEST WIND SPEED    17   HIGHEST WIND DIRECTION     E (100)
  HIGHEST GUST SPEED    22   HIGHEST GUST DIRECTION     E (90)
  AVERAGE WIND SPEED     9.3




RELATIVE HUMIDITY (PERCENT)
 HIGHEST    93
 LOWEST     44
 AVERAGE    69

..........................................................


THE TALLAHASSEE CLIMATE NORMALS FOR TODAY
                         NORMAL    RECORD    YEAR
 MAXIMUM TEMPERATURE (F)   80        90      1993
 MINIMUM TEMPERATURE (F)   55        34      1989


SUNRISE AND SUNSET
OCTOBER 22 2017.......SUNRISE   745 AM EDT   SUNSET   659 PM EDT
OCTOBER 23 2017.......SUNRISE   745 AM EDT   SUNSET   658 PM EDT


-  INDICATES NEGATIVE NUMBERS.
R  INDICATES RECORD WAS SET OR TIED.
MM INDICATES DATA IS MISSING.
T  INDICATES TRACE AMOUNT.

$$
