000
CDUS42 KTAE 170634
CLITLH


CLIMATE REPORT
NATIONAL WEATHER SERVICE TALLAHASSEE FL
231 AM EDT THU AUG 17 2017

...................................

...THE TALLAHASSEE CLIMATE SUMMARY FOR AUGUST 16 2017...

CLIMATE NORMAL PERIOD 1981 TO 2010
CLIMATE RECORD PERIOD 1896 TO 2017


WEATHER ITEM   OBSERVED TIME   RECORD YEAR NORMAL DEPARTURE LAST
                VALUE   (LST)  VALUE       VALUE  FROM      YEAR
                                                  NORMAL
..................................................................
TEMPERATURE (F)
 YESTERDAY
  MAXIMUM         96    359 PM 101    1918  92      4       96
  MINIMUM         74    553 AM  63    2011  72      2       78
  AVERAGE         85                        82      3       87

PRECIPITATION (IN)
  YESTERDAY        0.00          2.40 1914   0.24  -0.24      T
  MONTH TO DATE    4.04                      4.13  -0.09     5.31
  SINCE JUN 1     21.94                     19.03   2.91    21.62
  SINCE JAN 1     41.74                     40.69   1.05    45.02

SNOWFALL (IN)
  YESTERDAY        0.0                       0.0    0.0

DEGREE DAYS
 HEATING
  YESTERDAY        0                                0
  MONTH TO DATE    0                                0
  SINCE JUN 1      0                                0
  SINCE JUL 1      0                                0

 COOLING
  YESTERDAY       20                                3
  MONTH TO DATE  273                                1
  SINCE JUN 1   1270                               12
  SINCE JAN 1   1897                              193
..................................................................


WIND (MPH)
  HIGHEST WIND SPEED    13   HIGHEST WIND DIRECTION     S (190)
  HIGHEST GUST SPEED    17   HIGHEST GUST DIRECTION    NW (320)
  AVERAGE WIND SPEED     4.2




RELATIVE HUMIDITY (PERCENT)
 HIGHEST   100
 LOWEST     46
 AVERAGE    73

..........................................................


THE TALLAHASSEE CLIMATE NORMALS FOR TODAY
                         NORMAL    RECORD    YEAR
 MAXIMUM TEMPERATURE (F)   92        99      2000
                                             1990
 MINIMUM TEMPERATURE (F)   72        63      1983


SUNRISE AND SUNSET
AUGUST 17 2017........SUNRISE   706 AM EDT   SUNSET   817 PM EDT
AUGUST 18 2017........SUNRISE   706 AM EDT   SUNSET   816 PM EDT


-  INDICATES NEGATIVE NUMBERS.
R  INDICATES RECORD WAS SET OR TIED.
MM INDICATES DATA IS MISSING.
T  INDICATES TRACE AMOUNT.

$$
