000
CDUS42 KTAE 270632
CLITLH


CLIMATE REPORT
NATIONAL WEATHER SERVICE TALLAHASSEE FL
231 AM EDT TUE JUN 27 2017


...................................

...THE TALLAHASSEE CLIMATE SUMMARY FOR JUNE 26 2017...

CLIMATE NORMAL PERIOD 1981 TO 2010
CLIMATE RECORD PERIOD 1896 TO 2017


WEATHER ITEM   OBSERVED TIME   RECORD YEAR NORMAL DEPARTURE LAST
                VALUE   (LST)  VALUE       VALUE  FROM      YEAR
                                                  NORMAL
..................................................................
TEMPERATURE (F)
 YESTERDAY
  MAXIMUM         89    611 PM 100    1914  92     -3       97
  MINIMUM         72    600 AM  62    1940  71      1       73
  AVERAGE         81                        81      0       85

PRECIPITATION (IN)
  YESTERDAY        0.01          2.43 1929   0.27  -0.26     0.12
  MONTH TO DATE   11.85                      6.66   5.19     4.92
  SINCE JUN 1     11.85                      6.66   5.19     4.92
  SINCE JAN 1     31.65                     28.32   3.33    28.32

SNOWFALL (IN)
  YESTERDAY        0.0                       0.0    0.0

DEGREE DAYS
 HEATING
  YESTERDAY        0                                0
  MONTH TO DATE    0                                0
  SINCE JUN 1      0                                0
  SINCE JUL 1    805                             -790

 COOLING
  YESTERDAY       16                                0
  MONTH TO DATE  373                              -17
  SINCE JUN 1    373                              -17
  SINCE JAN 1   1000                              164
..................................................................


WIND (MPH)
  HIGHEST WIND SPEED    13   HIGHEST WIND DIRECTION    NW (330)
  HIGHEST GUST SPEED    15   HIGHEST GUST DIRECTION    NW (330)
  AVERAGE WIND SPEED     3.4




RELATIVE HUMIDITY (PERCENT)
 HIGHEST   100
 LOWEST     55
 AVERAGE    78

..........................................................


THE TALLAHASSEE CLIMATE NORMALS FOR TODAY
                         NORMAL    RECORD    YEAR
 MAXIMUM TEMPERATURE (F)   92       103      1952
 MINIMUM TEMPERATURE (F)   71        64      1974
                                             1936


SUNRISE AND SUNSET
JUNE 27 2017..........SUNRISE   638 AM EDT   SUNSET   843 PM EDT
JUNE 28 2017..........SUNRISE   638 AM EDT   SUNSET   843 PM EDT


-  INDICATES NEGATIVE NUMBERS.
R  INDICATES RECORD WAS SET OR TIED.
MM INDICATES DATA IS MISSING.
T  INDICATES TRACE AMOUNT.




$$
