000
CDUS42 KTAE 100635
CLITLH


CLIMATE REPORT
NATIONAL WEATHER SERVICE TALLAHASSEE FL
134 AM EST WED FEB 10 2016


...................................

...THE TALLAHASSEE CLIMATE SUMMARY FOR FEBRUARY 9 2016...

CLIMATE NORMAL PERIOD 1981 TO 2010
CLIMATE RECORD PERIOD 1896 TO 2016


WEATHER ITEM   OBSERVED TIME   RECORD YEAR NORMAL DEPARTURE LAST
                VALUE   (LST)  VALUE       VALUE  FROM      YEAR
                                                  NORMAL
..................................................................
TEMPERATURE (F)
 YESTERDAY
  MAXIMUM         57    315 PM  85    1932  66     -9       71
  MINIMUM         34   1159 PM  15    1895  41     -7       49
  AVERAGE         46                        54     -8       60

PRECIPITATION (IN)
  YESTERDAY        0.00          3.01 1973   0.16  -0.16     0.02
  MONTH TO DATE    2.76                      1.43   1.33     2.10
  SINCE DEC 1     11.78                      9.67   2.11    15.64
  SINCE JAN 1      7.01                      5.77   1.24     6.86

SNOWFALL (IN)
  YESTERDAY        0.0                       0.0    0.0

DEGREE DAYS
 HEATING
  YESTERDAY       19                                7
  MONTH TO DATE  109                               -2
  SINCE DEC 1    616                             -305
  SINCE JUL 1    661                             -496

 COOLING
  YESTERDAY        0                                0
  MONTH TO DATE    1                                1
  SINCE DEC 1    111                               93
  SINCE JAN 1      1                               -4
..................................................................


WIND (MPH)
  HIGHEST WIND SPEED    31   HIGHEST WIND DIRECTION     W (290)
  HIGHEST GUST SPEED    41   HIGHEST GUST DIRECTION     W (290)
  AVERAGE WIND SPEED    12.9




RELATIVE HUMIDITY (PERCENT)
 HIGHEST    59
 LOWEST     19
 AVERAGE    39

..........................................................


THE TALLAHASSEE CLIMATE NORMALS FOR TODAY
                         NORMAL    RECORD    YEAR
 MAXIMUM TEMPERATURE (F)   67        84      1957
                                             1932
 MINIMUM TEMPERATURE (F)   41        14      1971


SUNRISE AND SUNSET
FEBRUARY 10 2016......SUNRISE   722 AM EST   SUNSET   621 PM EST
FEBRUARY 11 2016......SUNRISE   722 AM EST   SUNSET   622 PM EST


-  INDICATES NEGATIVE NUMBERS.
R  INDICATES RECORD WAS SET OR TIED.
MM INDICATES DATA IS MISSING.
T  INDICATES TRACE AMOUNT.




$$
