000
CDUS44 KBMX 290739
CLITOI


CLIMATE REPORT
NATIONAL WEATHER SERVICE BIRMINGHAM, AL
238 AM CDT THU JUN 29 2017


...................................

...THE TROY CLIMATE SUMMARY FOR JUNE 28 2017...

CLIMATE NORMAL PERIOD 1981 TO 2010
CLIMATE RECORD PERIOD 9999 TO 9999


WEATHER ITEM   OBSERVED TIME   RECORD YEAR NORMAL DEPARTURE LAST
                VALUE   (LST)  VALUE       VALUE  FROM      YEAR
                                                  NORMAL
..................................................................
TEMPERATURE (F)
 YESTERDAY
  MAXIMUM         88    144 PM  MM      MM  91     -3       92
  MINIMUM         67    538 AM  MM      MM  69     -2       70
  AVERAGE         78                        80     -2       81

PRECIPITATION (IN)
  YESTERDAY        0.00                      0.16  -0.16     0.00
  MONTH TO DATE    7.80                      4.52   3.28     3.84
  SINCE JUN 1      7.80                      4.52   3.28     3.84
  SINCE JAN 1     40.30                     27.35  12.95    23.18

DEGREE DAYS
 COOLING
  YESTERDAY       13                        15     -2       16
  MONTH TO DATE  330                       358    -28      408
  SINCE JUN 1    330                       358    -28      408
  SINCE JAN 1    734                       645     89      823
..................................................................


WIND (MPH)
  HIGHEST WIND SPEED    15   HIGHEST WIND DIRECTION     E (110)
  HIGHEST GUST SPEED    19   HIGHEST GUST DIRECTION     E (100)
  AVERAGE WIND SPEED     4.3


SKY COVER
  AVERAGE SKY COVER 0.1


WEATHER CONDITIONS
 THE FOLLOWING WEATHER WAS RECORDED YESTERDAY.
  FOG


RELATIVE HUMIDITY (PERCENT)
 HIGHEST   100          1200 AM
 LOWEST     57           100 PM
 AVERAGE    79

..........................................................


THE TROY CLIMATE NORMALS FOR TODAY
                         NORMAL    RECORD    YEAR
 MAXIMUM TEMPERATURE (F)   91        MM        MM
 MINIMUM TEMPERATURE (F)   69        MM        MM


SUNRISE AND SUNSET
JUNE 29 2017..........SUNRISE   541 AM CDT   SUNSET   754 PM CDT
JUNE 30 2017..........SUNRISE   542 AM CDT   SUNSET   754 PM CDT


-  INDICATES NEGATIVE NUMBERS.
R  INDICATES RECORD WAS SET OR TIED.
MM INDICATES DATA IS MISSING.
T  INDICATES TRACE AMOUNT.




$$
