000
CDUS44 KBMX 271042
CLITOI


CLIMATE REPORT
NATIONAL WEATHER SERVICE BIRMINGHAM, AL
541 AM CDT WED AUG 27 2014


...................................

...THE TROY CLIMATE SUMMARY FOR AUGUST 26 2014...

CLIMATE NORMAL PERIOD 1981 TO 2010
CLIMATE RECORD PERIOD 9999 TO 9999


WEATHER ITEM   OBSERVED TIME   RECORD YEAR NORMAL DEPARTURE LAST
                VALUE   (LST)  VALUE       VALUE  FROM      YEAR
                                                  NORMAL
..................................................................
TEMPERATURE (F)
 YESTERDAY
  MAXIMUM         91    338 PM  MM      MM  91      0       85
  MINIMUM         64    531 AM  MM      MM  69     -5       62
  AVERAGE         78                        80     -2       74

PRECIPITATION (IN)
  YESTERDAY        0.00                      0.11  -0.11     0.00
  MONTH TO DATE    2.87                      4.09  -1.22     3.13
  SINCE JUN 1      7.78                     14.59  -6.81    22.45
  SINCE JAN 1     37.84                     37.42   0.42    45.61

DEGREE DAYS
 COOLING
  YESTERDAY       13                        15     -2        9
  MONTH TO DATE  419                       405     14      390
  SINCE JUN 1   1312                      1278     34     1283
  SINCE JAN 1   1634                      1565     69     1575
..................................................................


WIND (MPH)
  HIGHEST WIND SPEED    14   HIGHEST WIND DIRECTION     N (20)
  HIGHEST GUST SPEED    18   HIGHEST GUST DIRECTION     N (20)
  AVERAGE WIND SPEED     5.5


SKY COVER
  AVERAGE SKY COVER 0.1


WEATHER CONDITIONS
 THE FOLLOWING WEATHER WAS RECORDED YESTERDAY.
  NO SIGNIFICANT WEATHER WAS OBSERVED.


RELATIVE HUMIDITY (PERCENT)
 HIGHEST    90          1100 PM
 LOWEST     44           500 PM
 AVERAGE    67

..........................................................


THE TROY CLIMATE NORMALS FOR TODAY
                         NORMAL    RECORD    YEAR
 MAXIMUM TEMPERATURE (F)   91        MM        MM
 MINIMUM TEMPERATURE (F)   69        MM        MM


SUNRISE AND SUNSET
AUGUST 27 2014........SUNRISE   616 AM CDT   SUNSET   714 PM CDT
AUGUST 28 2014........SUNRISE   617 AM CDT   SUNSET   713 PM CDT


-  INDICATES NEGATIVE NUMBERS.
R  INDICATES RECORD WAS SET OR TIED.
MM INDICATES DATA IS MISSING.
T  INDICATES TRACE AMOUNT.




$$
