000
CDUS44 KBMX 280814
CLITOI


CLIMATE REPORT
NATIONAL WEATHER SERVICE BIRMINGHAM, AL
213 AM CST SUN DEC 28 2014


...................................

...THE TROY CLIMATE SUMMARY FOR DECEMBER 27 2014...

CLIMATE NORMAL PERIOD 1981 TO 2010
CLIMATE RECORD PERIOD 9999 TO 9999


WEATHER ITEM   OBSERVED TIME   RECORD YEAR NORMAL DEPARTURE LAST
                VALUE   (LST)  VALUE       VALUE  FROM      YEAR
                                                  NORMAL
..................................................................
TEMPERATURE (F)
 YESTERDAY
  MAXIMUM         66   1231 PM  MM      MM  58      8       57
  MINIMUM         37   1204 AM  MM      MM  35      2       32
  AVERAGE         52                        47      5       45

PRECIPITATION (IN)
  YESTERDAY        1.25                      0.12   1.13     0.00
  MONTH TO DATE    4.56                      4.42   0.14     4.36
  SINCE DEC 1      4.56                      4.42   0.14     4.36
  SINCE JAN 1     51.67                     54.20  -2.53    55.09

SNOWFALL (IN)
  YESTERDAY        0.0                      MM     MM        0.0
  MONTH TO DATE    0.0                      MM     MM        0.0
  SINCE DEC 1      0.0                      MM     MM        0.0
  SINCE JUL 1      0.0                      MM     MM        0.0
  SNOW DEPTH       0

DEGREE DAYS
 HEATING
  YESTERDAY       13                        19     -6       20
  MONTH TO DATE  355                       449    -94      347
  SINCE DEC 1    355                       449    -94      347
  SINCE JUL 1    873                       842     31      700
..................................................................


WIND (MPH)
  HIGHEST WIND SPEED    12   HIGHEST WIND DIRECTION     E (90)
  HIGHEST GUST SPEED    16   HIGHEST GUST DIRECTION     S (190)
  AVERAGE WIND SPEED     4.3


SKY COVER
  AVERAGE SKY COVER 0.7


WEATHER CONDITIONS
 THE FOLLOWING WEATHER WAS RECORDED YESTERDAY.
  THUNDERSTORM
  HEAVY RAIN
  RAIN
  FOG


RELATIVE HUMIDITY (PERCENT)
 HIGHEST   100           900 PM
 LOWEST     63           100 PM
 AVERAGE    82

..........................................................


THE TROY CLIMATE NORMALS FOR TODAY
                         NORMAL    RECORD    YEAR
 MAXIMUM TEMPERATURE (F)   58        MM        MM
 MINIMUM TEMPERATURE (F)   35        MM        MM


SUNRISE AND SUNSET
DECEMBER 28 2014......SUNRISE   643 AM CST   SUNSET   448 PM CST
DECEMBER 29 2014......SUNRISE   643 AM CST   SUNSET   449 PM CST


-  INDICATES NEGATIVE NUMBERS.
R  INDICATES RECORD WAS SET OR TIED.
MM INDICATES DATA IS MISSING.
T  INDICATES TRACE AMOUNT.




$$
