000
CDUS44 KBMX 302146
CLITOI


CLIMATE REPORT
NATIONAL WEATHER SERVICE BIRMINGHAM, AL
446 PM CDT FRI SEP 30 2016


...................................

...THE TROY CLIMATE SUMMARY FOR SEPTEMBER 30 2016...
VALID TODAY AS OF 0400 PM LOCAL TIME.

CLIMATE NORMAL PERIOD 1981 TO 2010
CLIMATE RECORD PERIOD 9999 TO 9999


WEATHER ITEM   OBSERVED TIME   RECORD YEAR NORMAL DEPARTURE LAST
                VALUE   (LST)  VALUE       VALUE  FROM      YEAR
                                                  NORMAL
..................................................................
TEMPERATURE (F)
 TODAY
  MAXIMUM         78    257 PM  MM      MM  83     -5       88
  MINIMUM         47    546 AM  MM      MM  59    -12       70
  AVERAGE         63                        71     -8       79

PRECIPITATION (IN)
  TODAY            0.00                      0.12  -0.12      T
  MONTH TO DATE    1.48                      3.96  -2.48     3.19
  SINCE SEP 1      1.48                      3.96  -2.48     3.19
  SINCE JAN 1     34.22                     41.91  -7.69    33.20

DEGREE DAYS
 HEATING
  TODAY            2                         1      1        0
  MONTH TO DATE    2                         3     -1        0
  SINCE SEP 1      2                         4     -2        0
  SINCE JUL 1      2                         4     -2        0

 COOLING
  TODAY            0                         6     -6       14
  MONTH TO DATE  413                       314     99      343
  SINCE SEP 1    413                       314     99      343
  SINCE JAN 1   2319                      1948    371     2365
..................................................................


WIND (MPH)
  HIGHEST WIND SPEED    13   HIGHEST WIND DIRECTION    NW (300)
  HIGHEST GUST SPEED    18   HIGHEST GUST DIRECTION    NW (310)
  AVERAGE WIND SPEED     2.9


SKY COVER
  AVERAGE SKY COVER 0.0


WEATHER CONDITIONS
 THE FOLLOWING WEATHER WAS RECORDED TODAY.
  NO SIGNIFICANT WEATHER WAS OBSERVED.


RELATIVE HUMIDITY (PERCENT)
 HIGHEST   100           300 AM
 LOWEST     38          1200 PM
 AVERAGE    69

..........................................................


THE TROY CLIMATE NORMALS FOR TOMORROW
                         NORMAL    RECORD    YEAR
 MAXIMUM TEMPERATURE (F)   82        MM        MM
 MINIMUM TEMPERATURE (F)   58        MM        MM


SUNRISE AND SUNSET
SEPTEMBER 30 2016.....SUNRISE   638 AM CDT   SUNSET   630 PM CDT
OCTOBER  1 2016.......SUNRISE   638 AM CDT   SUNSET   628 PM CDT


-  INDICATES NEGATIVE NUMBERS.
R  INDICATES RECORD WAS SET OR TIED.
MM INDICATES DATA IS MISSING.
T  INDICATES TRACE AMOUNT.




$$
