000
CDUS43 KTOP 250633
CLITOP


CLIMATE REPORT
NATIONAL WEATHER SERVICE TOPEKA KS
1233 AM CST SUN FEB 25 2018


...................................

...THE TOPEKA KS CLIMATE SUMMARY FOR FEBRUARY 24 2018...

CLIMATE NORMAL PERIOD 1981 TO 2010
CLIMATE RECORD PERIOD 1887 TO 2018


WEATHER ITEM   OBSERVED TIME   RECORD YEAR NORMAL DEPARTURE LAST
                VALUE   (LST)  VALUE       VALUE  FROM      YEAR
                                                  NORMAL
..................................................................
TEMPERATURE (F)
 YESTERDAY
  MAXIMUM         38    243 PM  83    1930  48    -10       44
  MINIMUM         32   1055 PM  -4    1913  27      5       25
  AVERAGE         35                        37     -2       35

PRECIPITATION (IN)
  YESTERDAY        0.08          1.09 1892   0.05   0.03      T
  MONTH TO DATE    0.78                      1.11  -0.33     0.11
  SINCE DEC 1      2.03                      3.32  -1.29     2.44
  SINCE JAN 1      1.72                      1.97  -0.25     1.39

SNOWFALL (IN)
  YESTERDAY        0.0           6.0  1934   0.1   -0.1       T
  MONTH TO DATE    2.2                       4.1   -1.9       T
  SINCE JAN 1      5.3                       9.0   -3.7      2.2
  SINCE JUL 1      7.4                      15.5   -8.1      5.3
  SNOW DEPTH       0

DEGREE DAYS
 HEATING
  YESTERDAY       30                        28      2       30
  MONTH TO DATE  816                       750     66      491
  SINCE DEC 1   2886                      2866     20     2525
  SINCE JUL 1   3709                      3860   -151     3098

 COOLING
  YESTERDAY        0                         0      0        0
  MONTH TO DATE    0                         0      0        0
  SINCE DEC 1      0                         0      0        0
  SINCE JAN 1      0                         0      0        0
..................................................................


WIND (MPH)
  HIGHEST WIND SPEED    17   HIGHEST WIND DIRECTION     W (260)
  HIGHEST GUST SPEED    24   HIGHEST GUST DIRECTION     W (260)
  AVERAGE WIND SPEED     7.7


SKY COVER
  AVERAGE SKY COVER 0.8


WEATHER CONDITIONS
 THE FOLLOWING WEATHER WAS RECORDED YESTERDAY.
  LIGHT RAIN
  FOG


RELATIVE HUMIDITY (PERCENT)
 HIGHEST   100           200 AM
 LOWEST     82           700 PM
 AVERAGE    91

..........................................................


THE TOPEKA KS CLIMATE NORMALS FOR TODAY
                         NORMAL    RECORD    YEAR
 MAXIMUM TEMPERATURE (F)   49        78      1995
 MINIMUM TEMPERATURE (F)   27        -1      1965


SUNRISE AND SUNSET
FEBRUARY 25 2018......SUNRISE   701 AM CST   SUNSET   611 PM CST
FEBRUARY 26 2018......SUNRISE   659 AM CST   SUNSET   612 PM CST


-  INDICATES NEGATIVE NUMBERS.
R  INDICATES RECORD WAS SET OR TIED.
MM INDICATES DATA IS MISSING.
T  INDICATES TRACE AMOUNT.




$$
