000
CDUS43 KTOP 030638
CLITOP


CLIMATE REPORT
NATIONAL WEATHER SERVICE TOPEKA KS
138 AM CDT WED JUN 3 2015


...................................

...THE TOPEKA KS CLIMATE SUMMARY FOR JUNE 2 2015...

CLIMATE NORMAL PERIOD 1981 TO 2010
CLIMATE RECORD PERIOD 1887 TO 2015


WEATHER ITEM   OBSERVED TIME   RECORD YEAR NORMAL DEPARTURE LAST
                VALUE   (LST)  VALUE       VALUE  FROM      YEAR
                                                  NORMAL
..................................................................
TEMPERATURE (F)
 YESTERDAY
  MAXIMUM         79    401 PM  98    1934  81     -2       86
  MINIMUM         56    318 AM  36    1888  60     -4       64
  AVERAGE         68                        70     -2       75

PRECIPITATION (IN)
  YESTERDAY        0.00          2.69 1950   0.17  -0.17     0.00
  MONTH TO DATE    0.00                      0.34  -0.34     1.30
  SINCE JUN 1      0.00                      0.34  -0.34     1.30
  SINCE JAN 1     14.59                     13.45   1.14     8.77

SNOWFALL (IN)
  YESTERDAY        0.0           T    1954   0.0    0.0      0.0
  MONTH TO DATE    0.0                       0.0    0.0      0.0
  SINCE JAN 1      7.9                      11.3   -3.4     23.1
  SINCE JUL 1     10.3                      17.8   -7.5     27.4
  SNOW DEPTH       0

DEGREE DAYS
 HEATING
  YESTERDAY        0                         1     -1        0
  MONTH TO DATE    0                         2     -2        0
  SINCE JUN 1      0                         2     -2        0
  SINCE JUL 1   4874                      5015   -141     5440

 COOLING
  YESTERDAY        3                         6     -3       10
  MONTH TO DATE    3                        12     -9       21
  SINCE JUN 1      3                        12     -9       21
  SINCE JAN 1     85                       138    -53      238
..................................................................


WIND (MPH)
  HIGHEST WIND SPEED    18   HIGHEST WIND DIRECTION     E (110)
  HIGHEST GUST SPEED    24   HIGHEST GUST DIRECTION    SE (120)
  AVERAGE WIND SPEED    11.1


SKY COVER
  AVERAGE SKY COVER 0.3


WEATHER CONDITIONS
 THE FOLLOWING WEATHER WAS RECORDED YESTERDAY.
  NO SIGNIFICANT WEATHER WAS OBSERVED.


RELATIVE HUMIDITY (PERCENT)
 HIGHEST    93           100 AM
 LOWEST     62           300 PM
 AVERAGE    78

..........................................................


THE TOPEKA KS CLIMATE NORMALS FOR TODAY
                         NORMAL    RECORD    YEAR
 MAXIMUM TEMPERATURE (F)   81        97      1972
                                             1942
 MINIMUM TEMPERATURE (F)   60        45      1969


SUNRISE AND SUNSET
JUNE  3 2015..........SUNRISE   558 AM CDT   SUNSET   844 PM CDT
JUNE  4 2015..........SUNRISE   558 AM CDT   SUNSET   844 PM CDT


-  INDICATES NEGATIVE NUMBERS.
R  INDICATES RECORD WAS SET OR TIED.
MM INDICATES DATA IS MISSING.
T  INDICATES TRACE AMOUNT.




$$
