000
CDUS43 KTOP 310634
CLITOP


CLIMATE REPORT
NATIONAL WEATHER SERVICE TOPEKA KS
133 AM CDT TUE MAY 31 2016


...................................

...THE TOPEKA KS CLIMATE SUMMARY FOR MAY 30 2016...

CLIMATE NORMAL PERIOD 1981 TO 2010
CLIMATE RECORD PERIOD 1887 TO 2016


WEATHER ITEM   OBSERVED TIME   RECORD YEAR NORMAL DEPARTURE LAST
                VALUE   (LST)  VALUE       VALUE  FROM      YEAR
                                                  NORMAL
..................................................................
TEMPERATURE (F)
 YESTERDAY
  MAXIMUM         85    249 PM 103    1934  80      5       66
  MINIMUM         61    414 AM  40    1889  59      2       54
  AVERAGE         73                        69      4       60

PRECIPITATION (IN)
  YESTERDAY        0.00          2.34 1892   0.16  -0.16     T
  MONTH TO DATE    8.82                      4.75   4.07     9.43
  SINCE MAR 1     18.04                     10.77   7.27    12.60
  SINCE JAN 1     19.31                     12.95   6.36    14.59

SNOWFALL (IN)
  YESTERDAY        0.0           T    2012   0.0    0.0      0.0
                                      1982
  MONTH TO DATE    T                         0.0    0.0      0.0
  SINCE JAN 1      3.7                      11.3   -7.6      7.9
  SINCE JUL 1      4.9                      17.8  -12.9     10.3
  SNOW DEPTH       0

DEGREE DAYS
 HEATING
  YESTERDAY        0                         1     -1        5
  MONTH TO DATE  113                        96     17       92
  SINCE MAR 1    750                      1046   -296      873
  SINCE JUL 1   4002                      5013  -1011     4874

 COOLING
  YESTERDAY        8                         5      3        0
  MONTH TO DATE   68                        93    -25       77
  SINCE MAR 1     86                       121    -35       82
  SINCE JAN 1     86                       121    -35       82
..................................................................


WIND (MPH)
  HIGHEST WIND SPEED    21   HIGHEST WIND DIRECTION     S (160)
  HIGHEST GUST SPEED    27   HIGHEST GUST DIRECTION    SE (150)
  AVERAGE WIND SPEED     7.7


SKY COVER
  AVERAGE SKY COVER 0.1


WEATHER CONDITIONS
 THE FOLLOWING WEATHER WAS RECORDED YESTERDAY.
  THUNDERSTORM
  FOG
  FOG W/VISIBILITY <= 1/4 MILE


RELATIVE HUMIDITY (PERCENT)
 HIGHEST   100           100 AM
 LOWEST     48           300 PM
 AVERAGE    74

..........................................................


THE TOPEKA KS CLIMATE NORMALS FOR TODAY
                         NORMAL    RECORD    YEAR
 MAXIMUM TEMPERATURE (F)   80       102      1934
 MINIMUM TEMPERATURE (F)   59        36      1889


SUNRISE AND SUNSET
MAY 31 2016...........SUNRISE   559 AM CDT   SUNSET   842 PM CDT
JUNE  1 2016..........SUNRISE   558 AM CDT   SUNSET   843 PM CDT


-  INDICATES NEGATIVE NUMBERS.
R  INDICATES RECORD WAS SET OR TIED.
MM INDICATES DATA IS MISSING.
T  INDICATES TRACE AMOUNT.




$$
