000
CDUS43 KTOP 010635
CLITOP


CLIMATE REPORT
NATIONAL WEATHER SERVICE TOPEKA KS
134 AM CDT FRI AUG 1 2014


...................................

...THE TOPEKA KS CLIMATE SUMMARY FOR JULY 31 2014...

CLIMATE NORMAL PERIOD 1981 TO 2010
CLIMATE RECORD PERIOD 1887 TO 2014


WEATHER ITEM   OBSERVED TIME   RECORD YEAR NORMAL DEPARTURE LAST
                VALUE   (LST)  VALUE       VALUE  FROM      YEAR
                                                  NORMAL
..................................................................
TEMPERATURE (F)
 YESTERDAY
  MAXIMUM         87    447 PM 106    1935  90     -3       88
  MINIMUM         55    557 AM  52    1971  68    -13       67
                                      1925
  AVERAGE         71                        79     -8       78

PRECIPITATION (IN)
  YESTERDAY        0.00          1.67 1968   0.12  -0.12     0.00
  MONTH TO DATE    0.95                      3.82  -2.87     1.78
  SINCE JUN 1      7.18                      9.22  -2.04     4.93
  SINCE JAN 1     14.65                     22.33  -7.68    19.26

SNOWFALL (IN)
  YESTERDAY        0.0           0.0    MM   0.0    0.0      0.0
  MONTH TO DATE    0.0                       0.0    0.0      0.0
  SINCE JAN 1     23.1                      11.3   11.8     24.2
  SINCE JUL 1      0.0                       0.0    0.0      0.0
  SNOW DEPTH       0

DEGREE DAYS
 HEATING
  YESTERDAY        0                         0      0        0
  MONTH TO DATE    0                         0      0        0
  SINCE JUN 1      0                         8     -8        5
  SINCE JUL 1      0                         0      0        0

 COOLING
  YESTERDAY        6                        14     -8       13
  MONTH TO DATE  370                       432    -62      424
  SINCE JUN 1    706                       716    -10      761
  SINCE JAN 1    923                       842     81      906
..................................................................


WIND (MPH)
  HIGHEST WIND SPEED     8   HIGHEST WIND DIRECTION     E (100)
  HIGHEST GUST SPEED    12   HIGHEST GUST DIRECTION    NW (300)
  AVERAGE WIND SPEED     2.3


SKY COVER
  AVERAGE SKY COVER 0.0


WEATHER CONDITIONS
 THE FOLLOWING WEATHER WAS RECORDED YESTERDAY.
  FOG


RELATIVE HUMIDITY (PERCENT)
 HIGHEST    93           300 AM
 LOWEST     31           400 PM
 AVERAGE    62

..........................................................


THE TOPEKA KS CLIMATE NORMALS FOR TODAY
                         NORMAL    RECORD    YEAR
 MAXIMUM TEMPERATURE (F)   90       109      2011
 MINIMUM TEMPERATURE (F)   68        53      1977


SUNRISE AND SUNSET
AUGUST  1 2014........SUNRISE   623 AM CDT   SUNSET   834 PM CDT
AUGUST  2 2014........SUNRISE   624 AM CDT   SUNSET   833 PM CDT


-  INDICATES NEGATIVE NUMBERS.
R  INDICATES RECORD WAS SET OR TIED.
MM INDICATES DATA IS MISSING.
T  INDICATES TRACE AMOUNT.




$$
