000
CDUS45 KCYS 250728
CLITOR


CLIMATE REPORT
NATIONAL WEATHER SERVICE CHEYENNE WY
127 AM MDT SUN SEP 25 2016


...................................

...THE TORRINGTON WY AIRPORT CLIMATE SUMMARY FOR SEPTEMBER 24 2016...

CLIMATE NORMAL PERIOD 1981 TO 2010
CLIMATE RECORD PERIOD 1998 TO 2016


WEATHER ITEM   OBSERVED TIME   RECORD YEAR NORMAL DEPARTURE LAST
                VALUE   (LST)  VALUE       VALUE  FROM      YEAR
                                                  NORMAL
..................................................................
TEMPERATURE (F)
 YESTERDAY
  MAXIMUM         68    125 PM  88    2011  73     -5       87
  MINIMUM         41    631 AM  30    2006  41      0       47
                                      2000
  AVERAGE         55                        57     -2       67

PRECIPITATION (IN)
  YESTERDAY        0.10R         0.06 2007   0.05   0.05     0.00
  MONTH TO DATE    0.89                      1.09  -0.20     0.07
  SINCE JAN 1     10.84                     12.05  -1.21    15.79

DEGREE DAYS
 HEATING
  YESTERDAY       10                         9      1        0
  MONTH TO DATE   74                       114    -40       34
  SINCE SEP 1     74                       114    -40       34
  SINCE JUL 1     91                       136    -45       68

 COOLING
  YESTERDAY        0                         0      0        2
  MONTH TO DATE   59                        44     15       92
  SINCE SEP 1     59                        44     15       92
  SINCE JAN 1    820                       677    143      711
..................................................................


WIND (MPH)
  HIGHEST WIND SPEED    26   HIGHEST WIND DIRECTION    NW (320)
  HIGHEST GUST SPEED    36   HIGHEST GUST DIRECTION    NW (310)
  AVERAGE WIND SPEED    11.1


SKY COVER
  AVERAGE SKY COVER 0.4


WEATHER CONDITIONS
 THE FOLLOWING WEATHER WAS RECORDED YESTERDAY.
  LIGHT RAIN
  FOG


RELATIVE HUMIDITY (PERCENT)
 HIGHEST   100           200 AM
 LOWEST     31           100 PM
 AVERAGE    66

..........................................................


THE TORRINGTON WY AIRPORT CLIMATE NORMALS FOR TODAY
                         NORMAL    RECORD    YEAR
 MAXIMUM TEMPERATURE (F)   73        92      2014
 MINIMUM TEMPERATURE (F)   40        26      2000


SUNRISE AND SUNSET
SEPTEMBER 25 2016.....SUNRISE   648 AM MDT   SUNSET   648 PM MDT
SEPTEMBER 26 2016.....SUNRISE   649 AM MDT   SUNSET   646 PM MDT


-  INDICATES NEGATIVE NUMBERS.
R  INDICATES RECORD WAS SET OR TIED.
MM INDICATES DATA IS MISSING.
T  INDICATES TRACE AMOUNT.




$$
