000
CDUS45 KCYS 012126
CLITOR


CLIMATE REPORT
NATIONAL WEATHER SERVICE CHEYENNE WY
326 PM MDT SAT AUG 1 2015


...................................

...THE TORRINGTON WY AIRPORT CLIMATE SUMMARY FOR AUGUST 1 2015...
VALID AS OF 0300 PM LOCAL TIME.

CLIMATE NORMAL PERIOD 1981 TO 2010
CLIMATE RECORD PERIOD 1998 TO 2015


WEATHER ITEM   OBSERVED TIME   RECORD YEAR NORMAL DEPARTURE LAST
                VALUE   (LST)  VALUE       VALUE  FROM      YEAR
                                                  NORMAL
..................................................................
TEMPERATURE (F)
 TODAY
  MAXIMUM         96    159 PM  99    2011  90      6       90
  MINIMUM         58    454 AM  47    2009  58      0       50
  AVERAGE         77                        74      3       70

PRECIPITATION (IN)
  TODAY            0.00          0.07 2011   0.07  -0.07     0.00
  MONTH TO DATE    0.00                      0.07  -0.07     0.00
  SINCE JAN 1     15.43                      9.76   5.67    11.46

DEGREE DAYS
 HEATING
  TODAY            0                         0      0        0
  MONTH TO DATE    0                         0      0        0
  SINCE JUN 1     11                        81    -70       85
  SINCE JUL 1      8                         6      2        7

 COOLING
  TODAY           12                         9      3        5
  MONTH TO DATE   12                         9      3        5
  SINCE JUN 1    384                       407    -23      325
  SINCE JAN 1    384                       425    -41      341
..................................................................


WIND (MPH)
  HIGHEST WIND SPEED    13   HIGHEST WIND DIRECTION     E (110)
  HIGHEST GUST SPEED    14   HIGHEST GUST DIRECTION     E (110)
  AVERAGE WIND SPEED     4.4


SKY COVER
  AVERAGE SKY COVER 0.0


WEATHER CONDITIONS
 THE FOLLOWING WEATHER WAS RECORDED TODAY.
  NO SIGNIFICANT WEATHER WAS OBSERVED.


RELATIVE HUMIDITY (PERCENT)
 HIGHEST    80           500 AM
 LOWEST     17           200 PM
 AVERAGE    49

..........................................................


THE TORRINGTON WY AIRPORT CLIMATE NORMALS FOR TOMORROW
                         NORMAL    RECORD    YEAR
 MAXIMUM TEMPERATURE (F)   90       102      2008
 MINIMUM TEMPERATURE (F)   58        50      2009


SUNRISE AND SUNSET
AUGUST  1 2015........SUNRISE   550 AM MDT   SUNSET   816 PM MDT
AUGUST  2 2015........SUNRISE   551 AM MDT   SUNSET   814 PM MDT


-  INDICATES NEGATIVE NUMBERS.
R  INDICATES RECORD WAS SET OR TIED.
MM INDICATES DATA IS MISSING.
T  INDICATES TRACE AMOUNT.




$$
