000
CDUS45 KCYS 290726
CLITOR


CLIMATE REPORT
NATIONAL WEATHER SERVICE CHEYENNE WY
126 AM MDT MON AUG 29 2016


...................................

...THE TORRINGTON WY AIRPORT CLIMATE SUMMARY FOR AUGUST 28 2016...

CLIMATE NORMAL PERIOD 1981 TO 2010
CLIMATE RECORD PERIOD 1998 TO 2016


WEATHER ITEM   OBSERVED TIME   RECORD YEAR NORMAL DEPARTURE LAST
                VALUE   (LST)  VALUE       VALUE  FROM      YEAR
                                                  NORMAL
..................................................................
TEMPERATURE (F)
 YESTERDAY
  MAXIMUM         93    136 PM 100    2012  85      8       89
  MINIMUM         49    546 AM  36    2004  52     -3       55
  AVERAGE         71                        68      3       72

PRECIPITATION (IN)
  YESTERDAY        0.00          0.24 2014   0.02  -0.02     0.00
  MONTH TO DATE    1.11                      1.17  -0.06     0.29
  SINCE JAN 1      9.92                     10.86  -0.94    15.72

DEGREE DAYS
 HEATING
  YESTERDAY        0                         1     -1        0
  MONTH TO DATE   17                         7     10       26
  SINCE JUN 1     24                        88    -64       37
  SINCE JUL 1     17                        13      4       34

 COOLING
  YESTERDAY        6                         5      1        7
  MONTH TO DATE  180                       204    -24      214
  SINCE JUN 1    748                       602    146      586
  SINCE JAN 1    748                       620    128      586
..................................................................


WIND (MPH)
  HIGHEST WIND SPEED    22   HIGHEST WIND DIRECTION    SE (150)
  HIGHEST GUST SPEED    25   HIGHEST GUST DIRECTION    SE (150)
  AVERAGE WIND SPEED     6.4


SKY COVER
  AVERAGE SKY COVER 0.0


WEATHER CONDITIONS
 THE FOLLOWING WEATHER WAS RECORDED YESTERDAY.
  NO SIGNIFICANT WEATHER WAS OBSERVED.


RELATIVE HUMIDITY (PERCENT)
 HIGHEST    89           400 AM
 LOWEST      9          1200 PM
 AVERAGE    49

..........................................................


THE TORRINGTON WY AIRPORT CLIMATE NORMALS FOR TODAY
                         NORMAL    RECORD    YEAR
 MAXIMUM TEMPERATURE (F)   85       100      2012
 MINIMUM TEMPERATURE (F)   52        42      2004


SUNRISE AND SUNSET
AUGUST 29 2016........SUNRISE   620 AM MDT   SUNSET   734 PM MDT
AUGUST 30 2016........SUNRISE   621 AM MDT   SUNSET   733 PM MDT


-  INDICATES NEGATIVE NUMBERS.
R  INDICATES RECORD WAS SET OR TIED.
MM INDICATES DATA IS MISSING.
T  INDICATES TRACE AMOUNT.




$$
