000
CDUS45 KCYS 270730
CLITOR


CLIMATE REPORT
NATIONAL WEATHER SERVICE CHEYENNE WY
129 AM MDT WED JUL 27 2016


...................................

...THE TORRINGTON WY AIRPORT CLIMATE SUMMARY FOR JULY 26 2016...

CLIMATE NORMAL PERIOD 1981 TO 2010
CLIMATE RECORD PERIOD 1998 TO 2016


WEATHER ITEM   OBSERVED TIME   RECORD YEAR NORMAL DEPARTURE LAST
                VALUE   (LST)  VALUE       VALUE  FROM      YEAR
                                                  NORMAL
..................................................................
TEMPERATURE (F)
 YESTERDAY
  MAXIMUM         98    346 PM  99    2010  91      7       98
  MINIMUM         61    510 AM  48    2005  59      2       60
  AVERAGE         80                        75      5       79

PRECIPITATION (IN)
  YESTERDAY        0.02          0.45 2005   0.06  -0.04     0.00
  MONTH TO DATE    0.17                      1.51  -1.34     1.92
  SINCE JAN 1      8.30                      9.40  -1.10    15.43

DEGREE DAYS
 HEATING
  YESTERDAY        0                         0      0        0
  MONTH TO DATE    0                         0      0        8
  SINCE JUN 1      7                        75    -68       11
  SINCE JUL 1      0                         0      0        8

 COOLING
  YESTERDAY       15                        10      5       14
  MONTH TO DATE  286                       233     53      191
  SINCE JUN 1    519                       349    170      341
  SINCE JAN 1    519                       367    152      341
..................................................................


WIND (MPH)
  HIGHEST WIND SPEED    33   HIGHEST WIND DIRECTION     S (170)
  HIGHEST GUST SPEED    40   HIGHEST GUST DIRECTION     S (180)
  AVERAGE WIND SPEED     8.7


SKY COVER
  AVERAGE SKY COVER 0.1


WEATHER CONDITIONS
 THE FOLLOWING WEATHER WAS RECORDED YESTERDAY.
  LIGHT RAIN


RELATIVE HUMIDITY (PERCENT)
 HIGHEST   100           400 AM
 LOWEST     15           300 PM
 AVERAGE    58

..........................................................


THE TORRINGTON WY AIRPORT CLIMATE NORMALS FOR TODAY
                         NORMAL    RECORD    YEAR
 MAXIMUM TEMPERATURE (F)   91       100      2012
                                             2008
 MINIMUM TEMPERATURE (F)   59        45      2005


SUNRISE AND SUNSET
JULY 27 2016..........SUNRISE   545 AM MDT   SUNSET   820 PM MDT
JULY 28 2016..........SUNRISE   546 AM MDT   SUNSET   819 PM MDT


-  INDICATES NEGATIVE NUMBERS.
R  INDICATES RECORD WAS SET OR TIED.
MM INDICATES DATA IS MISSING.
T  INDICATES TRACE AMOUNT.




$$
