000
CDUS45 KCYS 200726
CLITOR


CLIMATE REPORT
NATIONAL WEATHER SERVICE CHEYENNE WY
126 AM MDT WED AUG 20 2014


...................................

...THE TORRINGTON WY AIRPORT CLIMATE SUMMARY FOR AUGUST 19 2014...

CLIMATE NORMAL PERIOD 1981 TO 2010
CLIMATE RECORD PERIOD 1998 TO 2014


WEATHER ITEM   OBSERVED TIME   RECORD YEAR NORMAL DEPARTURE LAST
                VALUE   (LST)  VALUE       VALUE  FROM      YEAR
                                                  NORMAL
..................................................................
TEMPERATURE (F)
 YESTERDAY
  MAXIMUM         94    303 PM  98    2001  87      7       92
  MINIMUM         56    220 AM  44    2012  55      1       57
  AVERAGE         75                        71      4       75

PRECIPITATION (IN)
  YESTERDAY        0.00          0.07 2004   0.03  -0.03     0.00
  MONTH TO DATE    0.59                      0.96  -0.37     0.74
  SINCE JAN 1     12.05                     10.65   1.40     6.67

DEGREE DAYS
 HEATING
  YESTERDAY        0                         0      0        0
  MONTH TO DATE    0                         0      0        0
  SINCE JUN 1     85                        81      4       36
  SINCE JUL 1      7                         6      1        2

 COOLING
  YESTERDAY       10                         7      3       10
  MONTH TO DATE  160                       155      5      136
  SINCE JUN 1    480                       553    -73      584
  SINCE JAN 1    496                       571    -75      623
..................................................................


WIND (MPH)
  HIGHEST WIND SPEED    26   HIGHEST WIND DIRECTION    SW (220)
  HIGHEST GUST SPEED    36   HIGHEST GUST DIRECTION    SW (230)
  AVERAGE WIND SPEED     9.9


SKY COVER
  AVERAGE SKY COVER 0.0


WEATHER CONDITIONS
 THE FOLLOWING WEATHER WAS RECORDED YESTERDAY.
  HAZE


RELATIVE HUMIDITY (PERCENT)
 HIGHEST    86           400 AM
 LOWEST     15           300 PM
 AVERAGE    51

..........................................................


THE TORRINGTON WY AIRPORT CLIMATE NORMALS FOR TODAY
                         NORMAL    RECORD    YEAR
 MAXIMUM TEMPERATURE (F)   87        99      2013
 MINIMUM TEMPERATURE (F)   55        43      2004


SUNRISE AND SUNSET
AUGUST 20 2014........SUNRISE   610 AM MDT   SUNSET   750 PM MDT
AUGUST 21 2014........SUNRISE   611 AM MDT   SUNSET   748 PM MDT


-  INDICATES NEGATIVE NUMBERS.
R  INDICATES RECORD WAS SET OR TIED.
MM INDICATES DATA IS MISSING.
T  INDICATES TRACE AMOUNT.




$$
