000
CDUS45 KCYS 060748
CLITOR


CLIMATE REPORT
NATIONAL WEATHER SERVICE CHEYENNE WY
148 AM MDT MON JUL 6 2015


...................................

...THE TORRINGTON WY AIRPORT CLIMATE SUMMARY FOR JULY 5 2015...

CLIMATE NORMAL PERIOD 1981 TO 2010
CLIMATE RECORD PERIOD 1998 TO 2015


WEATHER ITEM   OBSERVED TIME   RECORD YEAR NORMAL DEPARTURE LAST
                VALUE   (LST)  VALUE       VALUE  FROM      YEAR
                                                  NORMAL
..................................................................
TEMPERATURE (F)
 YESTERDAY
  MAXIMUM         96   1223 PM 100    2014  89      7      100
  MINIMUM         59    313 AM  51    2010  57      2       53
  AVERAGE         78                        73      5       77

PRECIPITATION (IN)
  YESTERDAY        0.72          1.25 2009   0.04   0.68     0.00
  MONTH TO DATE    0.84                      0.19   0.65     0.06
  SINCE JAN 1     14.35                      8.08   6.27    10.17

DEGREE DAYS
 HEATING
  YESTERDAY        0                         0      0        0
  MONTH TO DATE    0                         0      0        4
  SINCE JUN 1      3                        75    -72       82
  SINCE JUL 1      0                         0      0        4

 COOLING
  YESTERDAY       13                         8      5       12
  MONTH TO DATE   54                        37     17       33
  SINCE JUN 1    204                       153     51       95
  SINCE JAN 1    204                       171     33      111
..................................................................


WIND (MPH)
  HIGHEST WIND SPEED    39   HIGHEST WIND DIRECTION    SE (150)
  HIGHEST GUST SPEED    46   HIGHEST GUST DIRECTION    SE (150)
  AVERAGE WIND SPEED    10.4


SKY COVER
  AVERAGE SKY COVER 0.1


WEATHER CONDITIONS
 THE FOLLOWING WEATHER WAS RECORDED YESTERDAY.
  THUNDERSTORM
  HEAVY RAIN
  RAIN
  LIGHT RAIN
  FOG


RELATIVE HUMIDITY (PERCENT)
 HIGHEST    90           400 AM
 LOWEST     22           100 PM
 AVERAGE    56

..........................................................


THE TORRINGTON WY AIRPORT CLIMATE NORMALS FOR TODAY
                         NORMAL    RECORD    YEAR
 MAXIMUM TEMPERATURE (F)   89        98      2007
                                             2001
                                             2000
 MINIMUM TEMPERATURE (F)   57        47      2004


SUNRISE AND SUNSET
JULY  6 2015..........SUNRISE   527 AM MDT   SUNSET   835 PM MDT
JULY  7 2015..........SUNRISE   528 AM MDT   SUNSET   835 PM MDT


-  INDICATES NEGATIVE NUMBERS.
R  INDICATES RECORD WAS SET OR TIED.
MM INDICATES DATA IS MISSING.
T  INDICATES TRACE AMOUNT.




$$
