190
CDUS42 KTBW 210830
CLITPA


CLIMATE REPORT
NATIONAL WEATHER SERVICE TAMPA BAY FL
429 AM EDT MON AUG 21 2017


...................................

...THE TAMPA CLIMATE SUMMARY FOR AUGUST 20 2017...

CLIMATE NORMAL PERIOD 1981 TO 2010
CLIMATE RECORD PERIOD 1890 TO 2017


WEATHER ITEM   OBSERVED TIME   RECORD YEAR NORMAL DEPARTURE LAST
                VALUE   (LST)  VALUE       VALUE  FROM      YEAR
                                                  NORMAL
..................................................................
TEMPERATURE (F)
 YESTERDAY
  MAXIMUM         94    244 PM  96    2015  90      4       90
                                      2007
  MINIMUM         80    604 AM  70    1967  76      4       80
                                      1891
  AVERAGE         87                        83      4       85

PRECIPITATION (IN)
  YESTERDAY        0.00          2.96 1891   0.25  -0.25      T
  MONTH TO DATE    3.28                      4.99  -1.71     5.94
  SINCE JUN 1     20.17                     18.74   1.43    23.76
  SINCE JAN 1     26.19                     30.94  -4.75    39.66

DEGREE DAYS
 HEATING
  YESTERDAY        0                         0      0        0
  MONTH TO DATE    0                         0      0        0
  SINCE JUN 1      0                         0      0        0
  SINCE JUL 1      0                         0      0        0

 COOLING
  YESTERDAY       22                        18      4       20
  MONTH TO DATE  413                       360     53      374
  SINCE JUN 1   1550                      1434    116     1549
  SINCE JAN 1   2866                      2311    555     2569
..................................................................


WIND (MPH)
  RESULTANT WIND SPEED   4   RESULTANT WIND DIRECTION   E (100)
  HIGHEST WIND SPEED    14   HIGHEST WIND DIRECTION     E (110)
  HIGHEST GUST SPEED    19   HIGHEST GUST DIRECTION    SE (120)
  AVERAGE WIND SPEED     4.7


SKY COVER
  POSSIBLE SUNSHINE  MM
  AVERAGE SKY COVER 0.7


WEATHER CONDITIONS
 THE FOLLOWING WEATHER WAS RECORDED YESTERDAY.
  THUNDERSTORM


RELATIVE HUMIDITY (PERCENT)
 HIGHEST    85           400 AM
 LOWEST     46           100 PM
 AVERAGE    66

..........................................................


THE TAMPA CLIMATE NORMALS FOR TODAY
                         NORMAL    RECORD    YEAR
 MAXIMUM TEMPERATURE (F)   90        96      2007
 MINIMUM TEMPERATURE (F)   76        70      1948
                                             1937
                                             1918


SUNRISE AND SUNSET
AUGUST 21 2017........SUNRISE   703 AM EDT   SUNSET   802 PM EDT
AUGUST 22 2017........SUNRISE   704 AM EDT   SUNSET   801 PM EDT


-  INDICATES NEGATIVE NUMBERS.
R  INDICATES RECORD WAS SET OR TIED.
MM INDICATES DATA IS MISSING.
T  INDICATES TRACE AMOUNT.




$$


&&
------------------------------------------------------------------
******************** SUPPLEMENTAL DATA ***************************

...RUSKIN                HIGH 92    LOW 77    PCPN TRACE
...SARASOTA/BRADENTON    HIGH 93    LOW 77    PCPN TRACE
...ST. PETERSBURG        HIGH 93    LOW 83    PCPN 0.00
...GULF WATER TEMPERATURE AT CLEARWATER BEACH 89 DEGREES
