000
CDUS42 KTBW 122215
CLITPA


CLIMATE REPORT
NATIONAL WEATHER SERVICE TAMPA BAY FL
515 PM EST TUE DEC 12 2017


...................................

...THE TAMPA CLIMATE SUMMARY FOR DECEMBER 12 2017...
VALID TODAY AS OF 0500 PM LOCAL TIME.

CLIMATE NORMAL PERIOD 1981 TO 2010
CLIMATE RECORD PERIOD 1890 TO 2017


WEATHER ITEM   OBSERVED TIME   RECORD YEAR NORMAL DEPARTURE LAST
                VALUE   (LST)  VALUE       VALUE  FROM      YEAR
                                                  NORMAL
..................................................................
TEMPERATURE (F)
 TODAY
  MAXIMUM         75   1203 PM  85    2015  73      2       80
                                      2001
                                      1972
  MINIMUM         50    138 AM  27    1957  55     -5       68
                                      1934
  AVERAGE         63                        64     -1       74

PRECIPITATION (IN)
  TODAY            0.00          1.83 1997   0.08  -0.08     0.00
  MONTH TO DATE    0.74                      0.90  -0.16     0.37
  SINCE DEC 1      0.74                      0.90  -0.16     0.37
  SINCE JAN 1     44.21                     44.73  -0.52    52.50

DEGREE DAYS
 HEATING
  TODAY            2                         4     -2        0
  MONTH TO DATE   33                        41     -8       12
  SINCE DEC 1     33                        41     -8       12
  SINCE JUL 1     41                        85    -44       27

 COOLING
  TODAY            0                         3     -3        9
  MONTH TO DATE   66                        37     29       62
  SINCE DEC 1     66                        37     29       62
  SINCE JAN 1   4351                      3567    784     4035
..................................................................


WIND (MPH)
  RESULTANT WIND SPEED   6   RESULTANT WIND DIRECTION  SW (240)
  HIGHEST WIND SPEED    22   HIGHEST WIND DIRECTION     W (270)
  HIGHEST GUST SPEED    29   HIGHEST GUST DIRECTION     W (270)
  AVERAGE WIND SPEED     8.9


SKY COVER
  POSSIBLE SUNSHINE  MM
  AVERAGE SKY COVER 0.3


WEATHER CONDITIONS
 THE FOLLOWING WEATHER WAS RECORDED TODAY.
  NO SIGNIFICANT WEATHER WAS OBSERVED.


RELATIVE HUMIDITY (PERCENT)
 HIGHEST    86           700 AM
 LOWEST     46           300 PM

..........................................................


THE TAMPA CLIMATE NORMALS FOR TOMORROW
                         NORMAL    RECORD    YEAR
 MAXIMUM TEMPERATURE (F)   72        85      2015
                                             1972
                                             1948
 MINIMUM TEMPERATURE (F)   55        18      1962


SUNRISE AND SUNSET
DECEMBER 12 2017......SUNRISE   712 AM EST   SUNSET   536 PM EST
DECEMBER 13 2017......SUNRISE   713 AM EST   SUNSET   536 PM EST


-  INDICATES NEGATIVE NUMBERS.
R  INDICATES RECORD WAS SET OR TIED.
MM INDICATES DATA IS MISSING.
T  INDICATES TRACE AMOUNT.




$$


&&
------------------------------------------------------------------
******************** SUPPLEMENTAL DATA ***************************

...RUSKIN                HIGH 72    LOW 44    PCPN 0.00
...SARASOTA/BRADENTON    HIGH 74    LOW 45    PCPN 0.00
...LAKELAND*             HIGH MM    LOW MM    PCPN MM
...ST. PETERSBURG        HIGH 72    LOW 54    PCPN 0.00
...GULF WATER TEMPERATURE AT CLEARWATER BEACH 64 DEGREES

*LAKELAND DATA IS FROM 4:30 PM MONDAY TO 4:30 PM TUESDAY
AND MAY REFLECT YESTERDAYS RAINFALL AND HIGH TEMPERATURE.
