000
CDUS42 KTBW 012115
CLITPA


CLIMATE REPORT
NATIONAL WEATHER SERVICE TAMPA BAY FL
512 PM EDT SAT AUG 1 2015


...................................

...THE TAMPA CLIMATE SUMMARY FOR AUGUST 1 2015...
VALID TODAY AS OF 0500 PM LOCAL TIME.

CLIMATE NORMAL PERIOD 1981 TO 2010
CLIMATE RECORD PERIOD 1890 TO 2015


WEATHER ITEM   OBSERVED TIME   RECORD YEAR NORMAL DEPARTURE LAST
                VALUE   (LST)  VALUE       VALUE  FROM      YEAR
                                                  NORMAL
..................................................................
TEMPERATURE (F)
 TODAY
  MAXIMUM         86   1022 AM  95    1993  90     -4       93
                                      1986
                                      1961
  MINIMUM         73   1244 PM  69    1916  76     -3       77
                                      1909
  AVERAGE         80                        83     -3       85

PRECIPITATION (IN)
  TODAY            3.33R         2.60 1973   0.24   3.09     0.00
  MONTH TO DATE    3.33                      0.24   3.09     0.00
  SINCE JUN 1     21.40                     13.99   7.41    14.45
  SINCE JAN 1     42.29                     26.19  16.10    33.78

DEGREE DAYS
 HEATING
  TODAY            0                         0      0        0
  MONTH TO DATE    0                         0      0        0
  SINCE JUN 1      0                         0      0        0
  SINCE JUL 1      0                         0      0        0

 COOLING
  TODAY           15                        18     -3       20
  MONTH TO DATE   15                        18     -3       20
  SINCE JUN 1   1131                      1092     39     1110
  SINCE JAN 1   2352                      1969    383     1933
..................................................................


WIND (MPH)
  RESULTANT WIND SPEED   7   RESULTANT WIND DIRECTION   S (180)
  HIGHEST WIND SPEED    28   HIGHEST WIND DIRECTION    SW (240)
  HIGHEST GUST SPEED    37   HIGHEST GUST DIRECTION     W (270)
  AVERAGE WIND SPEED     7.8


SKY COVER
  POSSIBLE SUNSHINE  MM
  AVERAGE SKY COVER 0.9


WEATHER CONDITIONS
 THE FOLLOWING WEATHER WAS RECORDED TODAY.
  THUNDERSTORM
  HEAVY RAIN
  RAIN
  LIGHT RAIN
  FOG
  FOG W/VISIBILITY <= 1/4 MILE


RELATIVE HUMIDITY (PERCENT)
 HIGHEST    91          1200 AM
 LOWEST     74          1100 AM

..........................................................


THE TAMPA CLIMATE NORMALS FOR TOMORROW
                         NORMAL    RECORD    YEAR
 MAXIMUM TEMPERATURE (F)   90        96      1908
 MINIMUM TEMPERATURE (F)   76        67      1930


SUNRISE AND SUNSET
AUGUST  1 2015........SUNRISE   653 AM EDT   SUNSET   820 PM EDT
AUGUST  2 2015........SUNRISE   653 AM EDT   SUNSET   819 PM EDT


-  INDICATES NEGATIVE NUMBERS.
R  INDICATES RECORD WAS SET OR TIED.
MM INDICATES DATA IS MISSING.
T  INDICATES TRACE AMOUNT.




$$


&&
------------------------------------------------------------------
******************** SUPPLEMENTAL DATA ***************************

...RUSKIN                HIGH 85    LOW 74    PCPN 0.62
...SARASOTA/BRADENTON    HIGH 88    LOW 75    PCPN T
...ST. PETERSBURG        HIGH 87    LOW 73    PCPN 0.38
...GULF WATER TEMPERATURE AT CLEARWATER BEACH 83
