000
CDUS42 KTBW 142115
CLITPA


CLIMATE REPORT
NATIONAL WEATHER SERVICE TAMPA BAY FL
512 PM EDT SUN SEP 14 2014


...................................

...THE TAMPA CLIMATE SUMMARY FOR SEPTEMBER 14 2014...
VALID TODAY AS OF 0500 PM LOCAL TIME.

CLIMATE NORMAL PERIOD 1981 TO 2010
CLIMATE RECORD PERIOD 1890 TO 2014


WEATHER ITEM   OBSERVED TIME   RECORD YEAR NORMAL DEPARTURE LAST
                VALUE   (LST)  VALUE       VALUE  FROM      YEAR
                                                  NORMAL
..................................................................
TEMPERATURE (F)
 TODAY
  MAXIMUM         90    135 PM  95    1986  89      1       90
  MINIMUM         76    705 AM  67    1968  75      1       77
  AVERAGE         83                        82      1       84

PRECIPITATION (IN)
  TODAY            0.00          6.38 2001   0.23  -0.23     0.17
  MONTH TO DATE    1.68                      3.39  -1.71     3.22
  SINCE SEP 1      1.68                      3.39  -1.71     3.22
  SINCE JAN 1     41.63                     37.11   4.52    45.74

DEGREE DAYS
 HEATING
  TODAY            0                         0      0        0
  MONTH TO DATE    0                         0      0        0
  SINCE SEP 1      0                         0      0        0
  SINCE JUL 1      0                         0      0        0

 COOLING
  TODAY           18                        17      1       19
  MONTH TO DATE  254                       246      8      257
  SINCE SEP 1    254                       246      8      257
  SINCE JAN 1   2771                      2761     10     2894
..................................................................


WIND (MPH)
  RESULTANT WIND SPEED   5   RESULTANT WIND DIRECTION  SE (140)
  HIGHEST WIND SPEED    18   HIGHEST WIND DIRECTION    SW (210)
  HIGHEST GUST SPEED    21   HIGHEST GUST DIRECTION    SW (210)
  AVERAGE WIND SPEED     6.3


SKY COVER
  POSSIBLE SUNSHINE  MM
  AVERAGE SKY COVER 0.4


WEATHER CONDITIONS
 THE FOLLOWING WEATHER WAS RECORDED TODAY.
  NO SIGNIFICANT WEATHER WAS OBSERVED.


RELATIVE HUMIDITY (PERCENT)
 HIGHEST    87           600 AM
 LOWEST     53           100 PM

..........................................................


THE TAMPA CLIMATE NORMALS FOR TOMORROW
                         NORMAL    RECORD    YEAR
 MAXIMUM TEMPERATURE (F)   89        95      1991
                                             1958
 MINIMUM TEMPERATURE (F)   75        64      1956


SUNRISE AND SUNSET
SEPTEMBER 14 2014.....SUNRISE   715 AM EDT   SUNSET   736 PM EDT
SEPTEMBER 15 2014.....SUNRISE   715 AM EDT   SUNSET   735 PM EDT


-  INDICATES NEGATIVE NUMBERS.
R  INDICATES RECORD WAS SET OR TIED.
MM INDICATES DATA IS MISSING.
T  INDICATES TRACE AMOUNT.




$$


&&
------------------------------------------------------------------
******************** SUPPLEMENTAL DATA ***************************

...RUSKIN                HIGH 90    LOW 73    PCPN 0.02
...SARASOTA/BRADENTON    HIGH 88    LOW 73    PCPN 0.01
...LAKELAND              HIGH 92    LOW 72    PCPN 0.00
...ST. PETERSBURG        HIGH 89    LOW 77    PCPN 0.31
...GULF WATER TEMPERATURE AT CLEARWATER BEACH 86(E)
