000
CDUS42 KTBW 030930
CLITPA


CLIMATE REPORT
NATIONAL WEATHER SERVICE TAMPA BAY FL
427 AM EST TUE MAR 3 2015


...................................

...THE TAMPA CLIMATE SUMMARY FOR MARCH 2 2015...

CLIMATE NORMAL PERIOD 1981 TO 2010
CLIMATE RECORD PERIOD 1890 TO 2015


WEATHER ITEM   OBSERVED TIME   RECORD YEAR NORMAL DEPARTURE LAST
                VALUE   (LST)  VALUE       VALUE  FROM      YEAR
                                                  NORMAL
..................................................................
TEMPERATURE (F)
 YESTERDAY
  MAXIMUM         80    539 PM  86    1945  75      5       78
                                      1918
  MINIMUM         68    703 AM  35    1986  56     12       55
                                      1980
                                      1968
  AVERAGE         74                        65      9       67

PRECIPITATION (IN)
  YESTERDAY        0.00          2.12 1931   0.10  -0.10     0.00
  MONTH TO DATE    0.02                      0.19  -0.17     0.00
  SINCE MAR 1      0.02                      0.19  -0.17     0.00
  SINCE JAN 1      8.32                      5.23   3.09     4.95

DEGREE DAYS
 HEATING
  YESTERDAY        0                         3     -3        0
  MONTH TO DATE    0                         6     -6        3
  SINCE MAR 1      0                         6     -6        3
  SINCE JUL 1    455                       477    -22      399

 COOLING
  YESTERDAY        9                         3      6        2
  MONTH TO DATE   18                         6     12        2
  SINCE MAR 1     18                         6     12        2
  SINCE JAN 1     85                       119    -34      106
..................................................................


WIND (MPH)
  RESULTANT WIND SPEED   1   RESULTANT WIND DIRECTION  NW (310)
  HIGHEST WIND SPEED    12   HIGHEST WIND DIRECTION     W (290)
  HIGHEST GUST SPEED    19   HIGHEST GUST DIRECTION     W (280)
  AVERAGE WIND SPEED     5.1


SKY COVER
  POSSIBLE SUNSHINE  MM
  AVERAGE SKY COVER 0.6


WEATHER CONDITIONS
 THE FOLLOWING WEATHER WAS RECORDED YESTERDAY.
  FOG
  FOG W/VISIBILITY <= 1/4 MILE


RELATIVE HUMIDITY (PERCENT)
 HIGHEST    93           600 AM
 LOWEST     58           400 PM
 AVERAGE    76

..........................................................


THE TAMPA CLIMATE NORMALS FOR TODAY
                         NORMAL    RECORD    YEAR
 MAXIMUM TEMPERATURE (F)   75        85      1976
                                             1961
 MINIMUM TEMPERATURE (F)   57        29      1980


SUNRISE AND SUNSET
MARCH  3 2015.........SUNRISE   653 AM EST   SUNSET   632 PM EST
MARCH  4 2015.........SUNRISE   652 AM EST   SUNSET   632 PM EST


-  INDICATES NEGATIVE NUMBERS.
R  INDICATES RECORD WAS SET OR TIED.
MM INDICATES DATA IS MISSING.
T  INDICATES TRACE AMOUNT.




$$


&&
------------------------------------------------------------------
******************** SUPPLEMENTAL DATA ***************************

...RUSKIN                HIGH 84    LOW 67    PCPN 0.00
...SARASOTA/BRADENTON    HIGH 81    LOW 66    PCPN 0.00
...ST. PETERSBURG        HIGH 83    LOW 67    PCPN 0.00
...GULF WATER TEMPERATURE AT CLEARWATER BEACH 65
