000
CDUS42 KTBW 082215
CLITPA


CLIMATE REPORT
NATIONAL WEATHER SERVICE TAMPA BAY FL
514 PM EST MON FEB 8 2016


...................................

...THE TAMPA CLIMATE SUMMARY FOR FEBRUARY 8 2016...
VALID TODAY AS OF 0500 PM LOCAL TIME.

CLIMATE NORMAL PERIOD 1981 TO 2010
CLIMATE RECORD PERIOD 1890 TO 2016


WEATHER ITEM   OBSERVED TIME   RECORD YEAR NORMAL DEPARTURE LAST
                VALUE   (LST)  VALUE       VALUE  FROM      YEAR
                                                  NORMAL
..................................................................
TEMPERATURE (F)
 TODAY
  MAXIMUM         66    251 PM  83    1994  72     -6       73
                                      1990
                                      1957
  MINIMUM         43    536 AM  22    1895  54    -11       53
  AVERAGE         55                        63     -8       63

PRECIPITATION (IN)
  TODAY            0.00          3.11 1981   0.10  -0.10     0.00
  MONTH TO DATE    1.30                      0.81   0.49     1.88
  SINCE DEC 1      7.97                      5.51   2.46     5.20
  SINCE JAN 1      7.48                      3.04   4.44     3.63

DEGREE DAYS
 HEATING
  TODAY           10                         4      6        2
  MONTH TO DATE   44                        39      5       31
  SINCE DEC 1    223                       360   -137      247
  SINCE JUL 1    228                       404   -176      335

 COOLING
  TODAY            0                         2     -2        0
  MONTH TO DATE   29                        16     13        1
  SINCE DEC 1    334                       146    188      152
  SINCE JAN 1     59                        66     -7       57
..................................................................


WIND (MPH)
  RESULTANT WIND SPEED   6   RESULTANT WIND DIRECTION  SW (230)
  HIGHEST WIND SPEED    23   HIGHEST WIND DIRECTION     W (250)
  HIGHEST GUST SPEED    29   HIGHEST GUST DIRECTION     W (250)
  AVERAGE WIND SPEED     7.2


SKY COVER
  POSSIBLE SUNSHINE  MM
  AVERAGE SKY COVER 0.4


WEATHER CONDITIONS
 THE FOLLOWING WEATHER WAS RECORDED TODAY.
  NO SIGNIFICANT WEATHER WAS OBSERVED.


RELATIVE HUMIDITY (PERCENT)
 HIGHEST    89           400 AM
 LOWEST     48           400 PM

..........................................................


THE TAMPA CLIMATE NORMALS FOR TOMORROW
                         NORMAL    RECORD    YEAR
 MAXIMUM TEMPERATURE (F)   72        85      1939
 MINIMUM TEMPERATURE (F)   54        23      1895


SUNRISE AND SUNSET
FEBRUARY  8 2016......SUNRISE   713 AM EST   SUNSET   616 PM EST
FEBRUARY  9 2016......SUNRISE   713 AM EST   SUNSET   616 PM EST


-  INDICATES NEGATIVE NUMBERS.
R  INDICATES RECORD WAS SET OR TIED.
MM INDICATES DATA IS MISSING.
T  INDICATES TRACE AMOUNT.




$$


&&
------------------------------------------------------------------
******************** SUPPLEMENTAL DATA ***************************

...RUSKIN                HIGH 66    LOW 40    PCPN 0.00
...SARASOTA/BRADENTON    HIGH 67    LOW 39    PCPN 0.00
...LAKELAND              HIGH 67    LOW 39    PCPN 0.00
...ST. PETERSBURG        HIGH 65    LOW 48    PCPN 0.00
...GULF WATER TEMPERATURE AT CLEARWATER BEACH 58 DEGREES
