000
CDUS42 KTBW 230932
CLITPA


CLIMATE REPORT
NATIONAL WEATHER SERVICE TAMPA BAY FL
429 AM EST FRI FEB 23 2018


...................................

...THE TAMPA CLIMATE SUMMARY FOR FEBRUARY 22 2018...

CLIMATE NORMAL PERIOD 1981 TO 2010
CLIMATE RECORD PERIOD 1890 TO 2018


WEATHER ITEM   OBSERVED TIME   RECORD YEAR NORMAL DEPARTURE LAST
                VALUE   (LST)  VALUE       VALUE  FROM      YEAR
                                                  NORMAL
..................................................................
TEMPERATURE (F)
 YESTERDAY
  MAXIMUM         87R   436 PM  85    1975  73     14       74
                                      1949
  MINIMUM         68    741 AM  32    1977  55     13       60
  AVERAGE         78                        64     14       67

PRECIPITATION (IN)
  YESTERDAY        0.00          1.66 1904   0.10  -0.10     1.13
  MONTH TO DATE    2.61                      2.25   0.36     2.01
  SINCE DEC 1      8.46                      6.95   1.51     3.34
  SINCE JAN 1      7.61                      4.48   3.13     2.91

DEGREE DAYS
 HEATING
  YESTERDAY        0                         3     -3        0
  MONTH TO DATE    1                        89    -88       13
  SINCE DEC 1    263                       410   -147      121
  SINCE JUL 1    271                       454   -183      136

 COOLING
  YESTERDAY       13                         2     11        2
  MONTH TO DATE  199                        44    155       77
  SINCE DEC 1    388                       174    214      396
  SINCE JAN 1    250                        94    156      204
..................................................................


WIND (MPH)
  RESULTANT WIND SPEED   6   RESULTANT WIND DIRECTION   E (90)
  HIGHEST WIND SPEED    13   HIGHEST WIND DIRECTION     E (90)
  HIGHEST GUST SPEED    19   HIGHEST GUST DIRECTION     E (90)
  AVERAGE WIND SPEED     7.0


SKY COVER
  POSSIBLE SUNSHINE  MM
  AVERAGE SKY COVER 0.2


WEATHER CONDITIONS
 THE FOLLOWING WEATHER WAS RECORDED YESTERDAY.
  NO SIGNIFICANT WEATHER WAS OBSERVED.


RELATIVE HUMIDITY (PERCENT)
 HIGHEST    84           200 AM
 LOWEST     44           400 PM
 AVERAGE    64

..........................................................


THE TAMPA CLIMATE NORMALS FOR TODAY
                         NORMAL    RECORD    YEAR
 MAXIMUM TEMPERATURE (F)   74        87      1949
 MINIMUM TEMPERATURE (F)   56        31      1978


SUNRISE AND SUNSET
FEBRUARY 23 2018......SUNRISE   701 AM EST   SUNSET   627 PM EST
FEBRUARY 24 2018......SUNRISE   700 AM EST   SUNSET   627 PM EST


-  INDICATES NEGATIVE NUMBERS.
R  INDICATES RECORD WAS SET OR TIED.
MM INDICATES DATA IS MISSING.
T  INDICATES TRACE AMOUNT.




$$


&&
------------------------------------------------------------------
******************** SUPPLEMENTAL DATA ***************************

...RUSKIN                HIGH 88    LOW 65    PCPN 0.00
...SARASOTA/BRADENTON    HIGH 87    LOW 66    PCPN 0.00
...ST. PETERSBURG        HIGH 83    LOW 70    PCPN 0.00
...GULF WATER TEMPERATURE AT CLEARWATER BEACH 74 DEGREES
