000
CDUS45 KLKN 030931
CLITPH


CLIMATE REPORT
NATIONAL WEATHER SERVICE ELKO NV
231 AM PDT MON AUG 3 2015


...................................

...THE TONOPAH AIRPORT NV CLIMATE SUMMARY FOR AUGUST 2 2015...

CLIMATE NORMAL PERIOD 1981 TO 2010
CLIMATE RECORD PERIOD 1954 TO 2015


WEATHER ITEM   OBSERVED TIME   RECORD YEAR NORMAL DEPARTURE LAST
                VALUE   (LST)  VALUE       VALUE  FROM      YEAR
                                                  NORMAL
..................................................................
TEMPERATURE (F)
 YESTERDAY
  MAXIMUM         87    454 PM 101    1993  92     -5       91
                                      1978
  MINIMUM         60    456 AM  47    1981  58      2       61
  AVERAGE         74                        75     -1       76

PRECIPITATION (IN)
  YESTERDAY        0.00          0.44 1988   0.02  -0.02     0.00
  MONTH TO DATE    0.18                      0.04   0.14      T
  SINCE OCT 1      2.84                      4.39  -1.55     2.71
  SINCE JAN 1      2.36                      3.30  -0.94     2.25

DEGREE DAYS
 HEATING
  YESTERDAY        0                         0      0        0
  MONTH TO DATE    0                         0      0        0
  SINCE JUN 1      6                        52    -46       15
  SINCE JUL 1      0                         2     -2        0

 COOLING
  YESTERDAY        9                        10     -1       11
  MONTH TO DATE   21                        20      1       25
  SINCE JUN 1    581                       468    113      643
  SINCE JAN 1    604                       495    109      677
..................................................................


WIND (MPH)
  HIGHEST WIND SPEED    15   HIGHEST WIND DIRECTION    SW (240)
  HIGHEST GUST SPEED    19   HIGHEST GUST DIRECTION     W (290)
  AVERAGE WIND SPEED     6.3



WEATHER CONDITIONS
 THE FOLLOWING WEATHER WAS RECORDED YESTERDAY.
  NO SIGNIFICANT WEATHER WAS OBSERVED.


RELATIVE HUMIDITY (PERCENT)
 HIGHEST    78           500 AM
 LOWEST     19           500 PM
 AVERAGE    49

..........................................................


THE TONOPAH AIRPORT NV CLIMATE NORMALS FOR TODAY
                         NORMAL    RECORD    YEAR
 MAXIMUM TEMPERATURE (F)   92       102      1993
 MINIMUM TEMPERATURE (F)   57        47      1981


SUNRISE AND SUNSET
AUGUST  3 2015........SUNRISE   553 AM PDT   SUNSET   756 PM PDT
AUGUST  4 2015........SUNRISE   554 AM PDT   SUNSET   755 PM PDT


-  INDICATES NEGATIVE NUMBERS.
R  INDICATES RECORD WAS SET OR TIED.
MM INDICATES DATA IS MISSING.
T  INDICATES TRACE AMOUNT.




$$
