000
CDUS45 KLKN 250935
CLITPH


CLIMATE REPORT
NATIONAL WEATHER SERVICE ELKO NV
134 AM PST THU DEC 25 2014


...................................

...THE TONOPAH AIRPORT NV CLIMATE SUMMARY FOR DECEMBER 24 2014...

CLIMATE NORMAL PERIOD 1981 TO 2010
CLIMATE RECORD PERIOD 1954 TO 2014


WEATHER ITEM   OBSERVED TIME   RECORD YEAR NORMAL DEPARTURE LAST
                VALUE   (LST)  VALUE       VALUE  FROM      YEAR
                                                  NORMAL
..................................................................
TEMPERATURE (F)
 YESTERDAY
  MAXIMUM         45    357 PM  63    1964  44      1       54
  MINIMUM         26    555 AM  -5    1990  19      7       24
  AVERAGE         36                        31      5       39

PRECIPITATION (IN)
  YESTERDAY        0.02          0.11 1971   0.02   0.00     0.00
  MONTH TO DATE    0.35                      0.24   0.11     0.04
  SINCE OCT 1      0.48                      1.02  -0.54     0.46
  SINCE JAN 1      4.19                      5.17  -0.98     4.49

DEGREE DAYS
 HEATING
  YESTERDAY       29                        34     -5       26
  MONTH TO DATE  618                       792   -174      855
  SINCE DEC 1    618                       792   -174      855
  SINCE JUL 1   1531                      2009   -478     2082

 COOLING
  YESTERDAY        0                         0      0        0
  MONTH TO DATE    0                         0      0        0
  SINCE DEC 1      0                         0      0        0
  SINCE JAN 1   1004                       783    221     1042
..................................................................


WIND (MPH)
  HIGHEST WIND SPEED    48   HIGHEST WIND DIRECTION    NW (330)
  HIGHEST GUST SPEED    58   HIGHEST GUST DIRECTION    NW (330)
  AVERAGE WIND SPEED    11.8



WEATHER CONDITIONS
 THE FOLLOWING WEATHER WAS RECORDED YESTERDAY.
  LIGHT SNOW


RELATIVE HUMIDITY (PERCENT)
 HIGHEST    81           400 AM
 LOWEST     45          1200 PM
 AVERAGE    63

..........................................................


THE TONOPAH AIRPORT NV CLIMATE NORMALS FOR TODAY
                         NORMAL    RECORD    YEAR
 MAXIMUM TEMPERATURE (F)   44        61      1980
 MINIMUM TEMPERATURE (F)   19        -5      1984


SUNRISE AND SUNSET
DECEMBER 25 2014......SUNRISE   703 AM PST   SUNSET   434 PM PST
DECEMBER 26 2014......SUNRISE   703 AM PST   SUNSET   435 PM PST


-  INDICATES NEGATIVE NUMBERS.
R  INDICATES RECORD WAS SET OR TIED.
MM INDICATES DATA IS MISSING.
T  INDICATES TRACE AMOUNT.




$$
