000
CDUS45 KLKN 050028
CLITPH


CLIMATE REPORT
NATIONAL WEATHER SERVICE ELKO NV
526 PM PDT FRI SEP 4 2015


...................................

...THE TONOPAH AIRPORT NV CLIMATE SUMMARY FOR SEPTEMBER 4 2015...
VALID TODAY AS OF 0500 PM LOCAL TIME.

CLIMATE NORMAL PERIOD 1981 TO 2010
CLIMATE RECORD PERIOD 1954 TO 2015


WEATHER ITEM   OBSERVED TIME   RECORD YEAR NORMAL DEPARTURE LAST
                VALUE   (LST)  VALUE       VALUE  FROM      YEAR
                                                  NORMAL
..................................................................
TEMPERATURE (F)
 TODAY
  MAXIMUM         80    340 PM  95    1955  85     -5       86
  MINIMUM         46    525 AM  41    2004  52     -6       58
  AVERAGE         63                        68     -5       72

PRECIPITATION (IN)
  TODAY            0.00          0.72 1967   0.02  -0.02     0.00
  MONTH TO DATE    0.00                      0.06  -0.06     0.00
  SINCE OCT 1      2.88                      4.92  -2.04     3.48
  SINCE JAN 1      2.40                      3.83  -1.43     3.02

DEGREE DAYS
 HEATING
  TODAY            2                         1      1        0
  MONTH TO DATE    2                         4     -2        0
  SINCE SEP 1      2                         4     -2        0
  SINCE JUL 1      2                        10     -8        0

 COOLING
  TODAY            0                         4     -4        7
  MONTH TO DATE   12                        18     -6       33
  SINCE SEP 1     12                        18     -6       33
  SINCE JAN 1    917                       731    186      896
..................................................................


WIND (MPH)
  HIGHEST WIND SPEED    30   HIGHEST WIND DIRECTION     S (190)
  HIGHEST GUST SPEED    36   HIGHEST GUST DIRECTION     S (180)



WEATHER CONDITIONS
 THE FOLLOWING WEATHER WAS RECORDED TODAY.
  NO SIGNIFICANT WEATHER WAS OBSERVED.


RELATIVE HUMIDITY (PERCENT)
 HIGHEST    36           400 AM
 LOWEST     11           100 PM
 AVERAGE    24

..........................................................


THE TONOPAH AIRPORT NV CLIMATE NORMALS FOR TOMORROW
                         NORMAL    RECORD    YEAR
 MAXIMUM TEMPERATURE (F)   85        95      1955
 MINIMUM TEMPERATURE (F)   51        39      1985


SUNRISE AND SUNSET
SEPTEMBER  4 2015.....SUNRISE   621 AM PDT   SUNSET   714 PM PDT
SEPTEMBER  5 2015.....SUNRISE   621 AM PDT   SUNSET   712 PM PDT


-  INDICATES NEGATIVE NUMBERS.
R  INDICATES RECORD WAS SET OR TIED.
MM INDICATES DATA IS MISSING.
T  INDICATES TRACE AMOUNT.




$$
