000
CDUS45 KLKN 300932
CLITPH


CLIMATE REPORT
NATIONAL WEATHER SERVICE ELKO NV
131 AM PST FRI JAN 30 2015


...................................

...THE TONOPAH AIRPORT NV CLIMATE SUMMARY FOR JANUARY 29 2015...

CLIMATE NORMAL PERIOD 1981 TO 2010
CLIMATE RECORD PERIOD 1954 TO 2015


WEATHER ITEM   OBSERVED TIME   RECORD YEAR NORMAL DEPARTURE LAST
                VALUE   (LST)  VALUE       VALUE  FROM      YEAR
                                                  NORMAL
..................................................................
TEMPERATURE (F)
 YESTERDAY
  MAXIMUM         52    257 PM  62    2003  46      6       61
                                      1971
  MINIMUM         38   1123 PM  -7    1957  22     16       29
  AVERAGE         45                        34     11       45

PRECIPITATION (IN)
  YESTERDAY        0.00          0.33 1981   0.01  -0.01     0.00
  MONTH TO DATE    0.17                      0.45  -0.28     0.00
  SINCE OCT 1      0.65                      1.54  -0.89     0.46
  SINCE JAN 1      0.17                      0.45  -0.28     0.00

DEGREE DAYS
 HEATING
  YESTERDAY       20                        31    -11       20
  MONTH TO DATE  725                       944   -219      734
  SINCE DEC 1   1615                      1972   -357     1785
  SINCE JUL 1   2528                      3189   -661     3012

 COOLING
  YESTERDAY        0                         0      0        0
  MONTH TO DATE    0                         0      0        0
  SINCE DEC 1      0                         0      0        0
  SINCE JAN 1      0                         0      0        0
..................................................................


WIND (MPH)
  HIGHEST WIND SPEED    12   HIGHEST WIND DIRECTION     N (10)
  HIGHEST GUST SPEED    20   HIGHEST GUST DIRECTION     E (70)
  AVERAGE WIND SPEED     6.3



WEATHER CONDITIONS
 THE FOLLOWING WEATHER WAS RECORDED YESTERDAY.
  NO SIGNIFICANT WEATHER WAS OBSERVED.


RELATIVE HUMIDITY (PERCENT)
 HIGHEST    85          1000 PM
 LOWEST     44           100 PM
 AVERAGE    65

..........................................................


THE TONOPAH AIRPORT NV CLIMATE NORMALS FOR TODAY
                         NORMAL    RECORD    YEAR
 MAXIMUM TEMPERATURE (F)   46        65      2003
                                             1971
 MINIMUM TEMPERATURE (F)   22         0      1979


SUNRISE AND SUNSET
JANUARY 30 2015.......SUNRISE   655 AM PST   SUNSET   509 PM PST
JANUARY 31 2015.......SUNRISE   654 AM PST   SUNSET   510 PM PST


-  INDICATES NEGATIVE NUMBERS.
R  INDICATES RECORD WAS SET OR TIED.
MM INDICATES DATA IS MISSING.
T  INDICATES TRACE AMOUNT.




$$
