019
CDUS45 KLKN 180926
CLITPH


CLIMATE REPORT
NATIONAL WEATHER SERVICE ELKO NV
126 AM PST SUN FEB 18 2018


...................................

...THE TONOPAH AIRPORT NV CLIMATE SUMMARY FOR FEBRUARY 17 2018...

CLIMATE NORMAL PERIOD 1981 TO 2010
CLIMATE RECORD PERIOD 1954 TO 2018


WEATHER ITEM   OBSERVED TIME   RECORD YEAR NORMAL DEPARTURE LAST
                VALUE   (LST)  VALUE       VALUE  FROM      YEAR
                                                  NORMAL
..................................................................
TEMPERATURE (F)
 YESTERDAY
  MAXIMUM         61    402 PM  68    1996  50     11       43
  MINIMUM         19    634 AM   8    1956  25     -6       34
  AVERAGE         40                        37      3       39

PRECIPITATION (IN)
  YESTERDAY        0.00          0.39 1998   0.02  -0.02     0.22
  MONTH TO DATE    0.02                      0.29  -0.27     0.41
  SINCE OCT 1      0.48                      1.87  -1.39     1.30
  SINCE JAN 1      0.47                      0.78  -0.31     0.77

DEGREE DAYS
 HEATING
  YESTERDAY       25                        28     -3       26
  MONTH TO DATE  405                       499    -94      386
  SINCE DEC 1   2094                      2533   -439     2520
  SINCE JUL 1   3170                      3750   -580     3537

 COOLING
  YESTERDAY        0                         0      0        0
  MONTH TO DATE    0                         0      0        0
  SINCE DEC 1      0                         0      0        0
  SINCE JAN 1      0                         0      0        0
..................................................................


WIND (MPH)
  HIGHEST WIND SPEED    20   HIGHEST WIND DIRECTION     S (180)
  HIGHEST GUST SPEED    23   HIGHEST GUST DIRECTION     S (200)
  AVERAGE WIND SPEED     7.9



WEATHER CONDITIONS
 THE FOLLOWING WEATHER WAS RECORDED YESTERDAY.
  NO SIGNIFICANT WEATHER WAS OBSERVED.


RELATIVE HUMIDITY (PERCENT)
 HIGHEST    60           600 AM
 LOWEST     19           300 PM
 AVERAGE    40

..........................................................


THE TONOPAH AIRPORT NV CLIMATE NORMALS FOR TODAY
                         NORMAL    RECORD    YEAR
 MAXIMUM TEMPERATURE (F)   50        68      2015
                                             1977
 MINIMUM TEMPERATURE (F)   25         9      1994


SUNRISE AND SUNSET
FEBRUARY 18 2018......SUNRISE   635 AM PST   SUNSET   530 PM PST
FEBRUARY 19 2018......SUNRISE   633 AM PST   SUNSET   531 PM PST


-  INDICATES NEGATIVE NUMBERS.
R  INDICATES RECORD WAS SET OR TIED.
MM INDICATES DATA IS MISSING.
T  INDICATES TRACE AMOUNT.




$$
