000
CDUS45 KLKN 250027
CLITPH


CLIMATE REPORT
NATIONAL WEATHER SERVICE ELKO NV
526 PM PDT SUN JUL 24 2016


...................................

...THE TONOPAH AIRPORT NV CLIMATE SUMMARY FOR JULY 24 2016...
VALID TODAY AS OF 0500 PM LOCAL TIME.

CLIMATE NORMAL PERIOD 1981 TO 2010
CLIMATE RECORD PERIOD 1954 TO 2016


WEATHER ITEM   OBSERVED TIME   RECORD YEAR NORMAL DEPARTURE LAST
                VALUE   (LST)  VALUE       VALUE  FROM      YEAR
                                                  NORMAL
..................................................................
TEMPERATURE (F)
 TODAY
  MAXIMUM        100    343 PM 101    1996  93      7       88
                                      1980
  MINIMUM         63    501 AM  45    1987  58      5       55
  AVERAGE         82                        75      7       72

PRECIPITATION (IN)
  TODAY            0.00          0.64 1956   0.02  -0.02     0.00
  MONTH TO DATE    0.08                      0.32  -0.24     0.11
  SINCE OCT 1      5.74                      4.22   1.52     2.66
  SINCE JAN 1      2.36                      3.13  -0.77     2.18

DEGREE DAYS
 HEATING
  TODAY            0                         0      0        0
  MONTH TO DATE    0                         0      0        0
  SINCE JUN 1     10                        50    -40        6
  SINCE JUL 1      0                         0      0        0

 COOLING
  TODAY           17                        10      7        7
  MONTH TO DATE  258                       228     30      197
  SINCE JUN 1    528                       373    155      488
  SINCE JAN 1    536                       400    136      511
..................................................................


WIND (MPH)
  HIGHEST WIND SPEED    20   HIGHEST WIND DIRECTION     W (260)
  HIGHEST GUST SPEED    25   HIGHEST GUST DIRECTION     W (260)



WEATHER CONDITIONS
 THE FOLLOWING WEATHER WAS RECORDED TODAY.
  NO SIGNIFICANT WEATHER WAS OBSERVED.


RELATIVE HUMIDITY (PERCENT)
 HIGHEST    12           400 AM
 LOWEST      4           400 PM
 AVERAGE     8

..........................................................


THE TONOPAH AIRPORT NV CLIMATE NORMALS FOR TOMORROW
                         NORMAL    RECORD    YEAR
 MAXIMUM TEMPERATURE (F)   93       102      1980
 MINIMUM TEMPERATURE (F)   58        45      1983


SUNRISE AND SUNSET
JULY 24 2016..........SUNRISE   545 AM PDT   SUNSET   804 PM PDT
JULY 25 2016..........SUNRISE   546 AM PDT   SUNSET   803 PM PDT


-  INDICATES NEGATIVE NUMBERS.
R  INDICATES RECORD WAS SET OR TIED.
MM INDICATES DATA IS MISSING.
T  INDICATES TRACE AMOUNT.




$$
