000
CDUS44 KMRX 301231
CLITRI

CLIMATE REPORT
NATIONAL WEATHER SERVICE MORRISTOWN TN
831 AM EDT THU OCT 30 2014


...................................

...THE TRI-CITIES CLIMATE SUMMARY FOR OCTOBER 29 2014...

CLIMATE NORMAL PERIOD 1981 TO 2010
CLIMATE RECORD PERIOD 1934 TO 2014


WEATHER ITEM   OBSERVED TIME   RECORD YEAR NORMAL DEPARTURE LAST
                VALUE   (LST)  VALUE       VALUE  FROM      YEAR
                                                  NORMAL
..................................................................
TEMPERATURE (F)
 YESTERDAY
  MAXIMUM         60    414 AM  79    1971  65     -5       70
                                      1940
  MINIMUM         39   1155 PM  24    1976  39      0       54
  AVERAGE         50                        52     -2       62

PRECIPITATION (IN)
  YESTERDAY        0.20          1.42 1970   0.08   0.12     0.00
  MONTH TO DATE    5.88                      1.95   3.93     0.64
  SINCE SEP 1      7.30                      4.94   2.36     2.49
  SINCE JAN 1     32.34                     34.39  -2.05    47.36

SNOWFALL (IN)
  YESTERDAY        0.0                       0.0    0.0      0.0
  MONTH TO DATE    0.0                       0.1   -0.1       T
  SINCE SEP 1      0.0                       0.1   -0.1       T
  SINCE JUL 1      0.0                       0.1   -0.1       T
  SNOW DEPTH       0

DEGREE DAYS
 HEATING
  YESTERDAY       15                        13      2        3
  MONTH TO DATE  212                       256    -44      218
  SINCE SEP 1    223                       308    -85      237
  SINCE JUL 1    223                       309    -86      237

 COOLING
  YESTERDAY        0                         0      0        0
  MONTH TO DATE    9                         9      0       25
  SINCE SEP 1    184                       125     59      145
  SINCE JAN 1   1141                       977    164     1003
..................................................................


WIND (MPH)
  HIGHEST WIND SPEED    13   HIGHEST WIND DIRECTION     N (360)
  HIGHEST GUST SPEED    16   HIGHEST GUST DIRECTION     N (10)
  AVERAGE WIND SPEED     3.4


SKY COVER
  POSSIBLE SUNSHINE  MM
  AVERAGE SKY COVER  MM


WEATHER CONDITIONS
 THE FOLLOWING WEATHER WAS RECORDED YESTERDAY.
  RAIN
  LIGHT RAIN
  FOG
  FOG W/VISIBILITY <= 1/4 MILE


RELATIVE HUMIDITY (PERCENT)
 HIGHEST   100           100 AM
 LOWEST     66           300 PM
 AVERAGE    83

..........................................................


THE TRI-CITIES CLIMATE NORMALS FOR TODAY
                         NORMAL    RECORD    YEAR
 MAXIMUM TEMPERATURE (F)   65        79      1974
                                             1971
 MINIMUM TEMPERATURE (F)   39        21      1952


SUNRISE AND SUNSET
OCTOBER 30 2014.......SUNRISE   751 AM EDT   SUNSET   635 PM EDT
OCTOBER 31 2014.......SUNRISE   752 AM EDT   SUNSET   634 PM EDT


-  INDICATES NEGATIVE NUMBERS.
R  INDICATES RECORD WAS SET OR TIED.
MM INDICATES DATA IS MISSING.
T  INDICATES TRACE AMOUNT.

&&

THE LOW TEMPERATURE SINCE MIDNIGHT HAS BEEN 39.
THERE HAS BEEN 0.00 INCHES OF PRECIPITATION SINCE MIDNIGHT.


$$
