000
CDUS44 KMRX 302132
CLITRI


CLIMATE REPORT
NATIONAL WEATHER SERVICE MORRISTOWN TN
531 PM EDT FRI SEP 30 2016


...................................

...THE TRI-CITIES      ASOS CLIMATE SUMMARY FOR SEPTEMBER 30 2016...
VALID TODAY AS OF 0500 PM LOCAL TIME.

CLIMATE NORMAL PERIOD 1981 TO 2010
CLIMATE RECORD PERIOD 1934 TO 2016


WEATHER ITEM   OBSERVED TIME   RECORD YEAR NORMAL DEPARTURE LAST
                VALUE   (LST)  VALUE       VALUE  FROM      YEAR
                                                  NORMAL
..................................................................
TEMPERATURE (F)
 TODAY
  MAXIMUM         70    258 PM  90    1941  74     -4       76
  MINIMUM         55    301 AM  34    1967  49      6       63
  AVERAGE         63                        62      1       70

PRECIPITATION (IN)
  TODAY            0.00          1.28 1954   0.09  -0.09     0.27
  MONTH TO DATE    2.57                      2.99  -0.42     2.94
  SINCE SEP 1      2.57                      2.99  -0.42     2.94
  SINCE JAN 1     26.73                     32.44  -5.71    32.10

SNOWFALL (IN)
  TODAY            0.0                       0.0    0.0      0.0
  MONTH TO DATE    0.0                       0.0    0.0      0.0
  SINCE SEP 1      0.0                       0.0    0.0      0.0
  SINCE JUL 1      0.0                       0.0    0.0      0.0
  SNOW DEPTH       0

DEGREE DAYS
 HEATING
  TODAY            2                         5     -3        0
  MONTH TO DATE    4                        50    -46       19
  SINCE SEP 1      4                        52    -48       19
  SINCE JUL 1      4                        53    -49       19

 COOLING
  TODAY            0                         1     -1        5
  MONTH TO DATE  237                       116    121      168
  SINCE SEP 1    237                       116    121      168
  SINCE JAN 1   1470                       968    502     1302
..................................................................


WIND (MPH)
  HIGHEST WIND SPEED    10   HIGHEST WIND DIRECTION     W (250)
  HIGHEST GUST SPEED    12   HIGHEST GUST DIRECTION    NW (300)
  AVERAGE WIND SPEED     3.5


SKY COVER
  POSSIBLE SUNSHINE  MM
  AVERAGE SKY COVER 0.9


WEATHER CONDITIONS
 THE FOLLOWING WEATHER WAS RECORDED TODAY.
  NO SIGNIFICANT WEATHER WAS OBSERVED.


RELATIVE HUMIDITY (PERCENT)
 HIGHEST    93           200 AM
 LOWEST     55           400 PM
 AVERAGE    74

..........................................................


THE TRI-CITIES      ASOS CLIMATE NORMALS FOR TOMORROW
                         NORMAL    RECORD    YEAR
 MAXIMUM TEMPERATURE (F)   74        90      1953
 MINIMUM TEMPERATURE (F)   49        31      1947


SUNRISE AND SUNSET
SEPTEMBER 30 2016.....SUNRISE   724 AM EDT   SUNSET   714 PM EDT
OCTOBER  1 2016.......SUNRISE   725 AM EDT   SUNSET   712 PM EDT


-  INDICATES NEGATIVE NUMBERS.
R  INDICATES RECORD WAS SET OR TIED.
MM INDICATES DATA IS MISSING.
T  INDICATES TRACE AMOUNT.




$$
