000
CDUS44 KMRX 121210
CLITRI

CLIMATE REPORT NATIONAL WEATHER SERVICE MORRISTOWN TN
810 AM EDT SAT JUL 12 2014

...................................

...THE TRI-CITIES CLIMATE SUMMARY FOR JULY 11 2014...

CLIMATE NORMAL PERIOD 1981 TO 2010
CLIMATE RECORD PERIOD 1934 TO 2014


WEATHER ITEM   OBSERVED TIME   RECORD YEAR NORMAL DEPARTURE LAST
                VALUE   (LST)  VALUE       VALUE  FROM      YEAR
                                                  NORMAL
..................................................................
TEMPERATURE (F)
 YESTERDAY
  MAXIMUM         90    425 PM  95    2011  86      4       81
                                      1988
  MINIMUM         62    557 AM  50    1963  64     -2       66
  AVERAGE         76                        75      1       74

PRECIPITATION (IN)
  YESTERDAY        0.00          1.06 1969   0.15  -0.15     0.06
  MONTH TO DATE    0.69                      1.62  -0.93     2.83
  SINCE JUN 1      4.27                      5.52  -1.25    11.20
  SINCE JAN 1     16.27                     22.91  -6.64    35.89

SNOWFALL (IN)
  YESTERDAY        0.0                       0.0    0.0      0.0
  MONTH TO DATE    0.0                       0.0    0.0      0.0
  SINCE JUN 1      0.0                       0.0    0.0      0.0
  SINCE JUL 1      0.0                       0.0    0.0      0.0
  SNOW DEPTH       0

DEGREE DAYS
 HEATING
  YESTERDAY        0                         0      0        0
  MONTH TO DATE    0                         0      0        0
  SINCE JUN 1      0                        11    -11        0
  SINCE JUL 1      0                         0      0        0

 COOLING
  YESTERDAY       11                        10      1        9
  MONTH TO DATE  110                       107      3      105
  SINCE JUN 1    406                       313     93      328
  SINCE JAN 1    540                       386    154      400
..................................................................


WIND (MPH)
  HIGHEST WIND SPEED     8   HIGHEST WIND DIRECTION     N (350)
  HIGHEST GUST SPEED    12   HIGHEST GUST DIRECTION     N (360)
  AVERAGE WIND SPEED     1.6


SKY COVER
  POSSIBLE SUNSHINE  MM
  AVERAGE SKY COVER  MM


WEATHER CONDITIONS
 THE FOLLOWING WEATHER WAS RECORDED YESTERDAY.
  FOG
  FOG W/VISIBILITY <= 1/4 MILE
  HAZE


RELATIVE HUMIDITY (PERCENT)
 HIGHEST    93           100 AM
 LOWEST     27           200 PM
 AVERAGE    60

..........................................................


THE TRI-CITIES      ASOS CLIMATE NORMALS FOR TODAY
                         NORMAL    RECORD    YEAR
 MAXIMUM TEMPERATURE (F)   86        93      1993
 MINIMUM TEMPERATURE (F)   64        52      1963


SUNRISE AND SUNSET
JULY 12 2014..........SUNRISE   621 AM EDT   SUNSET   849 PM EDT
JULY 13 2014..........SUNRISE   622 AM EDT   SUNSET   849 PM EDT


-  INDICATES NEGATIVE NUMBERS.
R  INDICATES RECORD WAS SET OR TIED.
MM INDICATES DATA IS MISSING.
T  INDICATES TRACE AMOUNT.

&&

THE LOW TEMPERATURE THIS MORNING WAS 63.
THERE HAS BEEN NO PRECIPITATION SINCE MIDNIGHT.

$$
