000
CDUS44 KMRX 090909
CLITRI


CLIMATE REPORT
NATIONAL WEATHER SERVICE MORRISTOWN TN
409 AM EST TUE FEB 9 2016


...................................

...THE TRI-CITIES      ASOS CLIMATE SUMMARY FOR FEBRUARY 8 2016...

CLIMATE NORMAL PERIOD 1981 TO 2010
CLIMATE RECORD PERIOD 1934 TO 2016


WEATHER ITEM   OBSERVED TIME   RECORD YEAR NORMAL DEPARTURE LAST
                VALUE   (LST)  VALUE       VALUE  FROM      YEAR
                                                  NORMAL
..................................................................
TEMPERATURE (F)
 YESTERDAY
  MAXIMUM         45    204 PM  70    2001  48     -3       63
  MINIMUM         24    510 AM   6    1984  27     -3       24
                                      1947
  AVERAGE         35                        37     -2       44

PRECIPITATION (IN)
  YESTERDAY        0.11          0.52 1974   0.13  -0.02     0.00
  MONTH TO DATE    1.69                      1.00   0.69     0.49
  SINCE DEC 1      9.88                      7.74   2.14     5.80
  SINCE JAN 1      4.61                      4.37   0.24     2.77

SNOWFALL (IN)
  YESTERDAY        1.0                       0.2    0.8      0.0
  MONTH TO DATE    1.0                       1.1   -0.1       T
  SINCE DEC 1     10.8                       8.2    2.6      0.3
  SINCE JUL 1     10.8                       8.5    2.3      1.5
  SNOW DEPTH       0

DEGREE DAYS
 HEATING
  YESTERDAY       30                        28      2       21
  MONTH TO DATE  179                       226    -47      232
  SINCE DEC 1   1624                      1994   -370     1884
  SINCE JUL 1   2267                      2880   -613     2867

 COOLING
  YESTERDAY        0                         0      0        0
  MONTH TO DATE    0                         0      0        0
  SINCE DEC 1      0                         0      0        0
  SINCE JAN 1      0                         0      0        0
..................................................................


WIND (MPH)
  HIGHEST WIND SPEED    26   HIGHEST WIND DIRECTION    SW (230)
  HIGHEST GUST SPEED    32   HIGHEST GUST DIRECTION    SW (220)
  AVERAGE WIND SPEED     5.3


SKY COVER
  POSSIBLE SUNSHINE  MM
  AVERAGE SKY COVER 0.8


WEATHER CONDITIONS
 THE FOLLOWING WEATHER WAS RECORDED YESTERDAY.
  LIGHT RAIN
  SNOW
  LIGHT SNOW
  FOG
  HAZE


RELATIVE HUMIDITY (PERCENT)
 HIGHEST    96           800 PM
 LOWEST     70           100 PM
 AVERAGE    83

..........................................................


THE TRI-CITIES      ASOS CLIMATE NORMALS FOR TODAY
                         NORMAL    RECORD    YEAR
 MAXIMUM TEMPERATURE (F)   48        70      2001
                                             1957
 MINIMUM TEMPERATURE (F)   27         1      1995


SUNRISE AND SUNSET
FEBRUARY  9 2016......SUNRISE   724 AM EST   SUNSET   604 PM EST
FEBRUARY 10 2016......SUNRISE   723 AM EST   SUNSET   605 PM EST


-  INDICATES NEGATIVE NUMBERS.
R  INDICATES RECORD WAS SET OR TIED.
MM INDICATES DATA IS MISSING.
T  INDICATES TRACE AMOUNT.




$$
