000
CDUS46 KSGX 261418
CLITRM


CLIMATE REPORT
NATIONAL WEATHER SERVICE SAN DIEGO, CA
718 AM PDT SUN MAR 26 2017


...................................

...THE THERMAL AIRPORT CA CLIMATE SUMMARY FOR MARCH 25 2017...

CLIMATE NORMAL PERIOD 1981 TO 2010
CLIMATE RECORD PERIOD 1950 TO 2017


WEATHER ITEM   OBSERVED TIME   RECORD YEAR NORMAL DEPARTURE LAST
                VALUE   (LST)  VALUE       VALUE  FROM      YEAR
                                                  NORMAL
..................................................................
TEMPERATURE (F)
 YESTERDAY
  MAXIMUM         84    240 PM 100    1988  83      1       90
  MINIMUM         55    550 AM  39    2009  49      6       44
  AVERAGE         70                        66      4       67

PRECIPITATION (IN)
  YESTERDAY        0.00          0.04 1998   0.01  -0.01     0.00
  MONTH TO DATE    0.00                      0.35  -0.35      T
  SINCE OCT 1      3.69                      2.49   1.20     1.63
  SINCE JAN 1      2.01                      1.68   0.33     1.20

DEGREE DAYS
 HEATING
  YESTERDAY        0                         2     -2        0
  MONTH TO DATE   34                        83    -49       16
  SINCE MAR 1     34                        83    -49       16
  SINCE JUL 1    899                      1148   -249     1041

 COOLING
  YESTERDAY        5                         3      2        2
  MONTH TO DATE  148                        44    104      114
  SINCE MAR 1    148                        44    104      114
  SINCE JAN 1    180                        56    124      179
..................................................................


WIND (MPH)
  RESULTANT WIND SPEED  12   RESULTANT WIND DIRECTION  NW (330)
  HIGHEST WIND SPEED    24   HIGHEST WIND DIRECTION    NW (330)
  HIGHEST GUST SPEED    30   HIGHEST GUST DIRECTION    NW (330)
  AVERAGE WIND SPEED    12.3


SKY COVER
  POSSIBLE SUNSHINE  MM
  AVERAGE SKY COVER 0.0


WEATHER CONDITIONS
 THE FOLLOWING WEATHER WAS RECORDED YESTERDAY.
  NO SIGNIFICANT WEATHER WAS OBSERVED.


RELATIVE HUMIDITY (PERCENT)
 HIGHEST    55           600 AM
 LOWEST     14           200 PM
 AVERAGE    35

..........................................................


THE THERMAL AIRPORT CA CLIMATE NORMALS FOR TODAY
                         NORMAL    RECORD    YEAR
 MAXIMUM TEMPERATURE (F)   83       102      1988
 MINIMUM TEMPERATURE (F)   49        39      1997


SUNRISE AND SUNSET
MARCH 26 2017.........SUNRISE   640 AM PDT   SUNSET   701 PM PDT
MARCH 27 2017.........SUNRISE   638 AM PDT   SUNSET   702 PM PDT


-  INDICATES NEGATIVE NUMBERS.
R  INDICATES RECORD WAS SET OR TIED.
MM INDICATES DATA IS MISSING.
T  INDICATES TRACE AMOUNT.




$$
