000
CDUS46 KSGX 051531
CLITRM


CLIMATE REPORT
NATIONAL WEATHER SERVICE SAN DIEGO, CA
731 AM PST FRI FEB 5 2016


...................................

...THE THERMAL AIRPORT CA CLIMATE SUMMARY FOR FEBRUARY 4 2016...

CLIMATE NORMAL PERIOD 1981 TO 2010
CLIMATE RECORD PERIOD 1950 TO 2016


WEATHER ITEM   OBSERVED TIME   RECORD YEAR NORMAL DEPARTURE LAST
                VALUE   (LST)  VALUE       VALUE  FROM      YEAR
                                                  NORMAL
..................................................................
TEMPERATURE (F)
 YESTERDAY
  MAXIMUM         71    355 PM  89    1995  73     -2       82
  MINIMUM         31    507 AM  24    2011  39     -8       42
  AVERAGE         51                        56     -5       62

PRECIPITATION (IN)
  YESTERDAY        0.00          1.10 1958   0.02  -0.02     0.00
  MONTH TO DATE    0.00                      0.08  -0.08     0.00
  SINCE OCT 1      1.63                      1.56   0.07     0.42
  SINCE JAN 1      1.20                      0.75   0.45     0.27

DEGREE DAYS
 HEATING
  YESTERDAY       14                         9      5        3
  MONTH TO DATE   63                        36     27       14
  SINCE DEC 1    787                       729     58      564
  SINCE JUL 1    986                       896     90      673

 COOLING
  YESTERDAY        0                         0      0        0
  MONTH TO DATE    0                         0      0        0
  SINCE DEC 1      0                         3     -3        3
  SINCE JAN 1      0                         2     -2        0
..................................................................


WIND (MPH)
  RESULTANT WIND SPEED   2   RESULTANT WIND DIRECTION   N (350)
  HIGHEST WIND SPEED     8   HIGHEST WIND DIRECTION    NW (300)
  HIGHEST GUST SPEED    10   HIGHEST GUST DIRECTION     W (290)
  AVERAGE WIND SPEED     2.8


SKY COVER
  POSSIBLE SUNSHINE  MM
  AVERAGE SKY COVER 0.0


WEATHER CONDITIONS
 THE FOLLOWING WEATHER WAS RECORDED YESTERDAY.
  NO SIGNIFICANT WEATHER WAS OBSERVED.


RELATIVE HUMIDITY (PERCENT)
 HIGHEST    72           600 AM
 LOWEST      8           300 PM
 AVERAGE    40

..........................................................


THE THERMAL AIRPORT CA CLIMATE NORMALS FOR TODAY
                         NORMAL    RECORD    YEAR
 MAXIMUM TEMPERATURE (F)   73        91      1963
 MINIMUM TEMPERATURE (F)   40        25      1985


SUNRISE AND SUNSET
FEBRUARY  5 2016......SUNRISE   638 AM PST   SUNSET   519 PM PST
FEBRUARY  6 2016......SUNRISE   637 AM PST   SUNSET   520 PM PST


-  INDICATES NEGATIVE NUMBERS.
R  INDICATES RECORD WAS SET OR TIED.
MM INDICATES DATA IS MISSING.
T  INDICATES TRACE AMOUNT.




$$
