000
CDUS46 KSGX 231425
CLITRM


CLIMATE REPORT
NATIONAL WEATHER SERVICE SAN DIEGO, CA
725 AM PDT THU OCT 23 2014


...................................

...THE THERMAL AIRPORT CA CLIMATE SUMMARY FOR OCTOBER 22 2014...

CLIMATE NORMAL PERIOD 1981 TO 2010
CLIMATE RECORD PERIOD 1950 TO 2014


WEATHER ITEM   OBSERVED TIME   RECORD YEAR NORMAL DEPARTURE LAST
                VALUE   (LST)  VALUE       VALUE  FROM      YEAR
                                                  NORMAL
..................................................................
TEMPERATURE (F)
 YESTERDAY
  MAXIMUM         94    242 PM 103    2003  89      5       92
  MINIMUM         53    609 AM  39    1996  53      0       48
  AVERAGE         74                        71      3       70

PRECIPITATION (IN)
  YESTERDAY        0.00          0.34 1976   0.00   0.00     0.00
  MONTH TO DATE    T                         0.16  -0.16      T
  SINCE JUL 1      0.45                      0.73  -0.28     1.39
  SINCE JAN 1      0.53                      2.55  -2.02     1.83

SNOWFALL (IN)
  YESTERDAY        0.0
  MONTH TO DATE    0.0
  SINCE JAN 1      0.0
  SINCE JUL 1      0.0
  SNOW DEPTH       0

DEGREE DAYS
 HEATING
  YESTERDAY        0                         0      0        0
  MONTH TO DATE    0                         0      0        5
  SINCE SEP 1      0                         0      0        5
  SINCE JUL 1      0                         0      0        5

 COOLING
  YESTERDAY        9                         6      3        5
  MONTH TO DATE  282                       211     71      118
  SINCE SEP 1    965                       776    189      730
  SINCE JAN 1   4162                      3609    553     4014
..................................................................


WIND (MPH)
  RESULTANT WIND SPEED   2   RESULTANT WIND DIRECTION  NE (30)
  HIGHEST WIND SPEED    12   HIGHEST WIND DIRECTION    SE (130)
  HIGHEST GUST SPEED    15   HIGHEST GUST DIRECTION    SE (140)
  AVERAGE WIND SPEED     4.7


SKY COVER
  POSSIBLE SUNSHINE  MM
  AVERAGE SKY COVER 0.0


WEATHER CONDITIONS
 THE FOLLOWING WEATHER WAS RECORDED YESTERDAY.
  NO SIGNIFICANT WEATHER WAS OBSERVED.


RELATIVE HUMIDITY (PERCENT)
 HIGHEST    72           600 AM
 LOWEST     14           200 PM
 AVERAGE    43

..........................................................


THE THERMAL AIRPORT CA CLIMATE NORMALS FOR TODAY
                         NORMAL    RECORD    YEAR
 MAXIMUM TEMPERATURE (F)   88       105      2003
                                             1959
 MINIMUM TEMPERATURE (F)   52        33      1996


SUNRISE AND SUNSET
OCTOBER 23 2014.......SUNRISE   656 AM PDT   SUNSET   602 PM PDT
OCTOBER 24 2014.......SUNRISE   657 AM PDT   SUNSET   600 PM PDT


-  INDICATES NEGATIVE NUMBERS.
R  INDICATES RECORD WAS SET OR TIED.
MM INDICATES DATA IS MISSING.
T  INDICATES TRACE AMOUNT.




$$
