000
CDUS46 KSGX 161133
CLITRM


CLIMATE REPORT
NATIONAL WEATHER SERVICE SAN DIEGO, CA
432 AM PDT WED AUG 16 2017


...................................

...THE THERMAL AIRPORT CA CLIMATE SUMMARY FOR AUGUST 15 2017...

CLIMATE NORMAL PERIOD 1981 TO 2010
CLIMATE RECORD PERIOD 1950 TO 2017


WEATHER ITEM   OBSERVED TIME   RECORD YEAR NORMAL DEPARTURE LAST
                VALUE   (LST)  VALUE       VALUE  FROM      YEAR
                                                  NORMAL
..................................................................
TEMPERATURE (F)
 YESTERDAY
  MAXIMUM        102    346 PM 116    2015 106     -4      113
  MINIMUM         74    305 AM  62    2009  74      0       76
  AVERAGE         88                        90     -2       95

PRECIPITATION (IN)
  YESTERDAY        0.00          0.70 1961   0.01  -0.01     0.00
  MONTH TO DATE    0.07                      0.08  -0.01     0.00
  SINCE OCT 1      3.76                      2.85   0.91     1.98
  SINCE JAN 1      2.08                      2.04   0.04     1.55

DEGREE DAYS
 HEATING
  YESTERDAY        0                         0      0        0
  MONTH TO DATE    0                         0      0        0
  SINCE JUN 1      0                         0      0        0
  SINCE JUL 1      0                         0      0        0

 COOLING
  YESTERDAY       23                        25     -2       30
  MONTH TO DATE  428                       380     48      432
  SINCE JUN 1   2044                      1774    270     2050
  SINCE JAN 1   3018                      2447    571     2927
..................................................................


WIND (MPH)
  RESULTANT WIND SPEED   8   RESULTANT WIND DIRECTION  NW (330)
  HIGHEST WIND SPEED    24   HIGHEST WIND DIRECTION    NW (330)
  HIGHEST GUST SPEED    31   HIGHEST GUST DIRECTION     N (340)
  AVERAGE WIND SPEED    10.6


SKY COVER
  POSSIBLE SUNSHINE  MM
  AVERAGE SKY COVER 0.0


WEATHER CONDITIONS
 THE FOLLOWING WEATHER WAS RECORDED YESTERDAY.
  NO SIGNIFICANT WEATHER WAS OBSERVED.


RELATIVE HUMIDITY (PERCENT)
 HIGHEST    39          1100 PM
 LOWEST     11           400 PM
 AVERAGE    25

..........................................................


THE THERMAL AIRPORT CA CLIMATE NORMALS FOR TODAY
                         NORMAL    RECORD    YEAR
 MAXIMUM TEMPERATURE (F)  106       115      2016
 MINIMUM TEMPERATURE (F)   74        62      1987


SUNRISE AND SUNSET
AUGUST 16 2017........SUNRISE   608 AM PDT   SUNSET   729 PM PDT
AUGUST 17 2017........SUNRISE   608 AM PDT   SUNSET   728 PM PDT


-  INDICATES NEGATIVE NUMBERS.
R  INDICATES RECORD WAS SET OR TIED.
MM INDICATES DATA IS MISSING.
T  INDICATES TRACE AMOUNT.




$$
