000
CDUS46 KSGX 281420
CLITRM


CLIMATE REPORT
NATIONAL WEATHER SERVICE SAN DIEGO, CA
720 AM PDT SUN AUG 28 2016


...................................

...THE THERMAL AIRPORT CA CLIMATE SUMMARY FOR AUGUST 27 2016...

CLIMATE NORMAL PERIOD 1981 TO 2010
CLIMATE RECORD PERIOD 1950 TO 2016


WEATHER ITEM   OBSERVED TIME   RECORD YEAR NORMAL DEPARTURE LAST
                VALUE   (LST)  VALUE       VALUE  FROM      YEAR
                                                  NORMAL
..................................................................
TEMPERATURE (F)
 YESTERDAY
  MAXIMUM        103    241 PM 120    1981 105     -2      110
  MINIMUM         72    509 AM  58    1954  72      0       79
  AVERAGE         88                        89     -1       95

PRECIPITATION (IN)
  YESTERDAY        0.00          0.26 1993   0.01  -0.01     0.00
  MONTH TO DATE    0.00                      0.16  -0.16     0.00
  SINCE OCT 1      1.98                      2.93  -0.95     1.72
  SINCE JAN 1      1.55                      2.12  -0.57     1.57

DEGREE DAYS
 HEATING
  YESTERDAY        0                         0      0        0
  MONTH TO DATE    0                         0      0        0
  SINCE JUN 1      0                         0      0        0
  SINCE JUL 1      0                         0      0        0

 COOLING
  YESTERDAY       23                        24     -1       30
  MONTH TO DATE  735                       673     62      765
  SINCE JUN 1   2353                      2067    286     2243
  SINCE JAN 1   3230                      2740    490     2997
..................................................................


WIND (MPH)
  RESULTANT WIND SPEED   2   RESULTANT WIND DIRECTION   N (340)
  HIGHEST WIND SPEED    15   HIGHEST WIND DIRECTION     S (160)
  HIGHEST GUST SPEED    20   HIGHEST GUST DIRECTION     S (180)
  AVERAGE WIND SPEED     6.5


SKY COVER
  POSSIBLE SUNSHINE  MM
  AVERAGE SKY COVER 0.0


WEATHER CONDITIONS
 THE FOLLOWING WEATHER WAS RECORDED YESTERDAY.
  NO SIGNIFICANT WEATHER WAS OBSERVED.


RELATIVE HUMIDITY (PERCENT)
 HIGHEST    53           500 AM
 LOWEST     15           400 PM
 AVERAGE    34

..........................................................


THE THERMAL AIRPORT CA CLIMATE NORMALS FOR TODAY
                         NORMAL    RECORD    YEAR
 MAXIMUM TEMPERATURE (F)  105       119      1998
 MINIMUM TEMPERATURE (F)   72        60      1980


SUNRISE AND SUNSET
AUGUST 28 2016........SUNRISE   616 AM PDT   SUNSET   715 PM PDT
AUGUST 29 2016........SUNRISE   617 AM PDT   SUNSET   713 PM PDT


-  INDICATES NEGATIVE NUMBERS.
R  INDICATES RECORD WAS SET OR TIED.
MM INDICATES DATA IS MISSING.
T  INDICATES TRACE AMOUNT.




$$
