000
CDUS46 KSGX 251417
CLITRM


CLIMATE REPORT
NATIONAL WEATHER SERVICE SAN DIEGO, CA
617 AM PST SUN JAN 25 2015


...................................

...THE THERMAL AIRPORT CA CLIMATE SUMMARY FOR JANUARY 24 2015...

CLIMATE NORMAL PERIOD 1981 TO 2010
CLIMATE RECORD PERIOD 1950 TO 2015


WEATHER ITEM   OBSERVED TIME   RECORD YEAR NORMAL DEPARTURE LAST
                VALUE   (LST)  VALUE       VALUE  FROM      YEAR
                                                  NORMAL
..................................................................
TEMPERATURE (F)
 YESTERDAY
  MAXIMUM         79    359 PM  91    1951  72      7       76
  MINIMUM         34    238 AM  27    1973  38     -4       50
  AVERAGE         57                        55      2       63

PRECIPITATION (IN)
  YESTERDAY        0.00          0.16 1995   0.02  -0.02     0.00
  MONTH TO DATE    0.02                      0.52  -0.50     0.00
  SINCE OCT 1      0.17                      1.33  -1.16     0.08
  SINCE JAN 1      0.02                      0.52  -0.50     0.00

SNOWFALL (IN)
  YESTERDAY        0.0
  MONTH TO DATE    0.0
  SINCE JAN 1      0.0
  SINCE JUL 1      0.0
  SNOW DEPTH       0

DEGREE DAYS
 HEATING
  YESTERDAY        8                        10     -2        2
  MONTH TO DATE  231                       255    -24      182
  SINCE DEC 1    530                       626    -96      548
  SINCE JUL 1    639                       793   -154      657

 COOLING
  YESTERDAY        0                         0      0        0
  MONTH TO DATE    0                         0      0        0
  SINCE DEC 1      3                         1      2        0
  SINCE JAN 1      0                         0      0        0
..................................................................


WIND (MPH)
  RESULTANT WIND SPEED   7   RESULTANT WIND DIRECTION  NW (320)
  HIGHEST WIND SPEED    16   HIGHEST WIND DIRECTION    NW (310)
  HIGHEST GUST SPEED    20   HIGHEST GUST DIRECTION    NW (300)
  AVERAGE WIND SPEED     7.8


SKY COVER
  POSSIBLE SUNSHINE  MM
  AVERAGE SKY COVER 0.0


WEATHER CONDITIONS
 THE FOLLOWING WEATHER WAS RECORDED YESTERDAY.
  NO SIGNIFICANT WEATHER WAS OBSERVED.


RELATIVE HUMIDITY (PERCENT)
 HIGHEST    48           200 AM
 LOWEST     10           200 PM
 AVERAGE    29

..........................................................


THE THERMAL AIRPORT CA CLIMATE NORMALS FOR TODAY
                         NORMAL    RECORD    YEAR
 MAXIMUM TEMPERATURE (F)   72        91      1951
 MINIMUM TEMPERATURE (F)   38        27      2002
                                             1972


SUNRISE AND SUNSET
JANUARY 25 2015.......SUNRISE   645 AM PST   SUNSET   509 PM PST
JANUARY 26 2015.......SUNRISE   645 AM PST   SUNSET   510 PM PST


-  INDICATES NEGATIVE NUMBERS.
R  INDICATES RECORD WAS SET OR TIED.
MM INDICATES DATA IS MISSING.
T  INDICATES TRACE AMOUNT.




$$
