000
CDUS46 KSGX 021431
CLITRM


CLIMATE REPORT
NATIONAL WEATHER SERVICE SAN DIEGO, CA
731 AM PDT MON MAY 2 2016


...................................

...THE THERMAL AIRPORT CA CLIMATE SUMMARY FOR MAY 1 2016...

CLIMATE NORMAL PERIOD 1981 TO 2010
CLIMATE RECORD PERIOD 1950 TO 2016


WEATHER ITEM   OBSERVED TIME   RECORD YEAR NORMAL DEPARTURE LAST
                VALUE   (LST)  VALUE       VALUE  FROM      YEAR
                                                  NORMAL
..................................................................
TEMPERATURE (F)
 YESTERDAY
  MAXIMUM         89    148 PM 105    1985  91     -2      103
  MINIMUM         60    126 AM  42    2011  58      2       82
                                      1999
  AVERAGE         75                        75      0       93

PRECIPITATION (IN)
  YESTERDAY        0.00          0.01 1980   0.00   0.00     0.00
  MONTH TO DATE    0.00                      0.00   0.00     0.00
  SINCE OCT 1      1.98                      2.58  -0.60     0.77
  SINCE JAN 1      1.55                      1.77  -0.22     0.62

DEGREE DAYS
 HEATING
  YESTERDAY        0                         0      0        0
  MONTH TO DATE    0                         0      0        0
  SINCE MAR 1     22                       115    -93       44
  SINCE JUL 1   1047                      1180   -133      749

 COOLING
  YESTERDAY       10                        10      0       28
  MONTH TO DATE   10                        10      0       28
  SINCE MAR 1    390                       254    136      423
  SINCE JAN 1    455                       266    189      445
..................................................................


WIND (MPH)
  RESULTANT WIND SPEED   2   RESULTANT WIND DIRECTION  NE (60)
  HIGHEST WIND SPEED    17   HIGHEST WIND DIRECTION    SE (140)
  HIGHEST GUST SPEED    22   HIGHEST GUST DIRECTION    SE (140)
  AVERAGE WIND SPEED     7.4


SKY COVER
  POSSIBLE SUNSHINE  MM
  AVERAGE SKY COVER 0.1


WEATHER CONDITIONS
 THE FOLLOWING WEATHER WAS RECORDED YESTERDAY.
  NO SIGNIFICANT WEATHER WAS OBSERVED.


RELATIVE HUMIDITY (PERCENT)
 HIGHEST    52           100 AM
 LOWEST     18           100 PM
 AVERAGE    35

..........................................................


THE THERMAL AIRPORT CA CLIMATE NORMALS FOR TODAY
                         NORMAL    RECORD    YEAR
 MAXIMUM TEMPERATURE (F)   92       105      1966
 MINIMUM TEMPERATURE (F)   58        42      2008


SUNRISE AND SUNSET
MAY  2 2016...........SUNRISE   555 AM PDT   SUNSET   729 PM PDT
MAY  3 2016...........SUNRISE   554 AM PDT   SUNSET   730 PM PDT


-  INDICATES NEGATIVE NUMBERS.
R  INDICATES RECORD WAS SET OR TIED.
MM INDICATES DATA IS MISSING.
T  INDICATES TRACE AMOUNT.




$$
