000
CDUS46 KPQR 261241
CLITTD


CLIMATE REPORT
NATIONAL WEATHER SERVICE PORTLAND OREGON
440 AM PST WED NOV 26 2014


...................................

...THE TROUTDALE OR CLIMATE SUMMARY FOR NOVEMBER 25 2014...

CLIMATE NORMAL PERIOD 1981 TO 2010
CLIMATE RECORD PERIOD 9999 TO 9999


WEATHER ITEM   OBSERVED TIME   NORMAL DEPARTURE LAST
                VALUE   (LST)  VALUE  FROM      YEAR
                                      NORMAL
......................................................
TEMPERATURE (F)
 YESTERDAY
  MAXIMUM         62    354 PM  49     13       50
  MINIMUM         51   1204 AM  37     14       39
  AVERAGE         57            43     14       45

PRECIPITATION (IN)
  YESTERDAY        T             0.24  -0.24     0.00
  MONTH TO DATE    2.78          6.06  -3.28     3.41
  SINCE OCT 1      9.72         10.01  -0.29     5.02
  SINCE JAN 1     32.42         38.58  -6.16    25.94

DEGREE DAYS
 HEATING
  YESTERDAY        8            22    -14       20
  MONTH TO DATE  472           468      4      424

 COOLING
  YESTERDAY        0             0      0        0
  MONTH TO DATE    0             0      0        0
......................................................


WIND (MPH)
  HIGHEST WIND SPEED    20   HIGHEST WIND DIRECTION    SW (220)
  HIGHEST GUST SPEED    26   HIGHEST GUST DIRECTION    SW (210)
  AVERAGE WIND SPEED     9.2


SKY COVER
  POSSIBLE SUNSHINE  MM
  AVERAGE SKY COVER 1.0


WEATHER CONDITIONS
 THE FOLLOWING WEATHER WAS RECORDED YESTERDAY.
  NO SIGNIFICANT WEATHER WAS OBSERVED.


RELATIVE HUMIDITY (PERCENT)
 HIGHEST    89          1200 AM
 LOWEST     72          1100 AM
 AVERAGE    81

..........................................................


THE TROUTDALE OR CLIMATE NORMALS FOR TODAY
                         NORMAL    RECORD    YEAR
 MAXIMUM TEMPERATURE (F)   49        65      1962
 MINIMUM TEMPERATURE (F)   37        19      1985


SUNRISE AND SUNSET
NOVEMBER 26 2014......SUNRISE   724 AM PST   SUNSET   430 PM PST
NOVEMBER 27 2014......SUNRISE   725 AM PST   SUNSET   430 PM PST


-  INDICATES NEGATIVE NUMBERS.
R  INDICATES RECORD WAS SET OR TIED.
MM INDICATES DATA IS MISSING.
T  INDICATES TRACE AMOUNT.




$$
