000
CDUS46 KPQR 281149
CLITTD


CLIMATE REPORT
NATIONAL WEATHER SERVICE PORTLAND OREGON
448 AM PDT TUE MAR 28 2017


...................................

...THE TROUTDALE OR CLIMATE SUMMARY FOR MARCH 27 2017...

CLIMATE NORMAL PERIOD 1981 TO 2010
CLIMATE RECORD PERIOD 1948 TO 2017


WEATHER ITEM   OBSERVED TIME   RECORD YEAR NORMAL DEPARTURE LAST
                VALUE   (LST)  VALUE       VALUE  FROM      YEAR
                                                  NORMAL
..................................................................
TEMPERATURE (F)
 YESTERDAY
  MAXIMUM         55    224 PM  79    1994  59     -4       54
  MINIMUM         47   1152 PM  29    1996  40      7       41
  AVERAGE         51                        49      2       48

PRECIPITATION (IN)
  YESTERDAY        0.26                      0.15   0.11     0.15
  MONTH TO DATE    6.99                      4.07   2.92     4.57
  SINCE OCT 1     38.46                     33.74   4.72    32.53
  SINCE JAN 1     17.37                     15.34   2.03    12.71

DEGREE DAYS
 HEATING
  YESTERDAY       14                        16     -2       17
  MONTH TO DATE  446                       483    -37      404

 COOLING
  YESTERDAY        0                         0      0        0
  MONTH TO DATE    0                         0      0        0
..................................................................


WIND (MPH)
  HIGHEST WIND SPEED    18   HIGHEST WIND DIRECTION    SW (230)
  HIGHEST GUST SPEED    25   HIGHEST GUST DIRECTION    SW (230)
  AVERAGE WIND SPEED     7.9


SKY COVER
  POSSIBLE SUNSHINE  MM
  AVERAGE SKY COVER 0.9


WEATHER CONDITIONS
 THE FOLLOWING WEATHER WAS RECORDED YESTERDAY.
  LIGHT RAIN
  FOG
  HAZE


RELATIVE HUMIDITY (PERCENT)
 HIGHEST    86           100 AM
 LOWEST     63           600 PM
 AVERAGE    75

..........................................................


THE TROUTDALE OR CLIMATE NORMALS FOR TODAY
                         NORMAL    RECORD    YEAR
 MAXIMUM TEMPERATURE (F)   59        79      1994
 MINIMUM TEMPERATURE (F)   40        29      1962


SUNRISE AND SUNSET
MARCH 28 2017.........SUNRISE   657 AM PDT   SUNSET   733 PM PDT
MARCH 29 2017.........SUNRISE   655 AM PDT   SUNSET   734 PM PDT


-  INDICATES NEGATIVE NUMBERS.
R  INDICATES RECORD WAS SET OR TIED.
MM INDICATES DATA IS MISSING.
T  INDICATES TRACE AMOUNT.




$$
