000
CDUS46 KPQR 291147
CLITTD


CLIMATE REPORT
NATIONAL WEATHER SERVICE PORTLAND OREGON
446 AM PDT MON JUN 29 2015


...................................

...THE TROUTDALE OR CLIMATE SUMMARY FOR JUNE 28 2015...

CLIMATE NORMAL PERIOD 1981 TO 2010
CLIMATE RECORD PERIOD 1948 TO 2015


WEATHER ITEM   OBSERVED TIME   RECORD YEAR NORMAL DEPARTURE LAST
                VALUE   (LST)  VALUE       VALUE  FROM      YEAR
                                                  NORMAL
..................................................................
TEMPERATURE (F)
 YESTERDAY
  MAXIMUM         84    313 PM  99    2003  77      7       74
  MINIMUM         68    501 AM  44    1985  52     16       60
  AVERAGE         76                        64     12       67

PRECIPITATION (IN)
  YESTERDAY        T                         0.05  -0.05      T
  MONTH TO DATE    0.63                      2.33  -1.70     2.21
  SINCE OCT 1     28.97                     43.43 -14.46    28.08
  SINCE JAN 1     14.01                     25.03 -11.02    20.49

DEGREE DAYS
 HEATING
  YESTERDAY        0                         3     -3        0
  MONTH TO DATE   20                       115    -95       63

 COOLING
  YESTERDAY       11                         2      9        2
  MONTH TO DATE  139                        38    101       17
..................................................................


WIND (MPH)
  HIGHEST WIND SPEED    12   HIGHEST WIND DIRECTION    SW (220)
  HIGHEST GUST SPEED    14   HIGHEST GUST DIRECTION    NW (330)
  AVERAGE WIND SPEED     2.3


SKY COVER
  POSSIBLE SUNSHINE  MM
  AVERAGE SKY COVER 0.0


WEATHER CONDITIONS
 THE FOLLOWING WEATHER WAS RECORDED YESTERDAY.
  LIGHT RAIN


RELATIVE HUMIDITY (PERCENT)
 HIGHEST    84           200 AM
 LOWEST     47           100 PM
 AVERAGE    66

..........................................................


THE TROUTDALE OR CLIMATE NORMALS FOR TODAY
                         NORMAL    RECORD    YEAR
 MAXIMUM TEMPERATURE (F)   77        96      1995
 MINIMUM TEMPERATURE (F)   52        43      1964


SUNRISE AND SUNSET
JUNE 29 2015..........SUNRISE   523 AM PDT   SUNSET   903 PM PDT
JUNE 30 2015..........SUNRISE   524 AM PDT   SUNSET   902 PM PDT


-  INDICATES NEGATIVE NUMBERS.
R  INDICATES RECORD WAS SET OR TIED.
MM INDICATES DATA IS MISSING.
T  INDICATES TRACE AMOUNT.




$$
