000
CDUS46 KPQR 241143
CLITTD


CLIMATE REPORT
NATIONAL WEATHER SERVICE PORTLAND OREGON
343 AM PST FRI FEB 24 2017


...................................

...THE TROUTDALE OR CLIMATE SUMMARY FOR FEBRUARY 23 2017...

CLIMATE NORMAL PERIOD 1981 TO 2010
CLIMATE RECORD PERIOD 1948 TO 2017


WEATHER ITEM   OBSERVED TIME   RECORD YEAR NORMAL DEPARTURE LAST
                VALUE   (LST)  VALUE       VALUE  FROM      YEAR
                                                  NORMAL
..................................................................
TEMPERATURE (F)
 YESTERDAY
  MAXIMUM         45    105 PM  67    1968  51     -6       55
  MINIMUM         32   1159 PM  26    1960  36     -4       41
  AVERAGE         39                        44     -5       48

PRECIPITATION (IN)
  YESTERDAY        T                         0.18  -0.18     0.00
  MONTH TO DATE    7.65                      4.18   3.47     2.89
  SINCE OCT 1     31.11                     28.76   2.35    27.21
  SINCE JAN 1     10.02                     10.36  -0.34     7.39

DEGREE DAYS
 HEATING
  YESTERDAY       26                        21      5       17
  MONTH TO DATE  534                       521     13      368

 COOLING
  YESTERDAY        0                         0      0        0
  MONTH TO DATE    0                         0      0        0
..................................................................


WIND (MPH)
  HIGHEST WIND SPEED    12   HIGHEST WIND DIRECTION     W (260)
  HIGHEST GUST SPEED    15   HIGHEST GUST DIRECTION     W (270)
  AVERAGE WIND SPEED     2.5


SKY COVER
  POSSIBLE SUNSHINE  MM
  AVERAGE SKY COVER 0.9


WEATHER CONDITIONS
 THE FOLLOWING WEATHER WAS RECORDED YESTERDAY.
  FOG


RELATIVE HUMIDITY (PERCENT)
 HIGHEST    92           200 AM
 LOWEST     62           200 PM
 AVERAGE    77

..........................................................


THE TROUTDALE OR CLIMATE NORMALS FOR TODAY
                         NORMAL    RECORD    YEAR
 MAXIMUM TEMPERATURE (F)   52        68      1986
 MINIMUM TEMPERATURE (F)   36        17      2003


SUNRISE AND SUNSET
FEBRUARY 24 2017......SUNRISE   656 AM PST   SUNSET   550 PM PST
FEBRUARY 25 2017......SUNRISE   654 AM PST   SUNSET   552 PM PST


-  INDICATES NEGATIVE NUMBERS.
R  INDICATES RECORD WAS SET OR TIED.
MM INDICATES DATA IS MISSING.
T  INDICATES TRACE AMOUNT.




$$
