000
CDUS46 KPQR 190222
CLITTD


CLIMATE REPORT
NATIONAL WEATHER SERVICE PORTLAND OREGON
622 PM PST SUN FEB 18 2018


...................................

...THE TROUTDALE OR CLIMATE SUMMARY FOR FEBRUARY 18 2018...
VALID TODAY AS OF 0600 PM LOCAL TIME.

CLIMATE NORMAL PERIOD 1981 TO 2010
CLIMATE RECORD PERIOD 1948 TO 2018


WEATHER ITEM   OBSERVED TIME   RECORD YEAR NORMAL DEPARTURE LAST
                VALUE   (LST)  VALUE       VALUE  FROM      YEAR
                                                  NORMAL
..................................................................
TEMPERATURE (F)
 TODAY
  MAXIMUM         44   1247 AM  66    1981  50     -6       48
  MINIMUM         34    305 PM  22    1955  36     -2       40
                                      1985
  AVERAGE         39                        43     -4       44

PRECIPITATION (IN)
  TODAY            0.23                      0.17   0.06     0.16
  MONTH TO DATE    1.09                      3.31  -2.22     6.12
  SINCE OCT 1     20.42                     27.89  -7.47    29.58
  SINCE JAN 1      6.08                      9.49  -3.41     8.49

DEGREE DAYS
 HEATING
  TODAY           26                        22      4       21
  MONTH TO DATE  325                       412    -87      424

 COOLING
  TODAY            0                         0      0        0
  MONTH TO DATE    0                         0      0        0
..................................................................


WIND (MPH)
  HIGHEST WIND SPEED    24   HIGHEST WIND DIRECTION    SW (210)
  HIGHEST GUST SPEED    32   HIGHEST GUST DIRECTION    SW (210)
  AVERAGE WIND SPEED    10.0


SKY COVER
  POSSIBLE SUNSHINE  MM
  AVERAGE SKY COVER 0.8


WEATHER CONDITIONS
 THE FOLLOWING WEATHER WAS RECORDED TODAY.
  LIGHT RAIN
  LIGHT SNOW
  FOG


RELATIVE HUMIDITY (PERCENT)
 HIGHEST    92           500 PM
 LOWEST     73           300 AM
 AVERAGE    83

..........................................................


THE TROUTDALE OR CLIMATE NORMALS FOR TOMORROW
                         NORMAL    RECORD    YEAR
 MAXIMUM TEMPERATURE (F)   50        64      1977
 MINIMUM TEMPERATURE (F)   36        24      2006


SUNRISE AND SUNSET
FEBRUARY 18 2018......SUNRISE   706 AM PST   SUNSET   541 PM PST
FEBRUARY 19 2018......SUNRISE   705 AM PST   SUNSET   543 PM PST


-  INDICATES NEGATIVE NUMBERS.
R  INDICATES RECORD WAS SET OR TIED.
MM INDICATES DATA IS MISSING.
T  INDICATES TRACE AMOUNT.




$$
