000
CDUS46 KPQR 221141
CLITTD


CLIMATE REPORT
NATIONAL WEATHER SERVICE PORTLAND OREGON
340 AM PST WED NOV 22 2017


...................................

...THE TROUTDALE OR CLIMATE SUMMARY FOR NOVEMBER 21 2017...

CLIMATE NORMAL PERIOD 1981 TO 2010
CLIMATE RECORD PERIOD 1948 TO 2017


WEATHER ITEM   OBSERVED TIME   RECORD YEAR NORMAL DEPARTURE LAST
                VALUE   (LST)  VALUE       VALUE  FROM      YEAR
                                                  NORMAL
..................................................................
TEMPERATURE (F)
 YESTERDAY
  MAXIMUM         51    425 PM  64    2002  51      0       57
  MINIMUM         48    502 AM  26    1977  38     10       42
  AVERAGE         50                        44      6       50

PRECIPITATION (IN)
  YESTERDAY        0.33                      0.25   0.08     0.04
  MONTH TO DATE    4.72                      5.10  -0.38     3.34
  SINCE OCT 1      9.91                      9.05   0.86    14.64
  SINCE JAN 1     40.29                     37.62   2.67    37.15

DEGREE DAYS
 HEATING
  YESTERDAY       15                        21     -6       15
  MONTH TO DATE  362                       382    -20      215

 COOLING
  YESTERDAY        0                         0      0        0
  MONTH TO DATE    0                         0      0        0
..................................................................


WIND (MPH)
  HIGHEST WIND SPEED    31   HIGHEST WIND DIRECTION     E (90)
  HIGHEST GUST SPEED    44   HIGHEST GUST DIRECTION     E (90)
  AVERAGE WIND SPEED    21.3


SKY COVER
  POSSIBLE SUNSHINE  MM
  AVERAGE SKY COVER 1.0


WEATHER CONDITIONS
 THE FOLLOWING WEATHER WAS RECORDED YESTERDAY.
  HEAVY RAIN
  RAIN
  LIGHT RAIN
  FOG


RELATIVE HUMIDITY (PERCENT)
 HIGHEST    86           300 AM
 LOWEST     71           400 PM
 AVERAGE    79

..........................................................


THE TROUTDALE OR CLIMATE NORMALS FOR TODAY
                         NORMAL    RECORD    YEAR
 MAXIMUM TEMPERATURE (F)   50        62      1950
 MINIMUM TEMPERATURE (F)   38        22      1985


SUNRISE AND SUNSET
NOVEMBER 22 2017......SUNRISE   719 AM PST   SUNSET   433 PM PST
NOVEMBER 23 2017......SUNRISE   720 AM PST   SUNSET   432 PM PST


-  INDICATES NEGATIVE NUMBERS.
R  INDICATES RECORD WAS SET OR TIED.
MM INDICATES DATA IS MISSING.
T  INDICATES TRACE AMOUNT.




$$
