000
CDUS46 KPQR 041143
CLITTD


CLIMATE REPORT
NATIONAL WEATHER SERVICE PORTLAND OREGON
441 AM PDT WED MAY 4 2016


...................................

...THE TROUTDALE OR CLIMATE SUMMARY FOR MAY 3 2016...

CLIMATE NORMAL PERIOD 1981 TO 2010
CLIMATE RECORD PERIOD 1948 TO 2016


WEATHER ITEM   OBSERVED TIME   RECORD YEAR NORMAL DEPARTURE LAST
                VALUE   (LST)  VALUE       VALUE  FROM      YEAR
                                                  NORMAL
..................................................................
TEMPERATURE (F)
 YESTERDAY
  MAXIMUM         74    347 PM  93    1992  65      9       76
                                      1966
  MINIMUM         54    516 AM  35    1959  44     10       40
                                      1964
  AVERAGE         64                        54     10       58

PRECIPITATION (IN)
  YESTERDAY        0.05                      0.10  -0.05     0.00
  MONTH TO DATE    0.05                      0.30  -0.25     0.00
  SINCE OCT 1     35.07                     38.46  -3.39    27.52
  SINCE JAN 1     15.25                     20.06  -4.81    12.56

DEGREE DAYS
 HEATING
  YESTERDAY        1                        11    -10        7
  MONTH TO DATE    4                        33    -29       18

 COOLING
  YESTERDAY        0                         0      0        0
  MONTH TO DATE   11                         0     11        0
..................................................................


WIND (MPH)
  HIGHEST WIND SPEED    10   HIGHEST WIND DIRECTION     W (250)
  HIGHEST GUST SPEED    15   HIGHEST GUST DIRECTION     N (340)
  AVERAGE WIND SPEED     2.5


SKY COVER
  POSSIBLE SUNSHINE  MM
  AVERAGE SKY COVER 0.2


WEATHER CONDITIONS
 THE FOLLOWING WEATHER WAS RECORDED YESTERDAY.
  LIGHT RAIN
  FOG


RELATIVE HUMIDITY (PERCENT)
 HIGHEST    86          1100 PM
 LOWEST     41           300 PM
 AVERAGE    64

..........................................................


THE TROUTDALE OR CLIMATE NORMALS FOR TODAY
                         NORMAL    RECORD    YEAR
 MAXIMUM TEMPERATURE (F)   66        91      1992
 MINIMUM TEMPERATURE (F)   44        33      1962


SUNRISE AND SUNSET
MAY  4 2016...........SUNRISE   552 AM PDT   SUNSET   821 PM PDT
MAY  5 2016...........SUNRISE   551 AM PDT   SUNSET   822 PM PDT


-  INDICATES NEGATIVE NUMBERS.
R  INDICATES RECORD WAS SET OR TIED.
MM INDICATES DATA IS MISSING.
T  INDICATES TRACE AMOUNT.




$$
