000
CDUS46 KPQR 271141
CLITTD


CLIMATE REPORT
NATIONAL WEATHER SERVICE PORTLAND OREGON
440 AM PDT FRI MAR 27 2015


...................................

...THE TROUTDALE OR CLIMATE SUMMARY FOR MARCH 26 2015...

CLIMATE NORMAL PERIOD 1981 TO 2010
CLIMATE RECORD PERIOD 1948 TO 2015


WEATHER ITEM   OBSERVED TIME   RECORD YEAR NORMAL DEPARTURE LAST
                VALUE   (LST)  VALUE       VALUE  FROM      YEAR
                                                  NORMAL
..................................................................
TEMPERATURE (F)
 YESTERDAY
  MAXIMUM         73    427 PM  77    1994  58     15       51
  MINIMUM         48    320 AM  29    1996  40      8       45
  AVERAGE         61                        49     12       48

PRECIPITATION (IN)
  YESTERDAY        0.00                      0.15  -0.15     0.32
  MONTH TO DATE    3.80                      3.92  -0.12     3.82
  SINCE OCT 1     24.64                     33.59  -8.95    17.47
  SINCE JAN 1      9.68                     15.19  -5.51     9.88

DEGREE DAYS
 HEATING
  YESTERDAY        4                        16    -12       17
  MONTH TO DATE  330                       467   -137      401

 COOLING
  YESTERDAY        0                         0      0        0
  MONTH TO DATE    0                         0      0        0
..................................................................


WIND (MPH)
  HIGHEST WIND SPEED     9   HIGHEST WIND DIRECTION     E (100)
  HIGHEST GUST SPEED    12   HIGHEST GUST DIRECTION     E (90)
  AVERAGE WIND SPEED     3.1


SKY COVER
  POSSIBLE SUNSHINE  MM
  AVERAGE SKY COVER 0.1


WEATHER CONDITIONS
 THE FOLLOWING WEATHER WAS RECORDED YESTERDAY.
  NO SIGNIFICANT WEATHER WAS OBSERVED.


RELATIVE HUMIDITY (PERCENT)
 HIGHEST    93           200 AM
 LOWEST     37           600 PM
 AVERAGE    65

..........................................................


THE TROUTDALE OR CLIMATE NORMALS FOR TODAY
                         NORMAL    RECORD    YEAR
 MAXIMUM TEMPERATURE (F)   59        79      1994
 MINIMUM TEMPERATURE (F)   40        29      1996


SUNRISE AND SUNSET
MARCH 27 2015.........SUNRISE   700 AM PDT   SUNSET   731 PM PDT
MARCH 28 2015.........SUNRISE   658 AM PDT   SUNSET   732 PM PDT


-  INDICATES NEGATIVE NUMBERS.
R  INDICATES RECORD WAS SET OR TIED.
MM INDICATES DATA IS MISSING.
T  INDICATES TRACE AMOUNT.




$$
