920
CDUS41 KPHI 230549
CLITTN


CLIMATE REPORT
NATIONAL WEATHER SERVICE MOUNT HOLLY NJ
148 AM EDT SUN JUL 23 2017


...................................

...THE TRENTON NJ CLIMATE SUMMARY FOR JULY 22 2017...

CLIMATE NORMAL PERIOD 1981 TO 2010
CLIMATE RECORD PERIOD 1865 TO 2017


WEATHER ITEM   OBSERVED TIME   RECORD YEAR NORMAL DEPARTURE LAST
                VALUE   (LST)  VALUE       VALUE  FROM      YEAR
                                                  NORMAL
..................................................................
TEMPERATURE (F)
 YESTERDAY
  MAXIMUM         91    335 PM 106    2011  86      5       93
  MINIMUM         72   1159 PM  58    1996  66      6       70
                                      1993
                                      1944
  AVERAGE         82                        76      6       82

PRECIPITATION (IN)
  YESTERDAY        1.06          2.10 1946   0.17   0.89     0.00
  MONTH TO DATE    4.19                      3.55   0.64     4.01
  SINCE JUN 1      8.88                      7.96   0.92     6.12
  SINCE JAN 1     26.64                     25.48   1.16    20.16

DEGREE DAYS
 HEATING
  YESTERDAY        0                         0      0        0
  MONTH TO DATE    0                         0      0        0
  SINCE JUN 1     25                        24      1        8
  SINCE JUL 1      0                         0      0        0

 COOLING
  YESTERDAY       17                        11      6       17
  MONTH TO DATE  290                       233     57      278
  SINCE JUN 1    519                       423     96      501
  SINCE JAN 1    602                       480    122      593
..................................................................


WIND (MPH)
  HIGHEST WIND SPEED    16   HIGHEST WIND DIRECTION     S (180)
  HIGHEST GUST SPEED    20   HIGHEST GUST DIRECTION     S (170)
  AVERAGE WIND SPEED     3.9


SKY COVER
  POSSIBLE SUNSHINE  MM
  AVERAGE SKY COVER 0.3


WEATHER CONDITIONS
 THE FOLLOWING WEATHER WAS RECORDED YESTERDAY.
  THUNDERSTORM
  HEAVY RAIN
  RAIN
  LIGHT RAIN
  FOG


RELATIVE HUMIDITY (PERCENT)
 HIGHEST    94           900 PM
 LOWEST     47          1200 PM
 AVERAGE    71

..........................................................


THE TRENTON NJ CLIMATE NORMALS FOR TODAY
                         NORMAL    RECORD    YEAR
 MAXIMUM TEMPERATURE (F)   86       104      2011
 MINIMUM TEMPERATURE (F)   66        55      1985
                                             1939
                                             1912


SUNRISE AND SUNSET
JULY 23 2017..........SUNRISE   549 AM EDT   SUNSET   822 PM EDT
JULY 24 2017..........SUNRISE   550 AM EDT   SUNSET   821 PM EDT


-  INDICATES NEGATIVE NUMBERS.
R  INDICATES RECORD WAS SET OR TIED.
MM INDICATES DATA IS MISSING.
T  INDICATES TRACE AMOUNT.




$$
