000
CDUS41 KPHI 200548
CLITTN


CLIMATE REPORT
NATIONAL WEATHER SERVICE MOUNT HOLLY NJ
1245 AM EST SAT JAN 20 2018


...................................

...THE TRENTON NJ CLIMATE SUMMARY FOR JANUARY 19 2018...

CLIMATE NORMAL PERIOD 1981 TO 2010
CLIMATE RECORD PERIOD 1865 TO 2018


WEATHER ITEM   OBSERVED TIME   RECORD YEAR NORMAL DEPARTURE LAST
                VALUE   (LST)  VALUE       VALUE  FROM      YEAR
                                                  NORMAL
..................................................................
TEMPERATURE (F)
 YESTERDAY
  MAXIMUM         41    458 PM  65    1951  39      2       48
  MINIMUM         16    408 AM  -8    1875  23     -7       32
  AVERAGE         29                        31     -2       40

PRECIPITATION (IN)
  YESTERDAY        0.00          2.00 1996   0.09  -0.09     0.00
  MONTH TO DATE    1.55                      1.98  -0.43     1.79
  SINCE DEC 1      3.14                      5.68  -2.54     4.44
  SINCE JAN 1      1.55                      1.98  -0.43     1.79

DEGREE DAYS
 HEATING
  YESTERDAY       36                        34      2       25
  MONTH TO DATE  744                       645     99      569
  SINCE DEC 1   1711                      1564    147     1443
  SINCE JUL 1   2497                      2540    -43     2253

 COOLING
  YESTERDAY        0                         0      0        0
  MONTH TO DATE    0                         0      0        0
  SINCE DEC 1      0                         0      0        0
  SINCE JAN 1      0                         0      0        0
..................................................................


WIND (MPH)
  HIGHEST WIND SPEED    15   HIGHEST WIND DIRECTION     W (250)
  HIGHEST GUST SPEED    23   HIGHEST GUST DIRECTION     W (270)
  AVERAGE WIND SPEED     4.5


SKY COVER
  POSSIBLE SUNSHINE  MM
  AVERAGE SKY COVER 0.0


WEATHER CONDITIONS
 THE FOLLOWING WEATHER WAS RECORDED YESTERDAY.
  FOG
  HAZE


RELATIVE HUMIDITY (PERCENT)
 HIGHEST    80           800 AM
 LOWEST     38           300 PM
 AVERAGE    59

..........................................................


THE TRENTON NJ CLIMATE NORMALS FOR TODAY
                         NORMAL    RECORD    YEAR
 MAXIMUM TEMPERATURE (F)   39        64      1947
 MINIMUM TEMPERATURE (F)   23        -5      1985


SUNRISE AND SUNSET
JANUARY 20 2018.......SUNRISE   718 AM EST   SUNSET   503 PM EST
JANUARY 21 2018.......SUNRISE   717 AM EST   SUNSET   505 PM EST


-  INDICATES NEGATIVE NUMBERS.
R  INDICATES RECORD WAS SET OR TIED.
MM INDICATES DATA IS MISSING.
T  INDICATES TRACE AMOUNT.




$$
