789
CDUS41 KPHI 182128
CLITTN


CLIMATE REPORT
NATIONAL WEATHER SERVICE MOUNT HOLLY NJ
427 PM EST SAT NOV 18 2017


...................................

...THE TRENTON NJ CLIMATE SUMMARY FOR NOVEMBER 18 2017...
VALID TODAY AS OF 0400 PM LOCAL TIME.

CLIMATE NORMAL PERIOD 1981 TO 2010
CLIMATE RECORD PERIOD 1865 TO 2017


WEATHER ITEM   OBSERVED TIME   RECORD YEAR NORMAL DEPARTURE LAST
                VALUE   (LST)  VALUE       VALUE  FROM      YEAR
                                                  NORMAL
..................................................................
TEMPERATURE (F)
 TODAY
  MAXIMUM         50    317 PM  76    1921  54     -4       69
  MINIMUM         26    515 AM  18    1936  37    -11       37
  AVERAGE         38                        45     -7       53

PRECIPITATION (IN)
  TODAY            0.04          1.06 1911   0.12  -0.08     0.00
  MONTH TO DATE    1.00                      1.89  -0.89     0.42
  SINCE SEP 1      8.08                     10.34  -2.26     4.89
  SINCE JAN 1     39.25                     41.32  -2.07    29.69

DEGREE DAYS
 HEATING
  TODAY           27                        20      7       12
  MONTH TO DATE  343                       313     30      270
  SINCE SEP 1    536                       707   -171      564
  SINCE JUL 1    537                       710   -173      564

 COOLING
  TODAY            0                         0      0        0
  MONTH TO DATE    2                         0      2        0
  SINCE SEP 1    231                       109    122      230
  SINCE JAN 1   1151                       965    186     1381
..................................................................


WIND (MPH)
  HIGHEST WIND SPEED    14   HIGHEST WIND DIRECTION     S (190)
  HIGHEST GUST SPEED    19   HIGHEST GUST DIRECTION    SW (210)
  AVERAGE WIND SPEED     2.5


SKY COVER
  POSSIBLE SUNSHINE  MM
  AVERAGE SKY COVER 0.2


WEATHER CONDITIONS
 THE FOLLOWING WEATHER WAS RECORDED TODAY.
  LIGHT RAIN


RELATIVE HUMIDITY (PERCENT)
 HIGHEST    92           800 AM
 LOWEST     66          1200 PM
 AVERAGE    79

..........................................................


THE TRENTON NJ CLIMATE NORMALS FOR TOMORROW
                         NORMAL    RECORD    YEAR
 MAXIMUM TEMPERATURE (F)   53        74      1921
 MINIMUM TEMPERATURE (F)   36        17      1936


SUNRISE AND SUNSET
NOVEMBER 18 2017......SUNRISE   649 AM EST   SUNSET   440 PM EST
NOVEMBER 19 2017......SUNRISE   650 AM EST   SUNSET   439 PM EST


-  INDICATES NEGATIVE NUMBERS.
R  INDICATES RECORD WAS SET OR TIED.
MM INDICATES DATA IS MISSING.
T  INDICATES TRACE AMOUNT.




$$
