000
CDUS41 KPHI 170628
CLITTN


CLIMATE REPORT
NATIONAL WEATHER SERVICE MOUNT HOLLY NJ
228 AM EDT WED SEP 17 2014


...................................

...THE TRENTON NJ CLIMATE SUMMARY FOR SEPTEMBER 16 2014...

CLIMATE NORMAL PERIOD 1981 TO 2010
CLIMATE RECORD PERIOD 1865 TO 2014


WEATHER ITEM   OBSERVED TIME   RECORD YEAR NORMAL DEPARTURE LAST
                VALUE   (LST)  VALUE       VALUE  FROM      YEAR
                                                  NORMAL
..................................................................
TEMPERATURE (F)
 YESTERDAY
  MAXIMUM         73    200 PM  93    1991  76     -3       72
  MINIMUM         54   1137 PM  40    1984  57     -3       54
  AVERAGE         64                        66     -2       63

PRECIPITATION (IN)
  YESTERDAY        0.14          7.25 1999   0.17  -0.03     0.04
  MONTH TO DATE    0.71                      2.06  -1.35     0.56
  SINCE SEP 1      0.71                      2.06  -1.35     0.56
  SINCE JAN 1     32.17                     33.04  -0.87    32.91

SNOWFALL (IN)
  YESTERDAY       MM            MM      MM  MM     MM       MM
  MONTH TO DATE   MM                        MM     MM       MM
  SINCE SEP 1     MM                        MM     MM       MM
  SINCE JUL 1     MM                        MM     MM       MM
  SNOW DEPTH      MM

DEGREE DAYS
 HEATING
  YESTERDAY        1                         2     -1        2
  MONTH TO DATE   16                        10      6       23
  SINCE SEP 1     16                        10      6       23
  SINCE JUL 1     16                        13      3       23

 COOLING
  YESTERDAY        0                         3     -3        0
  MONTH TO DATE  110                        75     35       90
  SINCE SEP 1    110                        75     35       90
  SINCE JAN 1    893                       931    -38     1040
..................................................................


WIND (MPH)
  HIGHEST WIND SPEED    13   HIGHEST WIND DIRECTION     N (360)
  HIGHEST GUST SPEED    16   HIGHEST GUST DIRECTION     N (350)
  AVERAGE WIND SPEED     4.1


SKY COVER
  POSSIBLE SUNSHINE  MM
  AVERAGE SKY COVER 0.7


WEATHER CONDITIONS
 THE FOLLOWING WEATHER WAS RECORDED YESTERDAY.
  HEAVY RAIN
  RAIN
  LIGHT RAIN
  FOG


RELATIVE HUMIDITY (PERCENT)
 HIGHEST    93           500 AM
 LOWEST     46           200 PM
 AVERAGE    70

..........................................................


THE TRENTON NJ CLIMATE NORMALS FOR TODAY
                         NORMAL    RECORD    YEAR
 MAXIMUM TEMPERATURE (F)   76        93      1991
 MINIMUM TEMPERATURE (F)   56        38      1986


SUNRISE AND SUNSET
SEPTEMBER 17 2014.....SUNRISE   642 AM EDT   SUNSET   705 PM EDT
SEPTEMBER 18 2014.....SUNRISE   643 AM EDT   SUNSET   703 PM EDT


-  INDICATES NEGATIVE NUMBERS.
R  INDICATES RECORD WAS SET OR TIED.
MM INDICATES DATA IS MISSING.
T  INDICATES TRACE AMOUNT.




$$
