000
CDUS41 KPHI 030636
CLITTN


CLIMATE REPORT
NATIONAL WEATHER SERVICE MOUNT HOLLY NJ
132 AM EST TUE MAR 3 2015


...................................

...THE TRENTON NJ CLIMATE SUMMARY FOR MARCH 2 2015...

CLIMATE NORMAL PERIOD 1981 TO 2010
CLIMATE RECORD PERIOD 1865 TO 2015


WEATHER ITEM   OBSERVED TIME   RECORD YEAR NORMAL DEPARTURE LAST
                VALUE   (LST)  VALUE       VALUE  FROM      YEAR
                                                  NORMAL
..................................................................
TEMPERATURE (F)
 YESTERDAY
  MAXIMUM         39    416 PM  75    1972  46     -7       40
  MINIMUM         28   1159 PM  12    1980  28      0       29
                                      1962
                                      1925
  AVERAGE         34                        37     -3       35

PRECIPITATION (IN)
  YESTERDAY        T             1.57 2007   0.12  -0.12     0.04
  MONTH TO DATE    0.40                      0.23   0.17     0.04
  SINCE MAR 1      0.40                      0.23   0.17     0.04
  SINCE JAN 1      6.99                      5.70   1.29     7.70

SNOWFALL (IN)
  YESTERDAY       MM            MM      MM  MM     MM       MM
  MONTH TO DATE   MM                        MM     MM       MM
  SINCE MAR 1     MM                        MM     MM       MM
  SINCE JUL 1     MM                        MM     MM       MM
  SNOW DEPTH      MM

DEGREE DAYS
 HEATING
  YESTERDAY       31                        28      3       30
  MONTH TO DATE   73                        56     17       71
  SINCE MAR 1     73                        56     17       71
  SINCE JUL 1   4156                      3870    286     4157

 COOLING
  YESTERDAY        0                         0      0        0
  MONTH TO DATE    0                         0      0        0
  SINCE MAR 1      0                         0      0        0
  SINCE JAN 1      0                         0      0        0
..................................................................


WIND (MPH)
  HIGHEST WIND SPEED    22   HIGHEST WIND DIRECTION    NW (310)
  HIGHEST GUST SPEED    32   HIGHEST GUST DIRECTION     W (290)
  AVERAGE WIND SPEED     8.9


SKY COVER
  POSSIBLE SUNSHINE  MM
  AVERAGE SKY COVER 0.5


WEATHER CONDITIONS
 THE FOLLOWING WEATHER WAS RECORDED YESTERDAY.
  LIGHT SNOW
  FOG
  HAZE


RELATIVE HUMIDITY (PERCENT)
 HIGHEST    92           200 AM
 LOWEST     33           400 PM
 AVERAGE    63

..........................................................


THE TRENTON NJ CLIMATE NORMALS FOR TODAY
                         NORMAL    RECORD    YEAR
 MAXIMUM TEMPERATURE (F)   47        72      1991
 MINIMUM TEMPERATURE (F)   29         5      1868


SUNRISE AND SUNSET
MARCH  3 2015.........SUNRISE   630 AM EST   SUNSET   553 PM EST
MARCH  4 2015.........SUNRISE   629 AM EST   SUNSET   554 PM EST


-  INDICATES NEGATIVE NUMBERS.
R  INDICATES RECORD WAS SET OR TIED.
MM INDICATES DATA IS MISSING.
T  INDICATES TRACE AMOUNT.




$$
