000
CDUS41 KPHI 302130
CLITTN


CLIMATE REPORT
NATIONAL WEATHER SERVICE MOUNT HOLLY NJ
527 PM EDT FRI SEP 30 2016


...................................

...THE TRENTON NJ CLIMATE SUMMARY FOR SEPTEMBER 30 2016...
VALID TODAY AS OF 0500 PM LOCAL TIME.

CLIMATE NORMAL PERIOD 1981 TO 2010
CLIMATE RECORD PERIOD 1865 TO 2016


WEATHER ITEM   OBSERVED TIME   RECORD YEAR NORMAL DEPARTURE LAST
                VALUE   (LST)  VALUE       VALUE  FROM      YEAR
                                                  NORMAL
..................................................................
TEMPERATURE (F)
 TODAY
  MAXIMUM         62    253 PM  85    1986  71     -9       79
                                      1953
                                      1921
  MINIMUM         54    405 AM  35    1912  50      4       64
  AVERAGE         58                        60     -2       72

PRECIPITATION (IN)
  TODAY            0.26          1.50 1924   0.16   0.10     0.54
  MONTH TO DATE    2.38                      4.27  -1.89     3.36
  SINCE SEP 1      2.38                      4.27  -1.89     3.36
  SINCE JAN 1     27.18                     35.25  -8.07    29.48

SNOWFALL (IN)
  TODAY           MM            MM      MM  MM     MM       MM
  MONTH TO DATE   MM                        MM     MM       MM
  SINCE SEP 1     MM                        MM     MM       MM
  SINCE JUL 1     MM                        MM     MM       MM
  SNOW DEPTH      MM

DEGREE DAYS
 HEATING
  TODAY            7                         6      1        0
  MONTH TO DATE   28                        61    -33        6
  SINCE SEP 1     28                        62    -34        6
  SINCE JUL 1     28                        65    -37        6

 COOLING
  TODAY            0                         1     -1        7
  MONTH TO DATE  201                        99    102      206
  SINCE SEP 1    201                        99    102      206
  SINCE JAN 1   1352                       955    397     1267
..................................................................


WIND (MPH)
  HIGHEST WIND SPEED    22   HIGHEST WIND DIRECTION     E (70)
  HIGHEST GUST SPEED    29   HIGHEST GUST DIRECTION     E (70)
  AVERAGE WIND SPEED    14.6


SKY COVER
  POSSIBLE SUNSHINE  MM
  AVERAGE SKY COVER 1.0


WEATHER CONDITIONS
 THE FOLLOWING WEATHER WAS RECORDED TODAY.
  RAIN
  LIGHT RAIN
  FOG


RELATIVE HUMIDITY (PERCENT)
 HIGHEST    93           400 AM
 LOWEST     84           300 PM
 AVERAGE    89

..........................................................


THE TRENTON NJ CLIMATE NORMALS FOR TOMORROW
                         NORMAL    RECORD    YEAR
 MAXIMUM TEMPERATURE (F)   70        86      1927
                                             1897
 MINIMUM TEMPERATURE (F)   50        33      1993


SUNRISE AND SUNSET
SEPTEMBER 30 2016.....SUNRISE   655 AM EDT   SUNSET   642 PM EDT
OCTOBER  1 2016.......SUNRISE   656 AM EDT   SUNSET   641 PM EDT


-  INDICATES NEGATIVE NUMBERS.
R  INDICATES RECORD WAS SET OR TIED.
MM INDICATES DATA IS MISSING.
T  INDICATES TRACE AMOUNT.




$$
