000
CDUS44 KTSA 271049
CLITUL

CLIMATE REPORT
NATIONAL WEATHER SERVICE TULSA OK
1247 AM CST SAT DEC 27 2014


...................................

...THE TULSA OKLAHOMA CLIMATE SUMMARY FOR DECEMBER 26 2014...

CLIMATE NORMAL PERIOD 1981 TO 2010
CLIMATE RECORD PERIOD 1882 TO 2014


WEATHER ITEM   OBSERVED TIME   RECORD YEAR NORMAL DEPARTURE LAST
                VALUE   (LST)  VALUE       VALUE  FROM      YEAR
                                                  NORMAL
..................................................................
TEMPERATURE (F)
 YESTERDAY
  MAXIMUM         61   1238 PM  76    2008  47     14       51
  MINIMUM         44   1159 PM   9    1914  28     16       21
  AVERAGE         53                        38     15       36

PRECIPITATION (IN)
  YESTERDAY        T             0.97 1987   0.07  -0.07     0.00
  MONTH TO DATE    1.81                      2.16  -0.35     1.78
  SINCE DEC 1      1.81                      2.16  -0.35     1.78
  SINCE JAN 1     29.44                     40.64 -11.20    33.09

SNOWFALL (IN)
  YESTERDAY       MM                                         0.0
  MONTH TO DATE    T                                         5.0
  SINCE DEC 1      T                                         5.0
  SINCE JUL 1      0.4                                       5.0

DEGREE DAYS
 HEATING
  YESTERDAY       12                        27    -15       29
  MONTH TO DATE  520                       655   -135      775
  SINCE DEC 1    520                       655   -135      775
  SINCE JUL 1   1221                      1291    -70     1476
..................................................................


WIND (MPH)
  HIGHEST WIND SPEED    23   HIGHEST WIND DIRECTION     S (170)
  HIGHEST GUST SPEED    29   HIGHEST GUST DIRECTION     S (180)
  AVERAGE WIND SPEED    15.0


SKY COVER
  POSSIBLE SUNSHINE  MM
  AVERAGE SKY COVER 0.9


WEATHER CONDITIONS
 THE FOLLOWING WEATHER WAS RECORDED YESTERDAY.
  LIGHT RAIN
  FOG


RELATIVE HUMIDITY (PERCENT)
 HIGHEST    86           600 PM
 LOWEST     50          1200 AM
 AVERAGE    68

..........................................................


THE TULSA OKLAHOMA CLIMATE NORMALS FOR TODAY
                         NORMAL    RECORD    YEAR
 MAXIMUM TEMPERATURE (F)   47        77      1946
 MINIMUM TEMPERATURE (F)   28         8      1925


SUNRISE AND SUNSET
DECEMBER 27 2014......SUNRISE   733 AM CST   SUNSET   516 PM CST
DECEMBER 28 2014......SUNRISE   734 AM CST   SUNSET   517 PM CST


-  INDICATES NEGATIVE NUMBERS.
R  INDICATES RECORD WAS SET OR TIED.
MM INDICATES DATA IS MISSING.
T  INDICATES TRACE AMOUNT.




$$

&&
...........................................................

THE TULSA PRECIPITATION NORMALS FOR TODAY
                       NORMAL    RECORD      YEAR
  TODAY                 0.07      1.62       1943
  MONTH TO DATE         2.23
  YEAR TO DATE         40.71
...........................................................
ALL DATA MEASURED AT THE TULSA INTERNATIONAL AIRPORT...
EXCEPT SNOWFALL...WHICH IS MEASURED AT THE NWS OFFICE.
