000
CDUS44 KTSA 230650
CLITUL

CLIMATE REPORT
NATIONAL WEATHER SERVICE TULSA OK
147 AM CDT WED JUL 23 2014


...................................

...THE TULSA OKLAHOMA CLIMATE SUMMARY FOR JULY 22 2014...

CLIMATE NORMAL PERIOD 1981 TO 2010
CLIMATE RECORD PERIOD 1882 TO 2014


WEATHER ITEM   OBSERVED TIME   RECORD YEAR NORMAL DEPARTURE LAST
                VALUE   (LST)  VALUE       VALUE  FROM      YEAR
                                                  NORMAL
..................................................................
TEMPERATURE (F)
 YESTERDAY
  MAXIMUM         96    343 PM 109    1974  94      2       94
  MINIMUM         76    633 AM  57    1970  73      3       79
  AVERAGE         86                        83      3       87

PRECIPITATION (IN)
  YESTERDAY        0.00          3.12 1960   0.10  -0.10     0.06
  MONTH TO DATE    2.40                      2.50  -0.10     2.26
  SINCE JUN 1      7.07                      7.22  -0.15     3.95
  SINCE JAN 1     15.52                     23.72  -8.20    17.83

DEGREE DAYS
 COOLING
  YESTERDAY       21                        18      3       22
  MONTH TO DATE  284                       386   -102      380
  SINCE JUN 1    687                       765    -78      811
  SINCE JAN 1    958                       999    -41     1003
..................................................................


WIND (MPH)
  HIGHEST WIND SPEED    14   HIGHEST WIND DIRECTION     S (190)
  HIGHEST GUST SPEED    17   HIGHEST GUST DIRECTION     S (170)
  AVERAGE WIND SPEED     6.9


SKY COVER
  POSSIBLE SUNSHINE  MM
  AVERAGE SKY COVER 0.6


WEATHER CONDITIONS
 THE FOLLOWING WEATHER WAS RECORDED YESTERDAY.
  HAZE


RELATIVE HUMIDITY (PERCENT)
 HIGHEST    87           500 AM
 LOWEST     49           400 PM
 AVERAGE    68

..........................................................


THE TULSA OKLAHOMA CLIMATE NORMALS FOR TODAY
                         NORMAL    RECORD    YEAR
 MAXIMUM TEMPERATURE (F)   94       107      1936
                                             1934
 MINIMUM TEMPERATURE (F)   73        58      1970


SUNRISE AND SUNSET
JULY 23 2014..........SUNRISE   624 AM CDT   SUNSET   836 PM CDT
JULY 24 2014..........SUNRISE   624 AM CDT   SUNSET   835 PM CDT


-  INDICATES NEGATIVE NUMBERS.
R  INDICATES RECORD WAS SET OR TIED.
MM INDICATES DATA IS MISSING.
T  INDICATES TRACE AMOUNT.




$$

&&
...........................................................

THE TULSA PRECIPITATION NORMALS FOR TODAY
                       NORMAL    RECORD      YEAR
  TODAY                 0.10      1.95       2004
  MONTH TO DATE         2.60
  YEAR TO DATE         23.82
...........................................................
ALL DATA MEASURED AT THE TULSA INTERNATIONAL AIRPORT...
EXCEPT SNOWFALL...WHICH IS MEASURED AT THE NWS OFFICE.
