000
CDUS44 KTSA 050647
CLITUL

ZCZC OKCCLITUL



CLIMATE REPORT
NATIONAL WEATHER SERVICE TULSA OK
147 AM CDT SUN JUL 5 2015


...................................

...THE TULSA OKLAHOMA CLIMATE SUMMARY FOR JULY 4 2015...

CLIMATE NORMAL PERIOD 1981 TO 2010
CLIMATE RECORD PERIOD 1882 TO 2015


WEATHER ITEM   OBSERVED TIME   RECORD YEAR NORMAL DEPARTURE LAST
                VALUE   (LST)  VALUE       VALUE  FROM      YEAR
                                                  NORMAL
..................................................................
TEMPERATURE (F)
 YESTERDAY
  MAXIMUM         91    309 PM 108    1911  92     -1       89
  MINIMUM         69    547 AM  56    1924  72     -3       62
  AVERAGE         80                        82     -2       76

PRECIPITATION (IN)
  YESTERDAY        0.00          2.61 2007   0.13  -0.13     0.00
  MONTH TO DATE    0.66                      0.50   0.16     0.00
  SINCE JUN 1      5.43                      5.22   0.21     4.67
  SINCE JAN 1     30.33                     21.72   8.61    13.12

DEGREE DAYS
 COOLING
  YESTERDAY       15                        17     -2       11
  MONTH TO DATE   74                        67      7       42
  SINCE JUN 1    556                       446    110      445
  SINCE JAN 1    761                       680     81      716
..................................................................


WIND (MPH)
  HIGHEST WIND SPEED    13   HIGHEST WIND DIRECTION     S (180)
  HIGHEST GUST SPEED    17   HIGHEST GUST DIRECTION     S (180)
  AVERAGE WIND SPEED     5.3


SKY COVER
  POSSIBLE SUNSHINE  MM
  AVERAGE SKY COVER 0.3


WEATHER CONDITIONS
 THE FOLLOWING WEATHER WAS RECORDED YESTERDAY.
  FOG
  HAZE


RELATIVE HUMIDITY (PERCENT)
 HIGHEST   100           300 AM
 LOWEST     47           300 PM
 AVERAGE    74

..........................................................


THE TULSA OKLAHOMA CLIMATE NORMALS FOR TODAY
                         NORMAL    RECORD    YEAR
 MAXIMUM TEMPERATURE (F)   92       108      1911
 MINIMUM TEMPERATURE (F)   72        53      1915


SUNRISE AND SUNSET
JULY  5 2015..........SUNRISE   612 AM CDT   SUNSET   844 PM CDT
JULY  6 2015..........SUNRISE   612 AM CDT   SUNSET   844 PM CDT


-  INDICATES NEGATIVE NUMBERS.
R  INDICATES RECORD WAS SET OR TIED.
MM INDICATES DATA IS MISSING.
T  INDICATES TRACE AMOUNT.




$$

&&
...........................................................

THE TULSA PRECIPITATION NORMALS FOR TODAY
                       NORMAL    RECORD      YEAR
  TODAY                 0.12      1.55       1950
  MONTH TO DATE         0.62
  YEAR TO DATE         21.84
...........................................................
ALL DATA MEASURED AT THE TULSA INTERNATIONAL AIRPORT...
EXCEPT SNOWFALL...WHICH IS MEASURED AT THE NWS OFFICE.
