000
CDUS44 KTSA 260731
CLITUL

CLIMATE REPORT
NATIONAL WEATHER SERVICE TULSA OK
147 AM CDT TUE JUL 26 2016


...................................

...THE TULSA OKLAHOMA CLIMATE SUMMARY FOR JULY 25 2016...

CLIMATE NORMAL PERIOD 1981 TO 2010
CLIMATE RECORD PERIOD 1882 TO 2016


WEATHER ITEM   OBSERVED TIME   RECORD YEAR NORMAL DEPARTURE LAST
                VALUE   (LST)  VALUE       VALUE  FROM      YEAR
                                                  NORMAL
..................................................................
TEMPERATURE (F)
 YESTERDAY
  MAXIMUM         92    123 PM 108    1934  94     -2       97
  MINIMUM         81   1159 PM  54    1911  73      8       79
  AVERAGE         87                        84      3       88

PRECIPITATION (IN)
  YESTERDAY        T             2.34 1931   0.10  -0.10     0.00
  MONTH TO DATE    1.99                      2.80  -0.81     6.71
  SINCE JUN 1      2.76                      7.52  -4.76    11.48
  SINCE JAN 1     16.62                     24.02  -7.40    36.38

DEGREE DAYS
 COOLING
  YESTERDAY       22                        19      3       23
  MONTH TO DATE  523                       442     81      475
  SINCE JUN 1   1056                       821    235      957
  SINCE JAN 1   1260                      1055    205     1162
..................................................................


WIND (MPH)
  HIGHEST WIND SPEED    24   HIGHEST WIND DIRECTION    NE (40)
  HIGHEST GUST SPEED    32   HIGHEST GUST DIRECTION     N (10)
  AVERAGE WIND SPEED    10.1


SKY COVER
  POSSIBLE SUNSHINE  MM
  AVERAGE SKY COVER 0.6


WEATHER CONDITIONS
 THE FOLLOWING WEATHER WAS RECORDED YESTERDAY.
  LIGHT RAIN


RELATIVE HUMIDITY (PERCENT)
 HIGHEST    79          1100 PM
 LOWEST     59          1200 AM
 AVERAGE    69

..........................................................


THE TULSA OKLAHOMA CLIMATE NORMALS FOR TODAY
                         NORMAL    RECORD    YEAR
 MAXIMUM TEMPERATURE (F)   94       106      1978
                                             1934
 MINIMUM TEMPERATURE (F)   73        60      2004
                                             1905


SUNRISE AND SUNSET
JULY 26 2016..........SUNRISE   626 AM CDT   SUNSET   834 PM CDT
JULY 27 2016..........SUNRISE   627 AM CDT   SUNSET   833 PM CDT


-  INDICATES NEGATIVE NUMBERS.
R  INDICATES RECORD WAS SET OR TIED.
MM INDICATES DATA IS MISSING.
T  INDICATES TRACE AMOUNT.




$$

&&
...........................................................

THE TULSA PRECIPITATION NORMALS FOR TODAY
                       NORMAL    RECORD      YEAR
  TODAY                 0.09      1.81       1928
  MONTH TO DATE         2.89
  YEAR TO DATE         24.11
...........................................................
ALL DATA MEASURED AT THE TULSA INTERNATIONAL AIRPORT...
EXCEPT SNOWFALL...WHICH IS MEASURED AT THE NWS OFFICE.
