000
CDUS44 KTSA 282232
CLITUL

CLIMATE REPORT
NATIONAL WEATHER SERVICE TULSA OK
432 PM CST SAT FEB 28 2015


...................................

...THE TULSA OKLAHOMA CLIMATE SUMMARY FOR FEBRUARY 28 2015...
VALID TODAY AS OF 0400 PM LOCAL TIME.

CLIMATE NORMAL PERIOD 1981 TO 2010
CLIMATE RECORD PERIOD 1882 TO 2015


WEATHER ITEM   OBSERVED TIME   RECORD YEAR NORMAL DEPARTURE LAST
                VALUE   (LST)  VALUE       VALUE  FROM      YEAR
                                                  NORMAL
..................................................................
TEMPERATURE (F)
 TODAY
  MAXIMUM         27    259 PM  82    1972  57    -30       50
                                      1932
  MINIMUM         20    245 AM   6    1962  35    -15       37
  AVERAGE         24                        46    -22       44

PRECIPITATION (IN)
  TODAY            0.21          2.00 1987   0.08   0.13     0.04
  MONTH TO DATE    1.53                      1.85  -0.32     0.32
  SINCE DEC 1      4.25                      6.00  -1.75     2.23
  SINCE JAN 1      2.28                      3.51  -1.23     0.45

SNOWFALL (IN)
  TODAY            1.5                                       0.0
  MONTH TO DATE    6.1                                       3.9
  SINCE DEC 1      8.1                                      10.0
  SINCE JUL 1      8.5                                      10.0

DEGREE DAYS
 HEATING
  TODAY           41                        19     22       21
  MONTH TO DATE  805                       638    167      790
  SINCE DEC 1   2314                      2275     39     2600
  SINCE JUL 1   3015                      2911    104     3301
..................................................................


WIND (MPH)
  HIGHEST WIND SPEED     9   HIGHEST WIND DIRECTION    SE (130)
  HIGHEST GUST SPEED    11   HIGHEST GUST DIRECTION     E (110)
  AVERAGE WIND SPEED     5.2


SKY COVER
  POSSIBLE SUNSHINE  MM
  AVERAGE SKY COVER 1.0


WEATHER CONDITIONS
 THE FOLLOWING WEATHER WAS RECORDED TODAY.
  LT FREEZING RAIN
  SNOW
  LIGHT SNOW
  FOG


RELATIVE HUMIDITY (PERCENT)
 HIGHEST    96           900 AM
 LOWEST     77           300 AM
 AVERAGE    87

..........................................................


THE TULSA OKLAHOMA CLIMATE NORMALS FOR TOMORROW
                         NORMAL    RECORD    YEAR
 MAXIMUM TEMPERATURE (F)   58        93      2006
 MINIMUM TEMPERATURE (F)   36         9      1962


SUNRISE AND SUNSET
FEBRUARY 28 2015......SUNRISE   655 AM CST   SUNSET   617 PM CST
MARCH  1 2015.........SUNRISE   654 AM CST   SUNSET   618 PM CST


-  INDICATES NEGATIVE NUMBERS.
R  INDICATES RECORD WAS SET OR TIED.
MM INDICATES DATA IS MISSING.
T  INDICATES TRACE AMOUNT.




$$

&&
...........................................................

TULSA RECORD LOW MAX AND HIGH MIN TEMPERATURES FOR TOMORROW
                      RECORD        YEAR
  LOW MAXIMUM           26          1980
  HIGH MINIMUM          61          1932
...........................................................
ALL DATA MEASURED AT THE TULSA INTERNATIONAL AIRPORT...
EXCEPT SNOWFALL...WHICH IS MEASURED AT THE NWS OFFICE.
