000
CDUS44 KTSA 030708
CLITUL

CLIMATE REPORT
NATIONAL WEATHER SERVICE TULSA OK
147 AM CDT THU SEP 3 2015


...................................

...THE TULSA OKLAHOMA CLIMATE SUMMARY FOR SEPTEMBER 2 2015...

CLIMATE NORMAL PERIOD 1981 TO 2010
CLIMATE RECORD PERIOD 1882 TO 2015


WEATHER ITEM   OBSERVED TIME   RECORD YEAR NORMAL DEPARTURE LAST
                VALUE   (LST)  VALUE       VALUE  FROM      YEAR
                                                  NORMAL
..................................................................
TEMPERATURE (F)
 YESTERDAY
  MAXIMUM         92    413 PM 109    1939  90      2       84
  MINIMUM         72    628 AM  51    1974  68      4       68
  AVERAGE         82                        78      4       76

PRECIPITATION (IN)
  YESTERDAY        0.00          2.38 1934   0.14  -0.14     1.07
  MONTH TO DATE    0.00                      0.27  -0.27     1.09
  SINCE SEP 1      0.00                      0.27  -0.27     1.09
  SINCE JAN 1     41.55                     27.75  13.80    19.61

DEGREE DAYS
 HEATING
  YESTERDAY        0                         0      0        0
  MONTH TO DATE    0                         0      0        0
  SINCE SEP 1      0                         0      0        0
  SINCE JUL 1      0                         0      0        1

 COOLING
  YESTERDAY       17                        14      3       11
  MONTH TO DATE   34                        28      6       29
  SINCE SEP 1     34                        28      6       29
  SINCE JAN 1   1773                      1729     44     1682
..................................................................


WIND (MPH)
  HIGHEST WIND SPEED    17   HIGHEST WIND DIRECTION    SE (140)
  HIGHEST GUST SPEED    22   HIGHEST GUST DIRECTION    SE (150)
  AVERAGE WIND SPEED     9.4


SKY COVER
  POSSIBLE SUNSHINE  MM
  AVERAGE SKY COVER 0.3


WEATHER CONDITIONS
 THE FOLLOWING WEATHER WAS RECORDED YESTERDAY.
  NO SIGNIFICANT WEATHER WAS OBSERVED.


RELATIVE HUMIDITY (PERCENT)
 HIGHEST    84           700 AM
 LOWEST     47           300 PM
 AVERAGE    66

..........................................................


THE TULSA OKLAHOMA CLIMATE NORMALS FOR TODAY
                         NORMAL    RECORD    YEAR
 MAXIMUM TEMPERATURE (F)   89       109      1939
 MINIMUM TEMPERATURE (F)   67        47      1974


SUNRISE AND SUNSET
SEPTEMBER  3 2015.....SUNRISE   657 AM CDT   SUNSET   749 PM CDT
SEPTEMBER  4 2015.....SUNRISE   657 AM CDT   SUNSET   747 PM CDT


-  INDICATES NEGATIVE NUMBERS.
R  INDICATES RECORD WAS SET OR TIED.
MM INDICATES DATA IS MISSING.
T  INDICATES TRACE AMOUNT.




$$

&&
...........................................................

THE TULSA PRECIPITATION NORMALS FOR TODAY
                       NORMAL    RECORD      YEAR
  TODAY                 0.13      3.27       1962
  MONTH TO DATE         0.40
  YEAR TO DATE         27.88
...........................................................
ALL DATA MEASURED AT THE TULSA INTERNATIONAL AIRPORT...
EXCEPT SNOWFALL...WHICH IS MEASURED AT THE NWS OFFICE.
