000
CDUS44 KTSA 300647
CLITUL

CLIMATE REPORT
NATIONAL WEATHER SERVICE TULSA OK
147 AM CDT MON MAR 30 2015


...................................

...THE TULSA OKLAHOMA CLIMATE SUMMARY FOR MARCH 29 2015...

CLIMATE NORMAL PERIOD 1981 TO 2010
CLIMATE RECORD PERIOD 1882 TO 2015


WEATHER ITEM   OBSERVED TIME   RECORD YEAR NORMAL DEPARTURE LAST
                VALUE   (LST)  VALUE       VALUE  FROM      YEAR
                                                  NORMAL
..................................................................
TEMPERATURE (F)
 YESTERDAY
  MAXIMUM         71    434 PM  90    1967  67      4       66
                                      1963
  MINIMUM         42    616 AM  24    1944  44     -2       31
  AVERAGE         57                        55      2       49

PRECIPITATION (IN)
  YESTERDAY        0.00          2.15 1918   0.11  -0.11     0.00
  MONTH TO DATE    3.71                      3.05   0.66     2.36
  SINCE MAR 1      3.71                      3.05   0.66     2.36
  SINCE JAN 1      6.03                      6.56  -0.53     2.81

SNOWFALL (IN)
  YESTERDAY        0.0                                       0.0
  MONTH TO DATE    0.3                                       2.4
  SINCE MAR 1      0.3                                       2.4
  SINCE JUL 1      8.5                                      12.4

DEGREE DAYS
 HEATING
  YESTERDAY        8                        10     -2       16
  MONTH TO DATE  376                       417    -41      557
  SINCE MAR 1    376                       417    -41      557
  SINCE JUL 1   3391                      3328     63     3858

 COOLING
  YESTERDAY        0                         1     -1        0
  MONTH TO DATE    5                         8     -3        1
  SINCE MAR 1      5                         8     -3        1
  SINCE JAN 1      5                         9     -4        1
..................................................................


WIND (MPH)
  HIGHEST WIND SPEED    23   HIGHEST WIND DIRECTION     S (170)
  HIGHEST GUST SPEED    30   HIGHEST GUST DIRECTION     S (170)
  AVERAGE WIND SPEED     8.8


SKY COVER
  POSSIBLE SUNSHINE  MM
  AVERAGE SKY COVER 0.3


WEATHER CONDITIONS
 THE FOLLOWING WEATHER WAS RECORDED YESTERDAY.
  NO SIGNIFICANT WEATHER WAS OBSERVED.


RELATIVE HUMIDITY (PERCENT)
 HIGHEST    76           200 AM
 LOWEST     37           400 PM
 AVERAGE    57

..........................................................


THE TULSA OKLAHOMA CLIMATE NORMALS FOR TODAY
                         NORMAL    RECORD    YEAR
 MAXIMUM TEMPERATURE (F)   67        86      1981
 MINIMUM TEMPERATURE (F)   44        21      1964


SUNRISE AND SUNSET
MARCH 30 2015.........SUNRISE   713 AM CDT   SUNSET   744 PM CDT
MARCH 31 2015.........SUNRISE   712 AM CDT   SUNSET   745 PM CDT


-  INDICATES NEGATIVE NUMBERS.
R  INDICATES RECORD WAS SET OR TIED.
MM INDICATES DATA IS MISSING.
T  INDICATES TRACE AMOUNT.




$$

&&
...........................................................

THE TULSA PRECIPITATION NORMALS FOR TODAY
                       NORMAL    RECORD      YEAR
  TODAY                 0.12      1.78       1973
  MONTH TO DATE         3.17
  YEAR TO DATE          6.68
...........................................................
ALL DATA MEASURED AT THE TULSA INTERNATIONAL AIRPORT...
EXCEPT SNOWFALL...WHICH IS MEASURED AT THE NWS OFFICE.
