000
CDUS44 KMEG 012252
CLITUP


CLIMATE REPORT
NATIONAL WEATHER SERVICE MEMPHIS TN
451 PM CST SUN FEB 1 2015


...................................

...THE TUPELO CLIMATE SUMMARY FOR FEBRUARY 1 2015...
VALID TODAY AS OF 0400 PM LOCAL TIME.

CLIMATE NORMAL PERIOD 1981 TO 2010
CLIMATE RECORD PERIOD 1930 TO 2015


WEATHER ITEM   OBSERVED TIME   RECORD YEAR NORMAL DEPARTURE LAST
                VALUE   (LST)  VALUE       VALUE  FROM      YEAR
                                                  NORMAL
..................................................................
TEMPERATURE (F)
 TODAY
  MAXIMUM         57    445 PM  79    1989  53      4       67
  MINIMUM         46    813 AM  -3    1936  33     13       40
  AVERAGE         52                        43      9       54

PRECIPITATION (IN)
  TODAY            0.23          2.25 1957   0.16   0.07     0.00
  MONTH TO DATE    0.23                      0.16   0.07     0.00
  SINCE DEC 1      9.55                     10.92  -1.37     7.95
  SINCE JAN 1      4.47                      4.64  -0.17     1.77

SNOWFALL (IN)
  TODAY            0.0

DEGREE DAYS
 HEATING
  TODAY           13                        22     -9       11
  MONTH TO DATE   13                        22     -9       11
  SINCE DEC 1   1313                      1396    -83     1595
  SINCE JUL 1   1950                      1918     32     2218

 COOLING
  TODAY            0                         0      0        0
  MONTH TO DATE    0                         0      0        0
  SINCE DEC 1      0                         3     -3        9
  SINCE JAN 1      0                         1     -1        0
..................................................................


WIND (MPH)
  HIGHEST WIND SPEED    24   HIGHEST WIND DIRECTION    SW (210)
  HIGHEST GUST SPEED    30   HIGHEST GUST DIRECTION    SW (210)
  AVERAGE WIND SPEED    13.6


SKY COVER
  POSSIBLE SUNSHINE  MM
  AVERAGE SKY COVER 0.9


WEATHER CONDITIONS
 THE FOLLOWING WEATHER WAS RECORDED TODAY.
  LIGHT RAIN
  FOG


RELATIVE HUMIDITY (PERCENT)
 HIGHEST    93          1000 AM
 LOWEST     39          1200 AM
 AVERAGE    66

..........................................................


THE TUPELO CLIMATE NORMALS FOR TOMORROW
                         NORMAL    RECORD    YEAR
 MAXIMUM TEMPERATURE (F)   54        77      1989
 MINIMUM TEMPERATURE (F)   33        -1      1951


SUNRISE AND SUNSET
FEBRUARY  1 2015......SUNRISE   653 AM CST   SUNSET   525 PM CST
FEBRUARY  2 2015......SUNRISE   652 AM CST   SUNSET   526 PM CST


-  INDICATES NEGATIVE NUMBERS.
R  INDICATES RECORD WAS SET OR TIED.
MM INDICATES DATA IS MISSING.
T  INDICATES TRACE AMOUNT.




$$
