225
CDUS44 KMEG 250640
CLITUP


CLIMATE REPORT
NATIONAL WEATHER SERVICE MEMPHIS TN
140 AM CDT THU MAY 25 2017


...................................

...THE TUPELO CLIMATE SUMMARY FOR MAY 24 2017...

CLIMATE NORMAL PERIOD 1981 TO 2010
CLIMATE RECORD PERIOD 1930 TO 2017


WEATHER ITEM   OBSERVED TIME   RECORD YEAR NORMAL DEPARTURE LAST
                VALUE   (LST)  VALUE       VALUE  FROM      YEAR
                                                  NORMAL
..................................................................
TEMPERATURE (F)
 YESTERDAY
  MAXIMUM         69    236 PM  94    1958  84    -15       89
  MINIMUM         54   1159 PM  44    1931  62     -8       60
  AVERAGE         62                        73    -11       75

PRECIPITATION (IN)
  YESTERDAY        0.99          1.78 1997   0.17   0.82     0.00
  MONTH TO DATE    2.61                      4.42  -1.81     0.90
  SINCE MAR 1     12.21                     14.02  -1.81    14.64
  SINCE JAN 1     20.68                     23.46  -2.78    21.81

SNOWFALL (IN)
  YESTERDAY        0.0          MM      MM   0.0    0.0      0.0
  MONTH TO DATE    0.0                       0.0    0.0      0.0
  SINCE MAR 1      T                         0.3   -0.3      0.0
  SINCE JUL 1      T                         2.1   -2.1       T
  SNOW DEPTH       0

DEGREE DAYS
 HEATING
  YESTERDAY        3                         0      3        0
  MONTH TO DATE   26                        23      3       21
  SINCE MAR 1    367                       524   -157      345
  SINCE JUL 1   1985                      2955   -970     2282

 COOLING
  YESTERDAY        0                         8     -8       10
  MONTH TO DATE  118                       137    -19       97
  SINCE MAR 1    263                       211     52      187
  SINCE JAN 1    275                       213     62      187
..................................................................


WIND (MPH)
  HIGHEST WIND SPEED    22   HIGHEST WIND DIRECTION    NW (320)
  HIGHEST GUST SPEED    29   HIGHEST GUST DIRECTION    NW (320)
  AVERAGE WIND SPEED     6.3


SKY COVER
  POSSIBLE SUNSHINE  MM
  AVERAGE SKY COVER 0.8


WEATHER CONDITIONS
 THE FOLLOWING WEATHER WAS RECORDED YESTERDAY.
  THUNDERSTORM
  HEAVY RAIN
  RAIN
  LIGHT RAIN
  FOG


RELATIVE HUMIDITY (PERCENT)
 HIGHEST    93           200 AM
 LOWEST     67          1100 AM
 AVERAGE    80

..........................................................


THE TUPELO CLIMATE NORMALS FOR TODAY
                         NORMAL    RECORD    YEAR
 MAXIMUM TEMPERATURE (F)   84        95      1941
 MINIMUM TEMPERATURE (F)   62        37      1979


SUNRISE AND SUNSET
MAY 25 2017...........SUNRISE   547 AM CDT   SUNSET   758 PM CDT
MAY 26 2017...........SUNRISE   546 AM CDT   SUNSET   758 PM CDT


-  INDICATES NEGATIVE NUMBERS.
R  INDICATES RECORD WAS SET OR TIED.
MM INDICATES DATA IS MISSING.
T  INDICATES TRACE AMOUNT.




$$
