000
CDUS44 KMEG 232145
CLITUP


CLIMATE REPORT
NATIONAL WEATHER SERVICE MEMPHIS TN
445 PM CDT MON MAY 23 2016


...................................

...THE TUPELO CLIMATE SUMMARY FOR MAY 23 2016...
VALID TODAY AS OF 0400 PM LOCAL TIME.

CLIMATE NORMAL PERIOD 1981 TO 2010
CLIMATE RECORD PERIOD 1930 TO 2016


WEATHER ITEM   OBSERVED TIME   RECORD YEAR NORMAL DEPARTURE LAST
                VALUE   (LST)  VALUE       VALUE  FROM      YEAR
                                                  NORMAL
..................................................................
TEMPERATURE (F)
 TODAY
  MAXIMUM         85    251 PM  95    1941  84      1       85
  MINIMUM         53    501 AM  45    1963  62     -9       55
  AVERAGE         69                        73     -4       70

PRECIPITATION (IN)
  TODAY            0.00          1.74 1946   0.18  -0.18     0.00
  MONTH TO DATE    0.90                      4.25  -3.35     2.68
  SINCE MAR 1     14.64                     13.85   0.79    16.84
  SINCE JAN 1     21.81                     23.29  -1.48    26.00

SNOWFALL (IN)
  TODAY            0.0

DEGREE DAYS
 HEATING
  TODAY            0                         0      0        0
  MONTH TO DATE   21                        23     -2       21
  SINCE MAR 1    345                       524   -179      435
  SINCE JUL 1   2282                      2955   -673     3153

 COOLING
  TODAY            4                         8     -4        5
  MONTH TO DATE   87                       129    -42      151
  SINCE MAR 1    177                       203    -26      227
  SINCE JAN 1    177                       205    -28      227
..................................................................


WIND (MPH)
  HIGHEST WIND SPEED    12   HIGHEST WIND DIRECTION    SW (220)
  HIGHEST GUST SPEED    14   HIGHEST GUST DIRECTION     S (170)
  AVERAGE WIND SPEED     2.5


SKY COVER
  POSSIBLE SUNSHINE  MM
  AVERAGE SKY COVER 0.0


WEATHER CONDITIONS
 THE FOLLOWING WEATHER WAS RECORDED TODAY.
  NO SIGNIFICANT WEATHER WAS OBSERVED.


RELATIVE HUMIDITY (PERCENT)
 HIGHEST    89           400 AM
 LOWEST     27           100 PM
 AVERAGE    58

..........................................................


THE TUPELO CLIMATE NORMALS FOR TOMORROW
                         NORMAL    RECORD    YEAR
 MAXIMUM TEMPERATURE (F)   84        94      1958
 MINIMUM TEMPERATURE (F)   62        44      1931


SUNRISE AND SUNSET
MAY 23 2016...........SUNRISE   548 AM CDT   SUNSET   756 PM CDT
MAY 24 2016...........SUNRISE   547 AM CDT   SUNSET   757 PM CDT


-  INDICATES NEGATIVE NUMBERS.
R  INDICATES RECORD WAS SET OR TIED.
MM INDICATES DATA IS MISSING.
T  INDICATES TRACE AMOUNT.




$$
