000
CDUS44 KMEG 290732
CLITUP


CLIMATE REPORT
NATIONAL WEATHER SERVICE MEMPHIS TN
131 AM CST MON DEC 29 2014


...................................

...THE TUPELO CLIMATE SUMMARY FOR DECEMBER 28 2014...

CLIMATE NORMAL PERIOD 1981 TO 2010
CLIMATE RECORD PERIOD 1930 TO 2014


WEATHER ITEM   OBSERVED TIME   RECORD YEAR NORMAL DEPARTURE LAST
                VALUE   (LST)  VALUE       VALUE  FROM      YEAR
                                                  NORMAL
..................................................................
TEMPERATURE (F)
 YESTERDAY
  MAXIMUM         55   1209 AM  72    1984  52      3       44
  MINIMUM         42   1159 PM  12    1978  32     10       35
  AVERAGE         49                        42      7       40

PRECIPITATION (IN)
  YESTERDAY        0.39          4.05 1954   0.17   0.22     0.62
  MONTH TO DATE    5.07                      5.77  -0.70     6.11
  SINCE DEC 1      5.07                      5.77  -0.70     6.11
  SINCE JAN 1     57.07                     54.50   2.57    52.98

SNOWFALL (IN)
  YESTERDAY        0.0           0.2  1935   0.0    0.0      0.0
  MONTH TO DATE    0.0                       0.2   -0.2       T
  SINCE DEC 1      0.0                       0.2   -0.2       T
  SINCE JUL 1      0.0                       0.2   -0.2       T
  SNOW DEPTH       0

DEGREE DAYS
 HEATING
  YESTERDAY       16                        23     -7       25
  MONTH TO DATE  483                       582    -99      600
  SINCE DEC 1    483                       582    -99      600
  SINCE JUL 1   1120                      1104     16     1223

 COOLING
  YESTERDAY        0                         0      0        0
  MONTH TO DATE    0                         0      0        9
  SINCE DEC 1      0                         0      0        9
  SINCE JAN 1   1974                      2044    -70     2036
..................................................................


WIND (MPH)
  HIGHEST WIND SPEED    17   HIGHEST WIND DIRECTION     N (20)
  HIGHEST GUST SPEED    22   HIGHEST GUST DIRECTION     N (10)
  AVERAGE WIND SPEED     9.1


SKY COVER
  POSSIBLE SUNSHINE  MM
  AVERAGE SKY COVER 0.9


WEATHER CONDITIONS
 THE FOLLOWING WEATHER WAS RECORDED YESTERDAY.
  LIGHT RAIN
  FOG


RELATIVE HUMIDITY (PERCENT)
 HIGHEST    93           200 AM
 LOWEST     86          1200 PM
 AVERAGE    90

..........................................................


THE TUPELO CLIMATE NORMALS FOR TODAY
                         NORMAL    RECORD    YEAR
 MAXIMUM TEMPERATURE (F)   52        73      1984
 MINIMUM TEMPERATURE (F)   32        12      1983


SUNRISE AND SUNSET
DECEMBER 29 2014......SUNRISE   700 AM CST   SUNSET   454 PM CST
DECEMBER 30 2014......SUNRISE   701 AM CST   SUNSET   455 PM CST


-  INDICATES NEGATIVE NUMBERS.
R  INDICATES RECORD WAS SET OR TIED.
MM INDICATES DATA IS MISSING.
T  INDICATES TRACE AMOUNT.




$$
