000
CDUS44 KMEG 220738
CLITUP


CLIMATE REPORT
NATIONAL WEATHER SERVICE MEMPHIS TN
138 AM CST WED NOV 22 2017


...................................

...THE TUPELO CLIMATE SUMMARY FOR NOVEMBER 21 2017...

CLIMATE NORMAL PERIOD 1981 TO 2010
CLIMATE RECORD PERIOD 1930 TO 2017


WEATHER ITEM   OBSERVED TIME   RECORD YEAR NORMAL DEPARTURE LAST
                VALUE   (LST)  VALUE       VALUE  FROM      YEAR
                                                  NORMAL
..................................................................
TEMPERATURE (F)
 YESTERDAY
  MAXIMUM         60    157 PM  77    1933  62     -2       61
  MINIMUM         31    651 AM  16    1981  40     -9       26
  AVERAGE         46                        51     -5       44

PRECIPITATION (IN)
  YESTERDAY        0.00          2.02 1973   0.19  -0.19     0.00
  MONTH TO DATE    1.44                      2.99  -1.55     0.80
  SINCE SEP 1      5.14                     10.55  -5.41     1.67
  SINCE JAN 1     41.19                     47.02  -5.83    37.52

SNOWFALL (IN)
  YESTERDAY        0.0           T    1933   0.0    0.0      0.0
  MONTH TO DATE    0.0                       0.0    0.0      0.0
  SINCE SEP 1      0.0                       0.0    0.0      0.0
  SINCE JUL 1      0.0                       0.0    0.0      0.0
  SNOW DEPTH       0

DEGREE DAYS
 HEATING
  YESTERDAY       19                        14      5       21
  MONTH TO DATE  210                       231    -21      154
  SINCE SEP 1    348                       379    -31      176
  SINCE JUL 1    348                       379    -31      176

 COOLING
  YESTERDAY        0                         0      0        0
  MONTH TO DATE   29                         9     20       25
  SINCE SEP 1    435                       370     65      616
  SINCE JAN 1   2133                      2042     91     2539
..................................................................


WIND (MPH)
  HIGHEST WIND SPEED    12   HIGHEST WIND DIRECTION     S (160)
  HIGHEST GUST SPEED    15   HIGHEST GUST DIRECTION    SE (140)
  AVERAGE WIND SPEED     3.1


SKY COVER
  POSSIBLE SUNSHINE  MM
  AVERAGE SKY COVER 0.0


WEATHER CONDITIONS
 THE FOLLOWING WEATHER WAS RECORDED YESTERDAY.
  NO SIGNIFICANT WEATHER WAS OBSERVED.


RELATIVE HUMIDITY (PERCENT)
 HIGHEST    86          1100 PM
 LOWEST     37           200 PM
 AVERAGE    62

..........................................................


THE TUPELO CLIMATE NORMALS FOR TODAY
                         NORMAL    RECORD    YEAR
 MAXIMUM TEMPERATURE (F)   61        79      1931
 MINIMUM TEMPERATURE (F)   40        15      1964


SUNRISE AND SUNSET
NOVEMBER 22 2017......SUNRISE   635 AM CST   SUNSET   447 PM CST
NOVEMBER 23 2017......SUNRISE   636 AM CST   SUNSET   447 PM CST


-  INDICATES NEGATIVE NUMBERS.
R  INDICATES RECORD WAS SET OR TIED.
MM INDICATES DATA IS MISSING.
T  INDICATES TRACE AMOUNT.




$$
