000
CDUS44 KMEG 202246
CLITUP


CLIMATE REPORT
NATIONAL WEATHER SERVICE MEMPHIS TN
446 PM CST TUE FEB 20 2018


...................................

...THE TUPELO CLIMATE SUMMARY FOR FEBRUARY 20 2018...
VALID TODAY AS OF 0400 PM LOCAL TIME.

CLIMATE NORMAL PERIOD 1981 TO 2010
CLIMATE RECORD PERIOD 1930 TO 2018


WEATHER ITEM   OBSERVED TIME   RECORD YEAR NORMAL DEPARTURE LAST
                VALUE   (LST)  VALUE       VALUE  FROM      YEAR
                                                  NORMAL
..................................................................
TEMPERATURE (F)
 TODAY
  MAXIMUM         75    259 PM  78    1986  58     17       77
  MINIMUM         65    751 AM  13    1978  37     28       46
  AVERAGE         70                        47     23       62

PRECIPITATION (IN)
  TODAY            0.00          3.54 1989   0.19  -0.19     0.00
  MONTH TO DATE    6.95                      3.42   3.53     1.09
  SINCE DEC 1     16.78                     14.18   2.60    11.76
  SINCE JAN 1     10.32                      7.90   2.42     6.86

SNOWFALL (IN)
  TODAY            0.0

DEGREE DAYS
 HEATING
  TODAY            0                        18    -18        3
  MONTH TO DATE  317                       403    -86      247
  SINCE DEC 1   1803                      1777     26     1266
  SINCE JUL 1   2293                      2299     -6     1560

 COOLING
  TODAY            5                         0      5        0
  MONTH TO DATE   11                         0     11        0
  SINCE DEC 1     11                         3      8       15
  SINCE JAN 1     11                         1     10        8
..................................................................


WIND (MPH)
  HIGHEST WIND SPEED    21   HIGHEST WIND DIRECTION     S (160)
  HIGHEST GUST SPEED    27   HIGHEST GUST DIRECTION    SE (140)
  AVERAGE WIND SPEED    12.4


SKY COVER
  POSSIBLE SUNSHINE  MM
  AVERAGE SKY COVER 0.8


WEATHER CONDITIONS
 THE FOLLOWING WEATHER WAS RECORDED TODAY.
  NO SIGNIFICANT WEATHER WAS OBSERVED.


RELATIVE HUMIDITY (PERCENT)
 HIGHEST    87           400 AM
 LOWEST     60           400 PM
 AVERAGE    74

..........................................................


THE TUPELO CLIMATE NORMALS FOR TOMORROW
                         NORMAL    RECORD    YEAR
 MAXIMUM TEMPERATURE (F)   58        77      2007
                                             1981
 MINIMUM TEMPERATURE (F)   37        14      1977


SUNRISE AND SUNSET
FEBRUARY 20 2018......SUNRISE   635 AM CST   SUNSET   543 PM CST
FEBRUARY 21 2018......SUNRISE   633 AM CST   SUNSET   544 PM CST


-  INDICATES NEGATIVE NUMBERS.
R  INDICATES RECORD WAS SET OR TIED.
MM INDICATES DATA IS MISSING.
T  INDICATES TRACE AMOUNT.




$$
