000
CDUS44 KMEG 020641
CLITUP


CLIMATE REPORT
NATIONAL WEATHER SERVICE MEMPHIS TN
140 AM CDT THU OCT 2 2014


...................................

...THE TUPELO CLIMATE SUMMARY FOR OCTOBER 1 2014...

CLIMATE NORMAL PERIOD 1981 TO 2010
CLIMATE RECORD PERIOD 1930 TO 2014


WEATHER ITEM   OBSERVED TIME   RECORD YEAR NORMAL DEPARTURE LAST
                VALUE   (LST)  VALUE       VALUE  FROM      YEAR
                                                  NORMAL
..................................................................
TEMPERATURE (F)
 YESTERDAY
  MAXIMUM         89    224 PM  95    1941  80      9       84
  MINIMUM         60    556 AM  38    1972  56      4       64
  AVERAGE         75                        68      7       74

PRECIPITATION (IN)
  YESTERDAY        0.00          1.40 1988   0.13  -0.13     0.00
                                      1969
  MONTH TO DATE    0.00                      0.13  -0.13     0.00
  SINCE SEP 1      3.23                      3.57  -0.34     3.08
  SINCE JAN 1     39.16                     40.04  -0.88    40.36

SNOWFALL (IN)
  YESTERDAY        0.0           0.0  2002   0.0    0.0      0.0
                                      2001
  MONTH TO DATE    0.0                       0.0    0.0      0.0
  SINCE SEP 1      0.0                       0.0    0.0      0.0
  SINCE JUL 1      0.0                       0.0    0.0      0.0
  SNOW DEPTH       0

DEGREE DAYS
 HEATING
  YESTERDAY        0                         2     -2        0
  MONTH TO DATE    0                         2     -2        0
  SINCE SEP 1      1                        14    -13        0
  SINCE JUL 1      1                        14    -13        0

 COOLING
  YESTERDAY       10                         5      5        9
  MONTH TO DATE   10                         5      5        9
  SINCE SEP 1    333                       291     42      340
  SINCE JAN 1   1880                      1963    -83     1935
..................................................................


WIND (MPH)
  HIGHEST WIND SPEED    13   HIGHEST WIND DIRECTION     S (170)
  HIGHEST GUST SPEED    18   HIGHEST GUST DIRECTION     S (200)
  AVERAGE WIND SPEED     3.8


SKY COVER
  POSSIBLE SUNSHINE  MM
  AVERAGE SKY COVER 0.0


WEATHER CONDITIONS
 THE FOLLOWING WEATHER WAS RECORDED YESTERDAY.
  NO SIGNIFICANT WEATHER WAS OBSERVED.


RELATIVE HUMIDITY (PERCENT)
 HIGHEST    93           300 AM
 LOWEST     34           400 PM
 AVERAGE    64

..........................................................


THE TUPELO CLIMATE NORMALS FOR TODAY
                         NORMAL    RECORD    YEAR
 MAXIMUM TEMPERATURE (F)   80        92      1986
                                             1954
 MINIMUM TEMPERATURE (F)   56        37      1984


SUNRISE AND SUNSET
OCTOBER  2 2014.......SUNRISE   650 AM CDT   SUNSET   638 PM CDT
OCTOBER  3 2014.......SUNRISE   651 AM CDT   SUNSET   637 PM CDT


-  INDICATES NEGATIVE NUMBERS.
R  INDICATES RECORD WAS SET OR TIED.
MM INDICATES DATA IS MISSING.
T  INDICATES TRACE AMOUNT.




$$
