000
CDUS44 KMEG 302157
CLITUP


CLIMATE REPORT
NATIONAL WEATHER SERVICE MEMPHIS TN
457 PM CDT TUE JUN 30 2015


...................................

...THE TUPELO CLIMATE SUMMARY FOR JUNE 30 2015...
VALID TODAY AS OF 0400 PM LOCAL TIME.

CLIMATE NORMAL PERIOD 1981 TO 2010
CLIMATE RECORD PERIOD 1930 TO 2015


WEATHER ITEM   OBSERVED TIME   RECORD YEAR NORMAL DEPARTURE LAST
                VALUE   (LST)  VALUE       VALUE  FROM      YEAR
                                                  NORMAL
..................................................................
TEMPERATURE (F)
 TODAY
  MAXIMUM         82    259 PM 104    2012  91     -9       92
  MINIMUM         69    748 AM  56    1974  70     -1       75
  AVERAGE         76                        81     -5       84

PRECIPITATION (IN)
  TODAY            0.03          3.67 1995   0.15  -0.12     0.00
  MONTH TO DATE    3.38                      4.52  -1.14     8.34
  SINCE JUN 1      3.38                      4.52  -1.14     8.34
  SINCE JAN 1     35.79                     29.12   6.67    28.51

SNOWFALL (IN)
  TODAY            0.0

DEGREE DAYS
 HEATING
  TODAY            0                         0      0        0
  MONTH TO DATE    0                         0      0        0
  SINCE JUN 1      0                         0      0        0
  SINCE JUL 1   3153                      2956    197     3465

 COOLING
  TODAY           11                        16     -5       19
  MONTH TO DATE  433                       395     38      420
  SINCE JUN 1    433                       395     38      420
  SINCE JAN 1    738                       672     66      694
..................................................................


WIND (MPH)
  HIGHEST WIND SPEED    15   HIGHEST WIND DIRECTION     S (200)
  HIGHEST GUST SPEED    19   HIGHEST GUST DIRECTION     S (200)
  AVERAGE WIND SPEED     6.0


SKY COVER
  POSSIBLE SUNSHINE  MM
  AVERAGE SKY COVER 0.4


WEATHER CONDITIONS
 THE FOLLOWING WEATHER WAS RECORDED TODAY.
  THUNDERSTORM
  LIGHT RAIN
  FOG


RELATIVE HUMIDITY (PERCENT)
 HIGHEST    93          1200 AM
 LOWEST     65           200 PM
 AVERAGE    79

..........................................................


THE TUPELO CLIMATE NORMALS FOR TOMORROW
                         NORMAL    RECORD    YEAR
 MAXIMUM TEMPERATURE (F)   91       104      1954
 MINIMUM TEMPERATURE (F)   71        50      1937


SUNRISE AND SUNSET
JUNE 30 2015..........SUNRISE   546 AM CDT   SUNSET   811 PM CDT
JULY  1 2015..........SUNRISE   547 AM CDT   SUNSET   811 PM CDT


-  INDICATES NEGATIVE NUMBERS.
R  INDICATES RECORD WAS SET OR TIED.
MM INDICATES DATA IS MISSING.
T  INDICATES TRACE AMOUNT.




$$
