000
CDUS45 KTWC 150027
CLITUS

CLIMATE REPORT
NATIONAL WEATHER SERVICE TUCSON AZ
527 PM MST SUN SEP 14 2014


...................................

...THE TUCSON AZ CLIMATE SUMMARY FOR SEPTEMBER 14 2014...
VALID TODAY AS OF 0500 PM LOCAL TIME.

CLIMATE NORMAL PERIOD 1981 TO 2010
CLIMATE RECORD PERIOD 1895 TO 2014


WEATHER ITEM   OBSERVED TIME   RECORD YEAR NORMAL DEPARTURE LAST
                VALUE   (LST)  VALUE       VALUE  FROM      YEAR
                                                  NORMAL
..................................................................
TEMPERATURE (F)
 TODAY
  MAXIMUM         96    409 PM 107    2000  95      1       99
  MINIMUM         75    645 AM  50    1900  70      5       78
  AVERAGE         86                        82      4       89

PRECIPITATION (IN)
  TODAY            0.00          1.30 1911   0.05  -0.05     0.00
  MONTH TO DATE    2.45                      0.70   1.75     0.63
  SINCE OCT 1      9.43                     11.00  -1.57     6.69
  SINCE JAN 1      6.38                      8.61  -2.23     5.48

DEGREE DAYS
 HEATING
  TODAY            0                         0      0        0
  MONTH TO DATE    0                         0      0        0
  SINCE SEP 1      0                         0      0        0
  SINCE JUL 1      0                         0      0        0

 COOLING
  TODAY           21                        17      4       24
  MONTH TO DATE  269                       263      6      273
  SINCE SEP 1    269                       263      6      273
  SINCE JAN 1   2960                      2673    287     3147
..................................................................


WIND (MPH)
  HIGHEST WIND SPEED    28   HIGHEST WIND DIRECTION    SE (130)
  HIGHEST GUST SPEED    34   HIGHEST GUST DIRECTION    SE (130)
  AVERAGE WIND SPEED    12.7


SKY COVER
  POSSIBLE SUNSHINE  MM
  AVERAGE SKY COVER 0.0


WEATHER CONDITIONS
 THE FOLLOWING WEATHER WAS RECORDED TODAY.
  NO SIGNIFICANT WEATHER WAS OBSERVED.


RELATIVE HUMIDITY (PERCENT)
 HIGHEST    50
 LOWEST     28
 AVERAGE    39

..........................................................


THE TUCSON AZ CLIMATE NORMALS FOR TOMORROW
                         NORMAL    RECORD    YEAR
 MAXIMUM TEMPERATURE (F)   95       105      1928
 MINIMUM TEMPERATURE (F)   69        52      1930


SUNRISE AND SUNSET
SEPTEMBER 14 2014.....SUNRISE   607 AM MST   SUNSET   631 PM MST
SEPTEMBER 15 2014.....SUNRISE   608 AM MST   SUNSET   630 PM MST


-  INDICATES NEGATIVE NUMBERS.
R  INDICATES RECORD WAS SET OR TIED.
MM INDICATES DATA IS MISSING.
T  INDICATES TRACE AMOUNT.




$$
