000
CDUS45 KTWC 240730
CLITUS

CLIMATE REPORT
NATIONAL WEATHER SERVICE TUCSON AZ
1230 AM MST THU JUL 24 2014


...................................

...THE TUCSON AZ CLIMATE SUMMARY FOR JULY 23 2014...

CLIMATE NORMAL PERIOD 1981 TO 2010
CLIMATE RECORD PERIOD 1895 TO 2014


WEATHER ITEM   OBSERVED TIME   RECORD YEAR NORMAL DEPARTURE LAST
                VALUE   (LST)  VALUE       VALUE  FROM      YEAR
                                                  NORMAL
..................................................................
TEMPERATURE (F)
 YESTERDAY
  MAXIMUM        106    437 PM 109    1987  99      7       96
  MINIMUM         86    514 AM  62    1913  75     11       73
  AVERAGE         96                        87      9       85

PRECIPITATION (IN)
  YESTERDAY        T             0.98 1941   0.09  -0.09     0.00
  MONTH TO DATE    1.41                      1.50  -0.09     2.57
  SINCE OCT 1      5.07                      7.16  -2.09     5.55
  SINCE JAN 1      2.02                      4.77  -2.75     4.34

DEGREE DAYS
 HEATING
  YESTERDAY        0                         0      0        0
  MONTH TO DATE    0                         0      0        0
  SINCE JUN 1      0                         0      0        0
  SINCE JUL 1      0                         0      0        0

 COOLING
  YESTERDAY       31                        22      9       20
  MONTH TO DATE  533                       518     15      538
  SINCE JUN 1   1258                      1112    146     1279
  SINCE JAN 1   1861                      1614    247     1990
..................................................................


WIND (MPH)
  HIGHEST WIND SPEED    31   HIGHEST WIND DIRECTION     E (110)
  HIGHEST GUST SPEED    40   HIGHEST GUST DIRECTION     E (110)
  AVERAGE WIND SPEED    12.7


SKY COVER
  POSSIBLE SUNSHINE  MM
  AVERAGE SKY COVER 0.2


WEATHER CONDITIONS
 THE FOLLOWING WEATHER WAS RECORDED YESTERDAY.
  THUNDERSTORM


RELATIVE HUMIDITY (PERCENT)
 HIGHEST    43
 LOWEST     17
 AVERAGE    30

..........................................................


THE TUCSON AZ CLIMATE NORMALS FOR TODAY
                         NORMAL    RECORD    YEAR
 MAXIMUM TEMPERATURE (F)   98       109      1987
 MINIMUM TEMPERATURE (F)   75        62      1913


SUNRISE AND SUNSET
JULY 24 2014..........SUNRISE   534 AM MST   SUNSET   726 PM MST
JULY 25 2014..........SUNRISE   534 AM MST   SUNSET   726 PM MST


-  INDICATES NEGATIVE NUMBERS.
R  INDICATES RECORD WAS SET OR TIED.
MM INDICATES DATA IS MISSING.
T  INDICATES TRACE AMOUNT.




$$
