000
CDUS45 KTWC 280032
CLITUS

CLIMATE REPORT
NATIONAL WEATHER SERVICE TUCSON AZ
530 PM MST THU AUG 27 2015


...................................

...THE TUCSON AZ CLIMATE SUMMARY FOR AUGUST 27 2015...
VALID TODAY AS OF 0500 PM LOCAL TIME.

CLIMATE NORMAL PERIOD 1981 TO 2010
CLIMATE RECORD PERIOD 1895 TO 2015


WEATHER ITEM   OBSERVED TIME   RECORD YEAR NORMAL DEPARTURE LAST
                VALUE   (LST)  VALUE       VALUE  FROM      YEAR
                                                  NORMAL
..................................................................
TEMPERATURE (F)
 TODAY
  MAXIMUM        101    335 PM 108    2011  98      3       96
  MINIMUM         75    537 AM  60    1900  73      2       73
  AVERAGE         88                        85      3       85

PRECIPITATION (IN)
  TODAY            0.00          0.97 1999   0.07  -0.07     0.00
  MONTH TO DATE    1.51                      2.13  -0.62     1.89
  SINCE OCT 1     11.35                     10.04   1.31     6.98
  SINCE JAN 1      7.85                      7.65   0.20     3.93

DEGREE DAYS
 HEATING
  TODAY            0                         0      0        0
  MONTH TO DATE    0                         0      0        0
  SINCE JUN 1      0                         0      0        0
  SINCE JUL 1      0                         0      0        0

 COOLING
  TODAY           23                        20      3       20
  MONTH TO DATE  656                       546    110      542
  SINCE JUN 1   2070                      1823    247     1997
  SINCE JAN 1   2584                      2325    259     2600
..................................................................


WIND (MPH)
  HIGHEST WIND SPEED    15   HIGHEST WIND DIRECTION    SE (140)
  HIGHEST GUST SPEED    17   HIGHEST GUST DIRECTION     S (180)
  AVERAGE WIND SPEED     6.0


SKY COVER
  POSSIBLE SUNSHINE  MM
  AVERAGE SKY COVER 0.0


WEATHER CONDITIONS
 THE FOLLOWING WEATHER WAS RECORDED TODAY.
  NO SIGNIFICANT WEATHER WAS OBSERVED.


RELATIVE HUMIDITY (PERCENT)
 HIGHEST    64
 LOWEST     22
 AVERAGE    43

..........................................................


THE TUCSON AZ CLIMATE NORMALS FOR TOMORROW
                         NORMAL    RECORD    YEAR
 MAXIMUM TEMPERATURE (F)   98       107      1998
 MINIMUM TEMPERATURE (F)   73        59      1900


SUNRISE AND SUNSET
AUGUST 27 2015........SUNRISE   556 AM MST   SUNSET   654 PM MST
AUGUST 28 2015........SUNRISE   556 AM MST   SUNSET   653 PM MST


-  INDICATES NEGATIVE NUMBERS.
R  INDICATES RECORD WAS SET OR TIED.
MM INDICATES DATA IS MISSING.
T  INDICATES TRACE AMOUNT.




$$
