000
CDUS45 KTWC 020734
CLITUS

CLIMATE REPORT
NATIONAL WEATHER SERVICE TUCSON AZ
1231 AM MST MON MAR 2 2015


...................................

...THE TUCSON AZ CLIMATE SUMMARY FOR MARCH 1 2015...

CLIMATE NORMAL PERIOD 1981 TO 2010
CLIMATE RECORD PERIOD 1895 TO 2015


WEATHER ITEM   OBSERVED TIME   RECORD YEAR NORMAL DEPARTURE LAST
                VALUE   (LST)  VALUE       VALUE  FROM      YEAR
                                                  NORMAL
..................................................................
TEMPERATURE (F)
 YESTERDAY
  MAXIMUM         76    315 PM  87    1986  71      5       69
  MINIMUM         53    714 AM  25    1909  44      9       53
  AVERAGE         65                        57      8       61

PRECIPITATION (IN)
  YESTERDAY        0.00          0.47 1968   0.03  -0.03     0.45
  MONTH TO DATE    0.00                      0.03  -0.03     0.45
  SINCE OCT 1      6.45                      4.22   2.23     3.51
  SINCE JAN 1      2.95                      1.83   1.12     0.46

DEGREE DAYS
 HEATING
  YESTERDAY        0                         8     -8        4
  MONTH TO DATE    0                         8     -8        4
  SINCE MAR 1      0                         8     -8        4
  SINCE JUL 1    842                      1275   -433      837

 COOLING
  YESTERDAY        0                         0      0        0
  MONTH TO DATE    0                         0      0        0
  SINCE MAR 1      0                         0      0        0
  SINCE JAN 1      8                         4      4       24
..................................................................


WIND (MPH)
  HIGHEST WIND SPEED    20   HIGHEST WIND DIRECTION     S (200)
  HIGHEST GUST SPEED    27   HIGHEST GUST DIRECTION     E (90)
  AVERAGE WIND SPEED     7.7


SKY COVER
  POSSIBLE SUNSHINE  MM
  AVERAGE SKY COVER 0.1


WEATHER CONDITIONS
 THE FOLLOWING WEATHER WAS RECORDED YESTERDAY.
  NO SIGNIFICANT WEATHER WAS OBSERVED.


RELATIVE HUMIDITY (PERCENT)
 HIGHEST    66
 LOWEST     27
 AVERAGE    47

..........................................................


THE TUCSON AZ CLIMATE NORMALS FOR TODAY
                         NORMAL    RECORD    YEAR
 MAXIMUM TEMPERATURE (F)   71        91      2009
                                             1910
 MINIMUM TEMPERATURE (F)   44        24      1971
                                             1906


SUNRISE AND SUNSET
MARCH  2 2015.........SUNRISE   650 AM MST   SUNSET   622 PM MST
MARCH  3 2015.........SUNRISE   649 AM MST   SUNSET   623 PM MST


-  INDICATES NEGATIVE NUMBERS.
R  INDICATES RECORD WAS SET OR TIED.
MM INDICATES DATA IS MISSING.
T  INDICATES TRACE AMOUNT.




$$
