722
CDUS45 KTWC 230028
CLITUS

CLIMATE REPORT
NATIONAL WEATHER SERVICE TUCSON AZ
527 PM MST MON MAY 22 2017


...................................

...THE TUCSON AZ CLIMATE SUMMARY FOR MAY 22 2017...
VALID TODAY AS OF 0500 PM LOCAL TIME.

CLIMATE NORMAL PERIOD 1981 TO 2010
CLIMATE RECORD PERIOD 1895 TO 2017


WEATHER ITEM   OBSERVED TIME   RECORD YEAR NORMAL DEPARTURE LAST
                VALUE   (LST)  VALUE       VALUE  FROM      YEAR
                                                  NORMAL
..................................................................
TEMPERATURE (F)
 TODAY
  MAXIMUM         99    405 PM 109    2005  94      5       90
  MINIMUM         64    557 AM  43    1902  62      2       60
  AVERAGE         82                        78      4       75

PRECIPITATION (IN)
  TODAY            0.00          0.25 1919   0.01  -0.01     0.00
  MONTH TO DATE    0.02                      0.16  -0.14     0.00
  SINCE OCT 1      3.29                      5.39  -2.10     5.41
  SINCE JAN 1      1.61                      3.00  -1.39     2.53

DEGREE DAYS
 HEATING
  TODAY            0                         0      0        0
  MONTH TO DATE    8                         3      5        0
  SINCE MAR 1     71                       242   -171       89
  SINCE JUL 1    952                      1509   -557     1217

 COOLING
  TODAY           17                        13      4       10
  MONTH TO DATE  205                       218    -13      223
  SINCE MAR 1    555                       368    187      438
  SINCE JAN 1    564                       372    192      472
..................................................................


WIND (MPH)
  HIGHEST WIND SPEED    20   HIGHEST WIND DIRECTION     N (10)
  HIGHEST GUST SPEED    30   HIGHEST GUST DIRECTION     N (360)
  AVERAGE WIND SPEED     6.6


SKY COVER
  POSSIBLE SUNSHINE  MM
  AVERAGE SKY COVER 0.0


WEATHER CONDITIONS
 THE FOLLOWING WEATHER WAS RECORDED TODAY.
  NO SIGNIFICANT WEATHER WAS OBSERVED.


RELATIVE HUMIDITY (PERCENT)
 HIGHEST    24
 LOWEST      5
 AVERAGE    15

..........................................................


THE TUCSON AZ CLIMATE NORMALS FOR TOMORROW
                         NORMAL    RECORD    YEAR
 MAXIMUM TEMPERATURE (F)   94       106      1984
 MINIMUM TEMPERATURE (F)   62        44      1927


SUNRISE AND SUNSET
MAY 22 2017...........SUNRISE   522 AM MST   SUNSET   719 PM MST
MAY 23 2017...........SUNRISE   521 AM MST   SUNSET   720 PM MST


-  INDICATES NEGATIVE NUMBERS.
R  INDICATES RECORD WAS SET OR TIED.
MM INDICATES DATA IS MISSING.
T  INDICATES TRACE AMOUNT.




$$
