000
CDUS45 KTWC 310731
CLITUS

CLIMATE REPORT
NATIONAL WEATHER SERVICE TUCSON AZ
1230 AM MST FRI JUL 31 2015


...................................

...THE TUCSON AZ CLIMATE SUMMARY FOR JULY 30 2015...

CLIMATE NORMAL PERIOD 1981 TO 2010
CLIMATE RECORD PERIOD 1895 TO 2015


WEATHER ITEM   OBSERVED TIME   RECORD YEAR NORMAL DEPARTURE LAST
                VALUE   (LST)  VALUE       VALUE  FROM      YEAR
                                                  NORMAL
..................................................................
TEMPERATURE (F)
 YESTERDAY
  MAXIMUM         99    426 PM 109    1986  98      1      105
                                      1957
                                      1943
  MINIMUM         74    501 AM  64    1919  74      0       80
                                      1903
  AVERAGE         87                        86      1       93

PRECIPITATION (IN)
  YESTERDAY        0.00          1.08 1964   0.10  -0.10     0.00
  MONTH TO DATE    2.07                      2.15  -0.08     1.43
  SINCE OCT 1      9.83                      7.81   2.02     5.09
  SINCE JAN 1      6.33                      5.42   0.91     2.04

DEGREE DAYS
 HEATING
  YESTERDAY        0                         0      0        0
  MONTH TO DATE    0                         0      0        0
  SINCE JUN 1      0                         0      0        0
  SINCE JUL 1      0                         0      0        0

 COOLING
  YESTERDAY       22                        21      1       28
  MONTH TO DATE  677                       665     12      705
  SINCE JUN 1   1390                      1259    131     1430
  SINCE JAN 1   1904                      1761    143     2033
..................................................................


WIND (MPH)
  HIGHEST WIND SPEED    16   HIGHEST WIND DIRECTION    SE (130)
  HIGHEST GUST SPEED    24   HIGHEST GUST DIRECTION     S (160)
  AVERAGE WIND SPEED     6.4


SKY COVER
  POSSIBLE SUNSHINE  MM
  AVERAGE SKY COVER 0.0


WEATHER CONDITIONS
 THE FOLLOWING WEATHER WAS RECORDED YESTERDAY.
  THUNDERSTORM


RELATIVE HUMIDITY (PERCENT)
 HIGHEST    74
 LOWEST     22
 AVERAGE    48

..........................................................


THE TUCSON AZ CLIMATE NORMALS FOR TODAY
                         NORMAL    RECORD    YEAR
 MAXIMUM TEMPERATURE (F)   98       111      1986
 MINIMUM TEMPERATURE (F)   74        66      2006
                                             1955
                                             1921


SUNRISE AND SUNSET
JULY 31 2015..........SUNRISE   538 AM MST   SUNSET   722 PM MST
AUGUST  1 2015........SUNRISE   539 AM MST   SUNSET   721 PM MST


-  INDICATES NEGATIVE NUMBERS.
R  INDICATES RECORD WAS SET OR TIED.
MM INDICATES DATA IS MISSING.
T  INDICATES TRACE AMOUNT.




$$
