593
CDUS45 KTWC 300729
CLITUS

CLIMATE REPORT
NATIONAL WEATHER SERVICE TUCSON AZ
1229 AM MST SAT APR 30 2016


...................................

...THE TUCSON AZ CLIMATE SUMMARY FOR APRIL 29 2016...

CLIMATE NORMAL PERIOD 1981 TO 2010
CLIMATE RECORD PERIOD 1895 TO 2016


WEATHER ITEM   OBSERVED TIME   RECORD YEAR NORMAL DEPARTURE LAST
                VALUE   (LST)  VALUE       VALUE  FROM      YEAR
                                                  NORMAL
..................................................................
TEMPERATURE (F)
 YESTERDAY
  MAXIMUM         76    440 PM 102    1992  86    -10       89
  MINIMUM         50    614 AM  36    1970  56     -6       66
  AVERAGE         63                        71     -8       78

PRECIPITATION (IN)
  YESTERDAY        0.00          0.20 1951   0.00   0.00     0.00
  MONTH TO DATE    0.71                      0.30   0.41     0.16
  SINCE OCT 1      5.41                      5.22   0.19     7.11
  SINCE JAN 1      2.53                      2.83  -0.30     3.61

DEGREE DAYS
 HEATING
  YESTERDAY        2                         1      1        0
  MONTH TO DATE   22                        59    -37       13
  SINCE MAR 1     89                       238   -149       60
  SINCE JUL 1   1217                      1505   -288      902

 COOLING
  YESTERDAY        0                         7     -7       13
  MONTH TO DATE  134                       114     20      130
  SINCE MAR 1    212                       143     69      223
  SINCE JAN 1    246                       147     99      231
..................................................................


WIND (MPH)
  HIGHEST WIND SPEED    18   HIGHEST WIND DIRECTION     W (280)
  HIGHEST GUST SPEED    26   HIGHEST GUST DIRECTION     W (280)
  AVERAGE WIND SPEED     7.0


SKY COVER
  POSSIBLE SUNSHINE  MM
  AVERAGE SKY COVER 0.2


WEATHER CONDITIONS
 THE FOLLOWING WEATHER WAS RECORDED YESTERDAY.
  NO SIGNIFICANT WEATHER WAS OBSERVED.


RELATIVE HUMIDITY (PERCENT)
 HIGHEST    46
 LOWEST     18
 AVERAGE    32

..........................................................


THE TUCSON AZ CLIMATE NORMALS FOR TODAY
                         NORMAL    RECORD    YEAR
 MAXIMUM TEMPERATURE (F)   86       102      1943
 MINIMUM TEMPERATURE (F)   56        36      1899


SUNRISE AND SUNSET
APRIL 30 2016.........SUNRISE   538 AM MST   SUNSET   704 PM MST
MAY  1 2016...........SUNRISE   537 AM MST   SUNSET   705 PM MST


-  INDICATES NEGATIVE NUMBERS.
R  INDICATES RECORD WAS SET OR TIED.
MM INDICATES DATA IS MISSING.
T  INDICATES TRACE AMOUNT.




$$
