000
CDUS45 KTWC 230732
CLITUS

CLIMATE REPORT
NATIONAL WEATHER SERVICE TUCSON AZ
1231 AM MST FRI JUN 23 2017


...................................

...THE TUCSON AZ CLIMATE SUMMARY FOR JUNE 22 2017...

CLIMATE NORMAL PERIOD 1981 TO 2010
CLIMATE RECORD PERIOD 1895 TO 2017


WEATHER ITEM   OBSERVED TIME   RECORD YEAR NORMAL DEPARTURE LAST
                VALUE   (LST)  VALUE       VALUE  FROM      YEAR
                                                  NORMAL
..................................................................
TEMPERATURE (F)
 YESTERDAY
  MAXIMUM        109    459 PM 114    1988 102      7      109
  MINIMUM         86    617 AM  55    1907  71     15       79
  AVERAGE         98                        86     12       94

PRECIPITATION (IN)
  YESTERDAY        0.00          0.53 1950   0.00   0.00     0.00
  MONTH TO DATE    0.00                      0.09  -0.09     0.20
  SINCE OCT 1      3.29                      5.55  -2.26     5.61
  SINCE JAN 1      1.61                      3.16  -1.55     2.73

DEGREE DAYS
 HEATING
  YESTERDAY        0                         0      0        0
  MONTH TO DATE    0                         0      0        0
  SINCE JUN 1      0                         0      0        0
  SINCE JUL 1    952                      1511   -559     1217

 COOLING
  YESTERDAY       33                        21     12       29
  MONTH TO DATE  513                       415     98      520
  SINCE JUN 1    513                       415     98      520
  SINCE JAN 1   1246                       917    329     1087
..................................................................


WIND (MPH)
  HIGHEST WIND SPEED    21   HIGHEST WIND DIRECTION     W (280)
  HIGHEST GUST SPEED    28   HIGHEST GUST DIRECTION     W (270)
  AVERAGE WIND SPEED     8.9


SKY COVER
  POSSIBLE SUNSHINE  MM
  AVERAGE SKY COVER 0.0


WEATHER CONDITIONS
 THE FOLLOWING WEATHER WAS RECORDED YESTERDAY.
  NO SIGNIFICANT WEATHER WAS OBSERVED.


RELATIVE HUMIDITY (PERCENT)
 HIGHEST    39
 LOWEST     10
 AVERAGE    25

..........................................................


THE TUCSON AZ CLIMATE NORMALS FOR TODAY
                         NORMAL    RECORD    YEAR
 MAXIMUM TEMPERATURE (F)  102       113      1988
 MINIMUM TEMPERATURE (F)   72        57      1916
                                             1907


SUNRISE AND SUNSET
JUNE 23 2017..........SUNRISE   518 AM MST   SUNSET   734 PM MST
JUNE 24 2017..........SUNRISE   519 AM MST   SUNSET   734 PM MST


-  INDICATES NEGATIVE NUMBERS.
R  INDICATES RECORD WAS SET OR TIED.
MM INDICATES DATA IS MISSING.
T  INDICATES TRACE AMOUNT.




$$
