000
CDUS43 KAPX 310529
CLITVC


CLIMATE REPORT
NATIONAL WEATHER SERVICE GAYLORD MI
129 AM EDT WED AUG 31 2016


...................................

...THE TRAVERSE CITY MI CLIMATE SUMMARY FOR AUGUST 30 2016...

CLIMATE NORMAL PERIOD 1981 TO 2010
CLIMATE RECORD PERIOD 1896 TO 2016


WEATHER ITEM   OBSERVED TIME   RECORD YEAR NORMAL DEPARTURE LAST
                VALUE   (LST)  VALUE       VALUE  FROM      YEAR
                                                  NORMAL
..................................................................
TEMPERATURE (F)
 YESTERDAY
  MAXIMUM         87    242 PM  93    1969  76     11       79
  MINIMUM         67    416 AM  39    1976  55     12       57
  AVERAGE         77                        65     12       68

PRECIPITATION (IN)
  YESTERDAY        T             1.48 1941   0.11  -0.11     0.00
  MONTH TO DATE    3.67                      3.27   0.40     2.08
  SINCE JUN 1      7.88                      9.45  -1.57     5.17
  SINCE JAN 1     17.74                     21.00  -3.26    11.65

DEGREE DAYS
 HEATING
  YESTERDAY        0                         2     -2        0
  MONTH TO DATE    0                        37    -37       19
  SINCE JUN 1     73                       177   -104      135
  SINCE JUL 1      9                        65    -56       47

 COOLING
  YESTERDAY       12                         3      9        3
  MONTH TO DATE  263                       114    149      168
  SINCE JUN 1    605                       347    258      389
  SINCE JAN 1    655                       367    288      424
..................................................................


WIND (MPH)
  HIGHEST WIND SPEED    15   HIGHEST WIND DIRECTION     W (280)
  HIGHEST GUST SPEED    20   HIGHEST GUST DIRECTION     W (270)
  AVERAGE WIND SPEED     6.0




RELATIVE HUMIDITY (PERCENT)
 HIGHEST    90
 LOWEST     51
 AVERAGE    71

..........................................................


THE TRAVERSE CITY MI CLIMATE NORMALS FOR TODAY
                         NORMAL    RECORD    YEAR
 MAXIMUM TEMPERATURE (F)   76        95      1937
 MINIMUM TEMPERATURE (F)   55        39      1931


SUNRISE AND SUNSET
AUGUST 31 2016........SUNRISE   704 AM EDT   SUNSET   820 PM EDT
SEPTEMBER  1 2016.....SUNRISE   705 AM EDT   SUNSET   818 PM EDT


-  INDICATES NEGATIVE NUMBERS.
R  INDICATES RECORD WAS SET OR TIED.
MM INDICATES DATA IS MISSING.
T  INDICATES TRACE AMOUNT.




$$
