000
CDUS43 KAPX 260530
CLITVC


CLIMATE REPORT
NATIONAL WEATHER SERVICE GAYLORD MI
128 AM EDT THU MAY 26 2016


...................................

...THE TRAVERSE CITY MI CLIMATE SUMMARY FOR MAY 25 2016...

CLIMATE NORMAL PERIOD 1981 TO 2010
CLIMATE RECORD PERIOD 1896 TO 2016


WEATHER ITEM   OBSERVED TIME   RECORD YEAR NORMAL DEPARTURE LAST
                VALUE   (LST)  VALUE       VALUE  FROM      YEAR
                                                  NORMAL
..................................................................
TEMPERATURE (F)
 YESTERDAY
  MAXIMUM         77    502 PM  89    2010  69      8       78
  MINIMUM         50    505 AM  28    1992  45      5       58
  AVERAGE         64                        57      7       68

PRECIPITATION (IN)
  YESTERDAY        0.01          0.94 1989   0.08  -0.07     0.89
  MONTH TO DATE    0.53                      2.08  -1.55     2.37
  SINCE MAR 1      6.09                      6.72  -0.63     4.30
  SINCE JAN 1      8.88                     11.04  -2.16     5.08

DEGREE DAYS
 HEATING
  YESTERDAY        1                         9     -8        0
  MONTH TO DATE  298                       321    -23      249
  SINCE MAR 1   1857                      2048   -191     1982
  SINCE JUL 1   6167                      7388  -1221     7714

 COOLING
  YESTERDAY        0                         1     -1        3
  MONTH TO DATE    8                         8      0       22
  SINCE MAR 1      8                        11     -3       22
  SINCE JAN 1      8                        11     -3       22
..................................................................


WIND (MPH)
  HIGHEST WIND SPEED    15   HIGHEST WIND DIRECTION     E (110)
  HIGHEST GUST SPEED    20   HIGHEST GUST DIRECTION    SE (120)
  AVERAGE WIND SPEED     3.8




RELATIVE HUMIDITY (PERCENT)
 HIGHEST    96
 LOWEST     50
 AVERAGE    73

..........................................................


THE TRAVERSE CITY MI CLIMATE NORMALS FOR TODAY
                         NORMAL    RECORD    YEAR
 MAXIMUM TEMPERATURE (F)   69        89      1978
 MINIMUM TEMPERATURE (F)   45        27      1969


SUNRISE AND SUNSET
MAY 26 2016...........SUNRISE   603 AM EDT   SUNSET   916 PM EDT
MAY 27 2016...........SUNRISE   603 AM EDT   SUNSET   917 PM EDT


-  INDICATES NEGATIVE NUMBERS.
R  INDICATES RECORD WAS SET OR TIED.
MM INDICATES DATA IS MISSING.
T  INDICATES TRACE AMOUNT.




$$
