000
CDUS43 KAPX 280537
CLITVC


CLIMATE REPORT
NATIONAL WEATHER SERVICE GAYLORD MI
137 AM EDT SAT MAR 28 2015


...................................

...THE TRAVERSE CITY MI CLIMATE SUMMARY FOR MARCH 27 2015...

CLIMATE NORMAL PERIOD 1981 TO 2010
CLIMATE RECORD PERIOD 1896 TO 2015


WEATHER ITEM   OBSERVED TIME   RECORD YEAR NORMAL DEPARTURE LAST
                VALUE   (LST)  VALUE       VALUE  FROM      YEAR
                                                  NORMAL
..................................................................
TEMPERATURE (F)
 YESTERDAY
  MAXIMUM         21    137 AM  81    1945  45    -24       39
  MINIMUM         13   1150 AM  -7    1965  25    -12       28
  AVERAGE         17                        35    -18       34

PRECIPITATION (IN)
  YESTERDAY        T             0.96 1991   0.06  -0.06     0.47
  MONTH TO DATE    0.40                      1.58  -1.18     0.79
  SINCE MAR 1      0.40                      1.58  -1.18     0.79
  SINCE JAN 1      1.18                      5.90  -4.72     2.21

DEGREE DAYS
 HEATING
  YESTERDAY       48                        30     18       31
  MONTH TO DATE  955                       946      9     1215
  SINCE MAR 1    955                       946      9     1215
  SINCE JUL 1   6687                      6286    401     6937

 COOLING
  YESTERDAY        0                         0      0        0
  MONTH TO DATE    0                         0      0        0
  SINCE MAR 1      0                         0      0        0
  SINCE JAN 1      0                         0      0        0
..................................................................


WIND (MPH)
  HIGHEST WIND SPEED    17   HIGHEST WIND DIRECTION     N (20)
  HIGHEST GUST SPEED    23   HIGHEST GUST DIRECTION    NE (40)
  AVERAGE WIND SPEED     9.3




RELATIVE HUMIDITY (PERCENT)
 HIGHEST    73
 LOWEST     49
 AVERAGE    61

..........................................................


THE TRAVERSE CITY MI CLIMATE NORMALS FOR TODAY
                         NORMAL    RECORD    YEAR
 MAXIMUM TEMPERATURE (F)   45        78      1946
 MINIMUM TEMPERATURE (F)   26        -1      1923


SUNRISE AND SUNSET
MARCH 28 2015.........SUNRISE   731 AM EDT   SUNSET   805 PM EDT
MARCH 29 2015.........SUNRISE   729 AM EDT   SUNSET   806 PM EDT


-  INDICATES NEGATIVE NUMBERS.
R  INDICATES RECORD WAS SET OR TIED.
MM INDICATES DATA IS MISSING.
T  INDICATES TRACE AMOUNT.




$$
