000
CDUS43 KAPX 240537
CLITVC


CLIMATE REPORT
NATIONAL WEATHER SERVICE GAYLORD MI
137 AM EDT SUN MAY 24 2015


...................................

...THE TRAVERSE CITY MI CLIMATE SUMMARY FOR MAY 23 2015...

CLIMATE NORMAL PERIOD 1981 TO 2010
CLIMATE RECORD PERIOD 1896 TO 2015


WEATHER ITEM   OBSERVED TIME   RECORD YEAR NORMAL DEPARTURE LAST
                VALUE   (LST)  VALUE       VALUE  FROM      YEAR
                                                  NORMAL
..................................................................
TEMPERATURE (F)
 YESTERDAY
  MAXIMUM         77    416 PM  90    1975  68      9       67
  MINIMUM         35    352 AM  24    1963  44     -9       46
  AVERAGE         56                        56      0       57

PRECIPITATION (IN)
  YESTERDAY        0.00          0.60 1993   0.08  -0.08     0.00
  MONTH TO DATE    0.82                      1.91  -1.09     3.18
  SINCE MAR 1      2.75                      6.55  -3.80     8.26
  SINCE JAN 1      3.53                     10.87  -7.34     9.68

DEGREE DAYS
 HEATING
  YESTERDAY        9                        10     -1        8
  MONTH TO DATE  249                       302    -53      297
  SINCE MAR 1   1982                      2029    -47     2329
  SINCE JUL 1   7714                      7369    345     8051

 COOLING
  YESTERDAY        0                         1     -1        0
  MONTH TO DATE   16                         6     10        0
  SINCE MAR 1     16                         9      7        0
  SINCE JAN 1     16                         9      7        0
..................................................................


WIND (MPH)
  HIGHEST WIND SPEED    21   HIGHEST WIND DIRECTION     W (270)
  HIGHEST GUST SPEED    29   HIGHEST GUST DIRECTION     W (270)
  AVERAGE WIND SPEED     6.9




RELATIVE HUMIDITY (PERCENT)
 HIGHEST    76
 LOWEST     22
 AVERAGE    49

..........................................................


THE TRAVERSE CITY MI CLIMATE NORMALS FOR TODAY
                         NORMAL    RECORD    YEAR
 MAXIMUM TEMPERATURE (F)   68        93      2010
 MINIMUM TEMPERATURE (F)   44        25      1956


SUNRISE AND SUNSET
MAY 24 2015...........SUNRISE   606 AM EDT   SUNSET   913 PM EDT
MAY 25 2015...........SUNRISE   605 AM EDT   SUNSET   914 PM EDT


-  INDICATES NEGATIVE NUMBERS.
R  INDICATES RECORD WAS SET OR TIED.
MM INDICATES DATA IS MISSING.
T  INDICATES TRACE AMOUNT.




$$
