000
CDUS43 KAPX 230527
CLITVC


CLIMATE REPORT
NATIONAL WEATHER SERVICE GAYLORD MI
1226 AM EST THU NOV 23 2017


...................................

...THE TRAVERSE CITY MI CLIMATE SUMMARY FOR NOVEMBER 22 2017...

CLIMATE NORMAL PERIOD 1981 TO 2010
CLIMATE RECORD PERIOD 1896 TO 2017


WEATHER ITEM   OBSERVED TIME   RECORD YEAR NORMAL DEPARTURE LAST
                VALUE   (LST)  VALUE       VALUE  FROM      YEAR
                                                  NORMAL
..................................................................
TEMPERATURE (F)
 YESTERDAY
  MAXIMUM         32    454 PM  65    2012  41     -9       37
  MINIMUM         28    607 AM  11    1946  29     -1       27
  AVERAGE         30                        35     -5       32

PRECIPITATION (IN)
  YESTERDAY        T             1.28 1934   0.09  -0.09     0.00
  MONTH TO DATE    1.42                      2.02  -0.60     0.12
  SINCE SEP 1     10.86                      8.77   2.09     6.72
  SINCE JAN 1     31.23                     29.88   1.35    24.46

DEGREE DAYS
 HEATING
  YESTERDAY       35                        30      5       33
  MONTH TO DATE  641                       575     66      377
  SINCE SEP 1   1058                      1293   -235      764
  SINCE JUL 1   1092                      1362   -270      773
..................................................................


WIND (MPH)
  HIGHEST WIND SPEED    17   HIGHEST WIND DIRECTION    NW (310)
  HIGHEST GUST SPEED    22   HIGHEST GUST DIRECTION    NW (300)
  AVERAGE WIND SPEED     7.3




RELATIVE HUMIDITY (PERCENT)
 HIGHEST    75
 LOWEST     49
 AVERAGE    62

..........................................................


THE TRAVERSE CITY MI CLIMATE NORMALS FOR TODAY
                         NORMAL    RECORD    YEAR
 MAXIMUM TEMPERATURE (F)   41        66      1931
 MINIMUM TEMPERATURE (F)   28         7      1950


SUNRISE AND SUNSET
NOVEMBER 23 2017......SUNRISE   750 AM EST   SUNSET   507 PM EST
NOVEMBER 24 2017......SUNRISE   751 AM EST   SUNSET   507 PM EST


-  INDICATES NEGATIVE NUMBERS.
R  INDICATES RECORD WAS SET OR TIED.
MM INDICATES DATA IS MISSING.
T  INDICATES TRACE AMOUNT.




$$
