000
CDUS43 KAPX 180527
CLITVC


CLIMATE REPORT
NATIONAL WEATHER SERVICE GAYLORD MI
127 AM EDT THU SEP 18 2014


...................................

...THE TRAVERSE CITY MI CLIMATE SUMMARY FOR SEPTEMBER 17 2014...

CLIMATE NORMAL PERIOD 1981 TO 2010
CLIMATE RECORD PERIOD 1896 TO 2014


WEATHER ITEM   OBSERVED TIME   RECORD YEAR NORMAL DEPARTURE LAST
                VALUE   (LST)  VALUE       VALUE  FROM      YEAR
                                                  NORMAL
..................................................................
TEMPERATURE (F)
 YESTERDAY
  MAXIMUM         68    346 PM  90    1955  70     -2       68
  MINIMUM         50    713 AM  32    1973  49      1       41
  AVERAGE         59                        60     -1       55

PRECIPITATION (IN)
  YESTERDAY        0.00          1.13 1987   0.12  -0.12     0.00
  MONTH TO DATE    4.19                      2.01   2.18     0.98
  SINCE SEP 1      4.19                      2.01   2.18     0.98
  SINCE JAN 1     20.99                     23.12  -2.13    21.55

DEGREE DAYS
 HEATING
  YESTERDAY        6                         7     -1       10
  MONTH TO DATE   89                        76     13       82
  SINCE SEP 1     89                        76     13       82
  SINCE JUL 1    168                       145     23      132

 COOLING
  YESTERDAY        0                         1     -1        0
  MONTH TO DATE   38                        29      9       44
  SINCE SEP 1     38                        29      9       44
  SINCE JAN 1    370                       398    -28      521
..................................................................


WIND (MPH)
  HIGHEST WIND SPEED    16   HIGHEST WIND DIRECTION     W (260)
  HIGHEST GUST SPEED    23   HIGHEST GUST DIRECTION     W (250)
  AVERAGE WIND SPEED     6.7




RELATIVE HUMIDITY (PERCENT)
 HIGHEST    86
 LOWEST     42
 AVERAGE    64

..........................................................


THE TRAVERSE CITY MI CLIMATE NORMALS FOR TODAY
                         NORMAL    RECORD    YEAR
 MAXIMUM TEMPERATURE (F)   69        90      1955
 MINIMUM TEMPERATURE (F)   49        32      1990


SUNRISE AND SUNSET
SEPTEMBER 18 2014.....SUNRISE   725 AM EDT   SUNSET   747 PM EDT
SEPTEMBER 19 2014.....SUNRISE   726 AM EDT   SUNSET   745 PM EDT


-  INDICATES NEGATIVE NUMBERS.
R  INDICATES RECORD WAS SET OR TIED.
MM INDICATES DATA IS MISSING.
T  INDICATES TRACE AMOUNT.




$$
