000
CDUS43 KAPX 010602
CLITVC


CLIMATE REPORT
NATIONAL WEATHER SERVICE GAYLORD MI
102 AM EST SUN MAR 1 2015


...................................

...THE TRAVERSE CITY MI CLIMATE SUMMARY FOR FEBRUARY 28 2015...

CLIMATE NORMAL PERIOD 1981 TO 2010
CLIMATE RECORD PERIOD 1896 TO 2015


WEATHER ITEM   OBSERVED TIME   RECORD YEAR NORMAL DEPARTURE LAST
                VALUE   (LST)  VALUE       VALUE  FROM      YEAR
                                                  NORMAL
..................................................................
TEMPERATURE (F)
 YESTERDAY
  MAXIMUM         27    355 PM  52    1983  34     -7       16
  MINIMUM         -7    730 AM -22    1962  17    -24      -18
  AVERAGE         10                        25    -15       -1

PRECIPITATION (IN)
  YESTERDAY        0.00          0.52 1999   0.05  -0.05     0.01
  MONTH TO DATE    0.10                      1.50  -1.40     0.43
  SINCE DEC 1      1.84                      6.81  -4.97     2.41
  SINCE JAN 1      0.78                      4.32  -3.54     1.42

DEGREE DAYS
 HEATING
  YESTERDAY       55                        40     15       66
  MONTH TO DATE 1546                      1185    361     1418
  SINCE DEC 1   4053                      3721    332     4231
  SINCE JUL 1   5732                      5340    392     5722
..................................................................


WIND (MPH)
  HIGHEST WIND SPEED    15   HIGHEST WIND DIRECTION    SW (240)
  HIGHEST GUST SPEED    20   HIGHEST GUST DIRECTION    SW (240)
  AVERAGE WIND SPEED     3.5




RELATIVE HUMIDITY (PERCENT)
 HIGHEST    91
 LOWEST     37
 AVERAGE    64

..........................................................


THE TRAVERSE CITY MI CLIMATE NORMALS FOR TODAY
                         NORMAL    RECORD    YEAR
 MAXIMUM TEMPERATURE (F)   34        54      2000
 MINIMUM TEMPERATURE (F)   17       -27      1962


SUNRISE AND SUNSET
MARCH  1 2015.........SUNRISE   720 AM EST   SUNSET   630 PM EST
MARCH  2 2015.........SUNRISE   719 AM EST   SUNSET   631 PM EST


-  INDICATES NEGATIVE NUMBERS.
R  INDICATES RECORD WAS SET OR TIED.
MM INDICATES DATA IS MISSING.
T  INDICATES TRACE AMOUNT.




$$
