000
CDUS43 KAPX 250601
CLITVC


CLIMATE REPORT
NATIONAL WEATHER SERVICE GAYLORD MI
201 AM EDT TUE APR 25 2017


...................................

...THE TRAVERSE CITY MI CLIMATE SUMMARY FOR APRIL 24 2017...

CLIMATE NORMAL PERIOD 1981 TO 2010
CLIMATE RECORD PERIOD 1896 TO 2017


WEATHER ITEM   OBSERVED TIME   RECORD YEAR NORMAL DEPARTURE LAST
                VALUE   (LST)  VALUE       VALUE  FROM      YEAR
                                                  NORMAL
..................................................................
TEMPERATURE (F)
 YESTERDAY
  MAXIMUM         68   1158 AM  85    1990  58     10       51
  MINIMUM         31    507 AM  22    2015  35     -4       34
                                      1969
  AVERAGE         50                        46      4       43

PRECIPITATION (IN)
  YESTERDAY        0.00          0.73 1994   0.09  -0.09     0.23
  MONTH TO DATE    2.34                      2.25   0.09     1.06
  SINCE MAR 1      4.07                      4.11  -0.04     4.88
  SINCE JAN 1      7.40                      8.43  -1.03     7.67

DEGREE DAYS
 HEATING
  YESTERDAY       15                        19     -4       22
  MONTH TO DATE  424                       559   -135      585
  SINCE MAR 1   1457                      1621   -164     1440
  SINCE JUL 1   5630                      6961  -1331     5750

 COOLING
  YESTERDAY        0                         0      0        0
  MONTH TO DATE    2                         0      2        0
  SINCE MAR 1      2                         0      2        0
  SINCE JAN 1      2                         0      2        0
..................................................................


WIND (MPH)
  HIGHEST WIND SPEED    14   HIGHEST WIND DIRECTION    NE (30)
  HIGHEST GUST SPEED    18   HIGHEST GUST DIRECTION     N (20)
  AVERAGE WIND SPEED     4.2




RELATIVE HUMIDITY (PERCENT)
 HIGHEST    92
 LOWEST     32
 AVERAGE    62

..........................................................


THE TRAVERSE CITY MI CLIMATE NORMALS FOR TODAY
                         NORMAL    RECORD    YEAR
 MAXIMUM TEMPERATURE (F)   58        88      1939
 MINIMUM TEMPERATURE (F)   35        20      1967


SUNRISE AND SUNSET
APRIL 25 2017.........SUNRISE   641 AM EDT   SUNSET   840 PM EDT
APRIL 26 2017.........SUNRISE   639 AM EDT   SUNSET   841 PM EDT


-  INDICATES NEGATIVE NUMBERS.
R  INDICATES RECORD WAS SET OR TIED.
MM INDICATES DATA IS MISSING.
T  INDICATES TRACE AMOUNT.




$$
