000
CDUS43 KAPX 290529
CLITVC


CLIMATE REPORT
NATIONAL WEATHER SERVICE GAYLORD MI
129 AM EDT THU SEP 29 2016


...................................

...THE TRAVERSE CITY MI CLIMATE SUMMARY FOR SEPTEMBER 28 2016...

CLIMATE NORMAL PERIOD 1981 TO 2010
CLIMATE RECORD PERIOD 1896 TO 2016


WEATHER ITEM   OBSERVED TIME   RECORD YEAR NORMAL DEPARTURE LAST
                VALUE   (LST)  VALUE       VALUE  FROM      YEAR
                                                  NORMAL
..................................................................
TEMPERATURE (F)
 YESTERDAY
  MAXIMUM         69    417 PM  85    1971  65      4       81
  MINIMUM         51    716 AM  27    2000  45      6       66
  AVERAGE         60                        55      5       74

PRECIPITATION (IN)
  YESTERDAY        T             2.10 1972   0.11  -0.11     0.55
  MONTH TO DATE    3.76                      3.31   0.45     4.29
  SINCE SEP 1      3.76                      3.31   0.45     4.29
  SINCE JAN 1     21.50                     24.42  -2.92    15.94

DEGREE DAYS
 HEATING
  YESTERDAY        5                        11     -6        0
  MONTH TO DATE   47                       172   -125       44
  SINCE SEP 1     47                       172   -125       44
  SINCE JUL 1     56                       241   -185       91

 COOLING
  YESTERDAY        0                         1     -1        9
  MONTH TO DATE   99                        40     59      136
  SINCE SEP 1     99                        40     59      136
  SINCE JAN 1    759                       409    350      569
..................................................................


WIND (MPH)
  HIGHEST WIND SPEED    18   HIGHEST WIND DIRECTION    NE (30)
  HIGHEST GUST SPEED    22   HIGHEST GUST DIRECTION     N (20)
  AVERAGE WIND SPEED     6.5




RELATIVE HUMIDITY (PERCENT)
 HIGHEST    89
 LOWEST     53
 AVERAGE    71

..........................................................


THE TRAVERSE CITY MI CLIMATE NORMALS FOR TODAY
                         NORMAL    RECORD    YEAR
 MAXIMUM TEMPERATURE (F)   64        90      1898
 MINIMUM TEMPERATURE (F)   45        28      1942


SUNRISE AND SUNSET
SEPTEMBER 29 2016.....SUNRISE   738 AM EDT   SUNSET   726 PM EDT
SEPTEMBER 30 2016.....SUNRISE   740 AM EDT   SUNSET   724 PM EDT


-  INDICATES NEGATIVE NUMBERS.
R  INDICATES RECORD WAS SET OR TIED.
MM INDICATES DATA IS MISSING.
T  INDICATES TRACE AMOUNT.




$$
