000
CDUS43 KAPX 240538
CLITVC


CLIMATE REPORT
NATIONAL WEATHER SERVICE GAYLORD MI
138 AM EDT THU APR 24 2014


...................................

...THE TRAVERSE CITY MI CLIMATE SUMMARY FOR APRIL 23 2014...

CLIMATE NORMAL PERIOD 1981 TO 2010
CLIMATE RECORD PERIOD 1896 TO 2014


WEATHER ITEM   OBSERVED TIME   RECORD YEAR NORMAL DEPARTURE LAST
                VALUE   (LST)  VALUE       VALUE  FROM      YEAR
                                                  NORMAL
..................................................................
TEMPERATURE (F)
 YESTERDAY
  MAXIMUM         47    428 PM  87    1923  57    -10       61
  MINIMUM         28    533 AM  21    1986  35     -7       34
  AVERAGE         38                        46     -8       48

PRECIPITATION (IN)
  YESTERDAY        0.00          0.87 1944   0.09  -0.09     0.42
  MONTH TO DATE    3.13                      2.16   0.97     4.14
  SINCE MAR 1      4.05                      4.02   0.03     5.71
  SINCE JAN 1      5.47                      8.34  -2.87     9.25

DEGREE DAYS
 HEATING
  YESTERDAY       27                        19      8       17
  MONTH TO DATE  572                       540     32      618
  SINCE MAR 1   1903                      1602    301     1732
  SINCE JUL 1   7625                      6942    683     6578

 COOLING
  YESTERDAY        0                         0      0        0
  MONTH TO DATE    0                         0      0        0
  SINCE MAR 1      0                         0      0        0
  SINCE JAN 1      0                         0      0        0
..................................................................


WIND (MPH)
  HIGHEST WIND SPEED    14   HIGHEST WIND DIRECTION    NW (320)
  HIGHEST GUST SPEED    19   HIGHEST GUST DIRECTION    NW (330)
  AVERAGE WIND SPEED     5.4




RELATIVE HUMIDITY (PERCENT)
 HIGHEST    85
 LOWEST     22
 AVERAGE    54

..........................................................


THE TRAVERSE CITY MI CLIMATE NORMALS FOR TODAY
                         NORMAL    RECORD    YEAR
 MAXIMUM TEMPERATURE (F)   58        85      1990
 MINIMUM TEMPERATURE (F)   35        22      1969


SUNRISE AND SUNSET
APRIL 24 2014.........SUNRISE   643 AM EDT   SUNSET   839 PM EDT
APRIL 25 2014.........SUNRISE   641 AM EDT   SUNSET   840 PM EDT


-  INDICATES NEGATIVE NUMBERS.
R  INDICATES RECORD WAS SET OR TIED.
MM INDICATES DATA IS MISSING.
T  INDICATES TRACE AMOUNT.




$$
