000
CDUS44 KJAN 200658
CLITVR


CLIMATE REPORT
NATIONAL WEATHER SERVICE JACKSON MS
1255 AM CST FRI JAN 20 2017


...................................

...THE VICKSBURG CLIMATE SUMMARY FOR JANUARY 19 2017...

CLIMATE NORMAL PERIOD 1981 TO 2010
CLIMATE RECORD PERIOD 1948 TO 2017


WEATHER ITEM   OBSERVED TIME   RECORD YEAR NORMAL DEPARTURE LAST
                VALUE   (LST)  VALUE       VALUE  FROM      YEAR
                                                  NORMAL
..................................................................
TEMPERATURE (F)
 YESTERDAY
  MAXIMUM         68    536 AM  78    1974  56     12       58
  MINIMUM         53   1049 PM   6    1977  35     18       27
  AVERAGE         61                        45     16       43

PRECIPITATION (IN)
  YESTERDAY        1.53          3.42 2001   0.16   1.37     0.00
  MONTH TO DATE    3.24                      2.97   0.27     1.10
  SINCE DEC 1      9.51                      8.58   0.93     6.65
  SINCE JAN 1      3.24                      2.97   0.27     1.10

SNOWFALL (IN)
  YESTERDAY        0.0

DEGREE DAYS
 HEATING
  YESTERDAY        4                        20    -16       22
  MONTH TO DATE  210                       379   -169      372
  SINCE DEC 1    670                       914   -244      655
  SINCE JUL 1    947                      1316   -369      844

 COOLING
  YESTERDAY        0                         0      0        0
  MONTH TO DATE   13                         0     13        0
  SINCE DEC 1     41                         6     35       62
  SINCE JAN 1     13                         0     13        0
..................................................................


WIND (MPH)
  HIGHEST WIND SPEED    23   HIGHEST WIND DIRECTION     S (170)
  HIGHEST GUST SPEED    30   HIGHEST GUST DIRECTION     S (180)
  AVERAGE WIND SPEED     7.2


SKY COVER
  POSSIBLE SUNSHINE  MM
  AVERAGE SKY COVER 0.7


WEATHER CONDITIONS
 THE FOLLOWING WEATHER WAS RECORDED YESTERDAY.
  THUNDERSTORM
  HEAVY RAIN
  RAIN
  LIGHT RAIN
  FOG


RELATIVE HUMIDITY (PERCENT)
 HIGHEST   100           400 AM
 LOWEST     93           200 AM
 AVERAGE    97

..........................................................


THE VICKSBURG CLIMATE NORMALS FOR TODAY
                         NORMAL    RECORD    YEAR
 MAXIMUM TEMPERATURE (F)   56        79      1982
 MINIMUM TEMPERATURE (F)   35         9      1985


SUNRISE AND SUNSET
JANUARY 20 2017.......SUNRISE   704 AM CST   SUNSET   527 PM CST
JANUARY 21 2017.......SUNRISE   704 AM CST   SUNSET   528 PM CST


-  INDICATES NEGATIVE NUMBERS.
R  INDICATES RECORD WAS SET OR TIED.
MM INDICATES DATA IS MISSING.
T  INDICATES TRACE AMOUNT.




$$
