000
CDUS44 KJAN 170737
CLITVR


CLIMATE REPORT
NATIONAL WEATHER SERVICE JACKSON MS
235 AM CDT THU APR 17 2014


...................................

...THE VICKSBURG CLIMATE SUMMARY FOR APRIL 16 2014...

CLIMATE NORMAL PERIOD 1981 TO 2010
CLIMATE RECORD PERIOD 1948 TO 2014


WEATHER ITEM   OBSERVED TIME   RECORD YEAR NORMAL DEPARTURE LAST
                VALUE   (LST)  VALUE       VALUE  FROM      YEAR
                                                  NORMAL
..................................................................
TEMPERATURE (F)
 YESTERDAY
  MAXIMUM         65    446 PM  88    2006  76    -11       84
                                      1972
  MINIMUM         42    608 AM  33    2007  53    -11       72
                                      1949
  AVERAGE         54                        65    -11       78

PRECIPITATION (IN)
  YESTERDAY        0.00          1.74 1973   0.18  -0.18     0.00
  MONTH TO DATE   12.21                      2.66   9.55     2.37
  SINCE MAR 1     18.14                      7.69  10.45     5.33
  SINCE JAN 1     23.56                     18.03   5.53    28.16

SNOWFALL (IN)
  YESTERDAY        0.0

DEGREE DAYS
 HEATING
  YESTERDAY       11                         3      8        0
  MONTH TO DATE   73                        71      2       71
  SINCE MAR 1    441                       336    105      457
  SINCE JUL 1   2850                      2312    538     2227

 COOLING
  YESTERDAY        0                         3     -3       13
  MONTH TO DATE   40                        36      4       55
  SINCE MAR 1     47                        59    -12       62
  SINCE JAN 1     54                        68    -14       80
..................................................................


WIND (MPH)
  HIGHEST WIND SPEED    17   HIGHEST WIND DIRECTION     E (110)
  HIGHEST GUST SPEED    20   HIGHEST GUST DIRECTION     E (110)
  AVERAGE WIND SPEED     5.4


SKY COVER
  POSSIBLE SUNSHINE  MM
  AVERAGE SKY COVER 0.0


WEATHER CONDITIONS
 THE FOLLOWING WEATHER WAS RECORDED YESTERDAY.
  NO SIGNIFICANT WEATHER WAS OBSERVED.


RELATIVE HUMIDITY (PERCENT)
 HIGHEST    83           900 PM
 LOWEST     34           400 PM
 AVERAGE    59

..........................................................


THE VICKSBURG CLIMATE NORMALS FOR TODAY
                         NORMAL    RECORD    YEAR
 MAXIMUM TEMPERATURE (F)   76        91      2006
 MINIMUM TEMPERATURE (F)   53        32      1951


SUNRISE AND SUNSET
APRIL 17 2014.........SUNRISE   633 AM CDT   SUNSET   735 PM CDT
APRIL 18 2014.........SUNRISE   631 AM CDT   SUNSET   736 PM CDT


-  INDICATES NEGATIVE NUMBERS.
R  INDICATES RECORD WAS SET OR TIED.
MM INDICATES DATA IS MISSING.
T  INDICATES TRACE AMOUNT.




$$
