000
CDUS44 KJAN 220652
CLITVR


CLIMATE REPORT
NATIONAL WEATHER SERVICE JACKSON MS
150 AM CDT FRI AUG 22 2014


...................................

...THE VICKSBURG CLIMATE SUMMARY FOR AUGUST 21 2014...

CLIMATE NORMAL PERIOD 1981 TO 2010
CLIMATE RECORD PERIOD 1948 TO 2014


WEATHER ITEM   OBSERVED TIME   RECORD YEAR NORMAL DEPARTURE LAST
                VALUE   (LST)  VALUE       VALUE  FROM      YEAR
                                                  NORMAL
..................................................................
TEMPERATURE (F)
 YESTERDAY
  MAXIMUM         95    140 PM 103    2005  92      3       91
  MINIMUM         70    529 AM  56    1957  69      1       67
  AVERAGE         83                        81      2       79

PRECIPITATION (IN)
  YESTERDAY        1.56          2.32 2004   0.15   1.41      T
  MONTH TO DATE    4.66                      2.25   2.41     1.05
  SINCE JUN 1     14.14                      9.87   4.27    12.83
  SINCE JAN 1     42.47                     35.17   7.30    48.15

SNOWFALL (IN)
  YESTERDAY        0.0

DEGREE DAYS
 HEATING
  YESTERDAY        0                         0      0        0
  MONTH TO DATE    0                         0      0        0
  SINCE JUN 1      0                         0      0        0
  SINCE JUL 1      0                         0      0        0

 COOLING
  YESTERDAY       18                        16      2       14
  MONTH TO DATE  310                       346    -36      342
  SINCE JUN 1   1141                      1274   -133     1232
  SINCE JAN 1   1491                      1644   -153     1562
..................................................................


WIND (MPH)
  HIGHEST WIND SPEED    17   HIGHEST WIND DIRECTION     E (100)
  HIGHEST GUST SPEED    24   HIGHEST GUST DIRECTION    SE (120)
  AVERAGE WIND SPEED     2.1


SKY COVER
  POSSIBLE SUNSHINE  MM
  AVERAGE SKY COVER 0.2


WEATHER CONDITIONS
 THE FOLLOWING WEATHER WAS RECORDED YESTERDAY.
  HEAVY RAIN
  LIGHT RAIN
  FOG


RELATIVE HUMIDITY (PERCENT)
 HIGHEST    94           900 PM
 LOWEST     52           100 PM
 AVERAGE    73

..........................................................


THE VICKSBURG CLIMATE NORMALS FOR TODAY
                         NORMAL    RECORD    YEAR
 MAXIMUM TEMPERATURE (F)   92       101      1980
 MINIMUM TEMPERATURE (F)   69        53      1961
                                             1956


SUNRISE AND SUNSET
AUGUST 22 2014........SUNRISE   633 AM CDT   SUNSET   741 PM CDT
AUGUST 23 2014........SUNRISE   633 AM CDT   SUNSET   739 PM CDT


-  INDICATES NEGATIVE NUMBERS.
R  INDICATES RECORD WAS SET OR TIED.
MM INDICATES DATA IS MISSING.
T  INDICATES TRACE AMOUNT.




$$
