000
CDUS44 KJAN 220647
CLITVR


CLIMATE REPORT
NATIONAL WEATHER SERVICE JACKSON MS
1243 AM CST MON JAN 22 2018


...................................

...THE VICKSBURG CLIMATE SUMMARY FOR JANUARY 21 2018...

CLIMATE NORMAL PERIOD 1981 TO 2010
CLIMATE RECORD PERIOD 1948 TO 2018


WEATHER ITEM   OBSERVED TIME   RECORD YEAR NORMAL DEPARTURE LAST
                VALUE   (LST)  VALUE       VALUE  FROM      YEAR
                                                  NORMAL
..................................................................
TEMPERATURE (F)
 YESTERDAY
  MAXIMUM         75    301 PM  80    1982  56     19       72
  MINIMUM         49    716 AM   3    1985  35     14       57
  AVERAGE         62                        45     17       65

PRECIPITATION (IN)
  YESTERDAY        0.00          3.26 1973   0.16  -0.16     0.53
  MONTH TO DATE    1.99                      3.29  -1.30     3.77
  SINCE DEC 1      4.40                      8.90  -4.50    10.04
  SINCE JAN 1      1.99                      3.29  -1.30     3.77

SNOWFALL (IN)
  YESTERDAY        0.0

DEGREE DAYS
 HEATING
  YESTERDAY        3                        20    -17        0
  MONTH TO DATE  563                       419    144      210
  SINCE DEC 1   1119                       954    165      670
  SINCE JUL 1   1476                      1356    120      947

 COOLING
  YESTERDAY        0                         0      0        0
  MONTH TO DATE    0                         0      0       14
  SINCE DEC 1      6                         6      0       42
  SINCE JAN 1      0                         0      0       14
..................................................................


WIND (MPH)
  HIGHEST WIND SPEED    18   HIGHEST WIND DIRECTION     S (160)
  HIGHEST GUST SPEED    24   HIGHEST GUST DIRECTION    SE (150)
  AVERAGE WIND SPEED    11.5


SKY COVER
  POSSIBLE SUNSHINE  MM
  AVERAGE SKY COVER 0.4


WEATHER CONDITIONS
 THE FOLLOWING WEATHER WAS RECORDED YESTERDAY.
  NO SIGNIFICANT WEATHER WAS OBSERVED.


RELATIVE HUMIDITY (PERCENT)
 HIGHEST   100           700 AM
 LOWEST     60           300 PM
 AVERAGE    80

..........................................................


THE VICKSBURG CLIMATE NORMALS FOR TODAY
                         NORMAL    RECORD    YEAR
 MAXIMUM TEMPERATURE (F)   56        81      1999
 MINIMUM TEMPERATURE (F)   35        10      1985


SUNRISE AND SUNSET
JANUARY 22 2018.......SUNRISE   704 AM CST   SUNSET   528 PM CST
JANUARY 23 2018.......SUNRISE   703 AM CST   SUNSET   529 PM CST


-  INDICATES NEGATIVE NUMBERS.
R  INDICATES RECORD WAS SET OR TIED.
MM INDICATES DATA IS MISSING.
T  INDICATES TRACE AMOUNT.




$$
