000
CDUS44 KJAN 060755
CLITVR


CLIMATE REPORT
NATIONAL WEATHER SERVICE JACKSON MS
150 AM CST TUE DEC 6 2016


...................................

...THE VICKSBURG CLIMATE SUMMARY FOR DECEMBER 5 2016...

CLIMATE NORMAL PERIOD 1981 TO 2010
CLIMATE RECORD PERIOD 1948 TO 2016


WEATHER ITEM   OBSERVED TIME   RECORD YEAR NORMAL DEPARTURE LAST
                VALUE   (LST)  VALUE       VALUE  FROM      YEAR
                                                  NORMAL
..................................................................
TEMPERATURE (F)
 YESTERDAY
  MAXIMUM         53   1155 PM  81    2013  61     -8       64
                                      1998
  MINIMUM         47    708 AM  20    2009  39      8       33
                                      2006
  AVERAGE         50                        50      0       49

PRECIPITATION (IN)
  YESTERDAY        1.62R         1.39 2011   0.20   1.42     0.00
  MONTH TO DATE    3.42                      1.00   2.42     0.26
  SINCE DEC 1      3.42                      1.00   2.42     0.26
  SINCE JAN 1     58.24                     50.13   8.11    58.48

SNOWFALL (IN)
  YESTERDAY        0.0

DEGREE DAYS
 HEATING
  YESTERDAY       15                        15      0       16
  MONTH TO DATE   80                        74      6       75
  SINCE DEC 1     80                        74      6       75
  SINCE JUL 1    357                       476   -119      264

 COOLING
  YESTERDAY        0                         0      0        0
  MONTH TO DATE    0                         0      0        0
  SINCE DEC 1      0                         0      0        0
  SINCE JAN 1   2919                      2225    694     2603
..................................................................


WIND (MPH)
  HIGHEST WIND SPEED    12   HIGHEST WIND DIRECTION     N (20)
  HIGHEST GUST SPEED    14   HIGHEST GUST DIRECTION    NE (30)
  AVERAGE WIND SPEED     5.3


SKY COVER
  POSSIBLE SUNSHINE  MM
  AVERAGE SKY COVER 1.0


WEATHER CONDITIONS
 THE FOLLOWING WEATHER WAS RECORDED YESTERDAY.
  THUNDERSTORM
  HEAVY RAIN
  RAIN
  LIGHT RAIN
  FOG


RELATIVE HUMIDITY (PERCENT)
 HIGHEST   100           600 AM
 LOWEST     86           100 AM
 AVERAGE    93

..........................................................


THE VICKSBURG CLIMATE NORMALS FOR TODAY
                         NORMAL    RECORD    YEAR
 MAXIMUM TEMPERATURE (F)   61        82      1951
 MINIMUM TEMPERATURE (F)   39        18      2005


SUNRISE AND SUNSET
DECEMBER  6 2016......SUNRISE   652 AM CST   SUNSET   459 PM CST
DECEMBER  7 2016......SUNRISE   653 AM CST   SUNSET   459 PM CST


-  INDICATES NEGATIVE NUMBERS.
R  INDICATES RECORD WAS SET OR TIED.
MM INDICATES DATA IS MISSING.
T  INDICATES TRACE AMOUNT.




$$
