000
CDUS44 KJAN 300653
CLITVR


CLIMATE REPORT
NATIONAL WEATHER SERVICE JACKSON MS
146 AM CDT SAT MAY 30 2015


...................................

...THE VICKSBURG CLIMATE SUMMARY FOR MAY 29 2015...

CLIMATE NORMAL PERIOD 1981 TO 2010
CLIMATE RECORD PERIOD 1948 TO 2015


WEATHER ITEM   OBSERVED TIME   RECORD YEAR NORMAL DEPARTURE LAST
                VALUE   (LST)  VALUE       VALUE  FROM      YEAR
                                                  NORMAL
..................................................................
TEMPERATURE (F)
 YESTERDAY
  MAXIMUM         91    315 PM  96    1951  87      4       81
  MINIMUM         69   1125 PM  48    1961  65      4       69
  AVERAGE         80                        76      4       75

PRECIPITATION (IN)
  YESTERDAY        0.20          2.36 1995   0.13   0.07     0.13
  MONTH TO DATE    8.29                      4.72   3.57     3.43
  SINCE MAR 1     18.57                     14.72   3.85    22.41
  SINCE JAN 1     29.82                     25.06   4.76    27.83

SNOWFALL (IN)
  YESTERDAY        0.0

DEGREE DAYS
 HEATING
  YESTERDAY        0                         0      0        0
  MONTH TO DATE    3                         9     -6       25
  SINCE MAR 1    264                       374   -110      481
  SINCE JUL 1   2522                      2350    172     2890

 COOLING
  YESTERDAY       15                        11      4       10
  MONTH TO DATE  270                       230     40      206
  SINCE MAR 1    424                       339     85      319
  SINCE JAN 1    424                       348     76      326
..................................................................


WIND (MPH)
  HIGHEST WIND SPEED    26   HIGHEST WIND DIRECTION     S (170)
  HIGHEST GUST SPEED    34   HIGHEST GUST DIRECTION    SE (140)
  AVERAGE WIND SPEED     6.9


SKY COVER
  POSSIBLE SUNSHINE  MM
  AVERAGE SKY COVER 0.4


WEATHER CONDITIONS
 THE FOLLOWING WEATHER WAS RECORDED YESTERDAY.
  THUNDERSTORM
  HEAVY RAIN
  RAIN
  LIGHT RAIN
  FOG
  HAZE


RELATIVE HUMIDITY (PERCENT)
 HIGHEST    93          1200 AM
 LOWEST     52           300 PM
 AVERAGE    73

..........................................................


THE VICKSBURG CLIMATE NORMALS FOR TODAY
                         NORMAL    RECORD    YEAR
 MAXIMUM TEMPERATURE (F)   87        97      1977
                                             1951
 MINIMUM TEMPERATURE (F)   65        45      1984


SUNRISE AND SUNSET
MAY 30 2015...........SUNRISE   559 AM CDT   SUNSET   805 PM CDT
MAY 31 2015...........SUNRISE   558 AM CDT   SUNSET   806 PM CDT


-  INDICATES NEGATIVE NUMBERS.
R  INDICATES RECORD WAS SET OR TIED.
MM INDICATES DATA IS MISSING.
T  INDICATES TRACE AMOUNT.

&&

AT 1 AM:

THE PEARL RIVER STAGE AT JACKSON WAS 8.5 FEET. THE RIVER HAS RISEN 3.0 FEET
OVER THE LAST 24 HOURS.

THE MISSISSIPPI RIVER STAGE AT VICKSBURG WAS 33.6 FEET. THE RIVER HAS RISEN
0.3 FEET OVER THE LAST 24 HOURS.

$$
