000
CDUS44 KJAN 280912
CLITVR


CLIMATE REPORT
NATIONAL WEATHER SERVICE JACKSON MS
311 AM CST WED JAN 28 2015


...................................

...THE VICKSBURG CLIMATE SUMMARY FOR JANUARY 27 2015...

CLIMATE NORMAL PERIOD 1981 TO 2010
CLIMATE RECORD PERIOD 1948 TO 2015


WEATHER ITEM   OBSERVED TIME   RECORD YEAR NORMAL DEPARTURE LAST
                VALUE   (LST)  VALUE       VALUE  FROM      YEAR
                                                  NORMAL
..................................................................
TEMPERATURE (F)
 YESTERDAY
  MAXIMUM         69    300 PM  80    2009  56     13       51
  MINIMUM         33    657 AM  20    1985  36     -3       27
  AVERAGE         51                        46      5       39

PRECIPITATION (IN)
  YESTERDAY        0.00          1.74 1994   0.19  -0.19     0.00
  MONTH TO DATE    5.57                      4.33   1.24     2.26
  SINCE DEC 1     10.16                      9.94   0.22     6.61
  SINCE JAN 1      5.57                      4.33   1.24     2.26

SNOWFALL (IN)
  YESTERDAY        0.0

DEGREE DAYS
 HEATING
  YESTERDAY       14                        19     -5       26
  MONTH TO DATE  574                       534     40      635
  SINCE DEC 1   1036                      1069    -33     1230
  SINCE JUL 1   1574                      1471    103     1760

 COOLING
  YESTERDAY        0                         0      0        0
  MONTH TO DATE    0                         0      0        0
  SINCE DEC 1      4                         6     -2       16
  SINCE JAN 1      0                         0      0        0
..................................................................


WIND (MPH)
  HIGHEST WIND SPEED    14   HIGHEST WIND DIRECTION     N (20)
  HIGHEST GUST SPEED    17   HIGHEST GUST DIRECTION     N (10)
  AVERAGE WIND SPEED     4.0


SKY COVER
  POSSIBLE SUNSHINE  MM
  AVERAGE SKY COVER 0.0


WEATHER CONDITIONS
 THE FOLLOWING WEATHER WAS RECORDED YESTERDAY.
  NO SIGNIFICANT WEATHER WAS OBSERVED.


RELATIVE HUMIDITY (PERCENT)
 HIGHEST    96           700 AM
 LOWEST     27           300 PM
 AVERAGE    62

..........................................................


THE VICKSBURG CLIMATE NORMALS FOR TODAY
                         NORMAL    RECORD    YEAR
 MAXIMUM TEMPERATURE (F)   56        78      1975
                                             1970
 MINIMUM TEMPERATURE (F)   36        16      1963


SUNRISE AND SUNSET
JANUARY 28 2015.......SUNRISE   701 AM CST   SUNSET   534 PM CST
JANUARY 29 2015.......SUNRISE   700 AM CST   SUNSET   535 PM CST


-  INDICATES NEGATIVE NUMBERS.
R  INDICATES RECORD WAS SET OR TIED.
MM INDICATES DATA IS MISSING.
T  INDICATES TRACE AMOUNT.




$$
