000
CDUS44 KJAN 222217
CLITVR


CLIMATE REPORT
NATIONAL WEATHER SERVICE JACKSON MS
414 PM CST MON DEC 22 2014


...................................

...THE VICKSBURG CLIMATE SUMMARY FOR DECEMBER 22 2014...
VALID TODAY AS OF 0400 PM LOCAL TIME.

CLIMATE NORMAL PERIOD 1981 TO 2010
CLIMATE RECORD PERIOD 1948 TO 2014


WEATHER ITEM   OBSERVED TIME   RECORD YEAR NORMAL DEPARTURE LAST
                VALUE   (LST)  VALUE       VALUE  FROM      YEAR
                                                  NORMAL
..................................................................
TEMPERATURE (F)
 TODAY
  MAXIMUM         67    359 PM  78    1967  57     10       62
  MINIMUM         47   1202 AM   7    1989  36     11       41
  AVERAGE         57                        47     10       52

PRECIPITATION (IN)
  TODAY            T             2.13 1990   0.18  -0.18     0.01
  MONTH TO DATE    1.33                      4.19  -2.86     4.07
  SINCE DEC 1      1.33                      4.19  -2.86     4.07
  SINCE JAN 1     55.24                     53.32   1.92    67.65

SNOWFALL (IN)
  TODAY            0.0

DEGREE DAYS
 HEATING
  TODAY            8                        18    -10       13
  MONTH TO DATE  305                       364    -59      381
  SINCE DEC 1    305                       364    -59      381
  SINCE JUL 1    843                       766     77      911

 COOLING
  TODAY            0                         0      0        0
  MONTH TO DATE    4                         0      4       16
  SINCE DEC 1      4                         0      4       16
  SINCE JAN 1   2193                      2225    -32     2280
..................................................................


WIND (MPH)
  HIGHEST WIND SPEED    14   HIGHEST WIND DIRECTION     S (170)
  HIGHEST GUST SPEED    17   HIGHEST GUST DIRECTION     S (170)
  AVERAGE WIND SPEED     7.9


SKY COVER
  POSSIBLE SUNSHINE  MM
  AVERAGE SKY COVER 0.9


WEATHER CONDITIONS
 THE FOLLOWING WEATHER WAS RECORDED TODAY.
  LIGHT RAIN
  FOG


RELATIVE HUMIDITY (PERCENT)
 HIGHEST   100          1000 AM
 LOWEST     81           300 PM
 AVERAGE    91

..........................................................


THE VICKSBURG CLIMATE NORMALS FOR TOMORROW
                         NORMAL    RECORD    YEAR
 MAXIMUM TEMPERATURE (F)   57        79      1955
 MINIMUM TEMPERATURE (F)   36         4      1989


SUNRISE AND SUNSET
DECEMBER 22 2014......SUNRISE   702 AM CST   SUNSET   504 PM CST
DECEMBER 23 2014......SUNRISE   702 AM CST   SUNSET   504 PM CST


-  INDICATES NEGATIVE NUMBERS.
R  INDICATES RECORD WAS SET OR TIED.
MM INDICATES DATA IS MISSING.
T  INDICATES TRACE AMOUNT.




$$
