000
CDUS45 KBOI 260931
CLITWF


CLIMATE REPORT
NATIONAL WEATHER SERVICE BOISE ID
230 AM MST THU FEB 26 2015


...................................

...THE TWIN FALLS ID CLIMATE SUMMARY FOR FEBRUARY 25 2015...

CLIMATE NORMAL PERIOD 1981 TO 2010
CLIMATE RECORD PERIOD 9999 TO 9999


WEATHER ITEM   OBSERVED TIME   NORMAL DEPARTURE LAST
                VALUE   (LST)  VALUE  FROM      YEAR
                                      NORMAL
......................................................
TEMPERATURE (F)
 YESTERDAY
  MAXIMUM         52    400 PM  46      6       61
  MINIMUM         37   1129 PM  25     12       35
  AVERAGE         45

PRECIPITATION (IN)
  YESTERDAY        0.00          0.02  -0.02     0.00
  MONTH TO DATE    0.45          0.73  -0.28     1.50
  SINCE OCT 1      4.37          4.96  -0.59     2.67
  SINCE JAN 1      1.37          1.71  -0.34     2.20

DEGREE DAYS
 HEATING
  YESTERDAY       20            29     -9       17
  MONTH TO DATE  535           813   -278      673
  SINCE DEC 1   2418          3043   -625     2839
  SINCE JUL 1   3610          4481   -871     4195

 COOLING
  YESTERDAY        0             0      0        0
  MONTH TO DATE    0             0      0        0
  SINCE DEC 1      0             0      0        0
  SINCE JAN 1      0             0      0        0
......................................................


WIND (MPH)
  HIGHEST WIND SPEED    37   HIGHEST WIND DIRECTION     W (250)
  HIGHEST GUST SPEED    45   HIGHEST GUST DIRECTION    SW (240)
  AVERAGE WIND SPEED    21.1


SKY COVER
  AVERAGE SKY COVER 0.1


WEATHER CONDITIONS
 THE FOLLOWING WEATHER WAS RECORDED YESTERDAY.
  NO SIGNIFICANT WEATHER WAS OBSERVED.


RELATIVE HUMIDITY (PERCENT)
 HIGHEST    44           900 PM
 LOWEST     28           300 AM
 AVERAGE    36

..........................................................




SUNRISE AND SUNSET
FEBRUARY 26 2015......SUNRISE   718 AM MST   SUNSET   624 PM MST
FEBRUARY 27 2015......SUNRISE   717 AM MST   SUNSET   625 PM MST


-  INDICATES NEGATIVE NUMBERS.
R  INDICATES RECORD WAS SET OR TIED.
MM INDICATES DATA IS MISSING.
T  INDICATES TRACE AMOUNT.




$$
