000
CDUS45 KBOI 200931
CLITWF


CLIMATE REPORT
NATIONAL WEATHER SERVICE BOISE ID
331 AM MDT THU JUL 20 2017


...................................

...THE TWIN FALLS ID CLIMATE SUMMARY FOR JULY 19 2017...

CLIMATE NORMAL PERIOD 1981 TO 2010
CLIMATE RECORD PERIOD 9999 TO 9999


WEATHER ITEM   OBSERVED TIME   NORMAL DEPARTURE LAST
                VALUE   (LST)  VALUE  FROM      YEAR
                                      NORMAL
......................................................
TEMPERATURE (F)
 YESTERDAY
  MAXIMUM         91    554 PM  91      0       90
  MINIMUM         63   1013 PM  59      4       60
  AVERAGE         77

PRECIPITATION (IN)
  YESTERDAY        0.00          0.01  -0.01     0.00
  MONTH TO DATE    0.16          0.19  -0.03     0.15
  SINCE OCT 1     11.85          9.70   2.15    10.96
  SINCE JAN 1      7.35          6.45   0.90     6.58

DEGREE DAYS
 HEATING
  YESTERDAY        0             0      0        0
  MONTH TO DATE    0             3     -3       21
  SINCE JUN 1     74            90    -16       74
  SINCE JUL 1      0             3     -3       21

 COOLING
  YESTERDAY       12            10      2       10
  MONTH TO DATE  248           156     92      106
  SINCE JUN 1    348           243    105      247
  SINCE JAN 1    357           265     92      250
......................................................


WIND (MPH)
  HIGHEST WIND SPEED    16   HIGHEST WIND DIRECTION     S (180)
  HIGHEST GUST SPEED    21   HIGHEST GUST DIRECTION     S (170)
  AVERAGE WIND SPEED     9.4


SKY COVER
  AVERAGE SKY COVER 0.0


WEATHER CONDITIONS
 THE FOLLOWING WEATHER WAS RECORDED YESTERDAY.
  NO SIGNIFICANT WEATHER WAS OBSERVED.


RELATIVE HUMIDITY (PERCENT)
 HIGHEST    67           900 PM
 LOWEST     14           400 PM
 AVERAGE    41

..........................................................




SUNRISE AND SUNSET
JULY 20 2017..........SUNRISE   619 AM MDT   SUNSET   909 PM MDT
JULY 21 2017..........SUNRISE   620 AM MDT   SUNSET   908 PM MDT


-  INDICATES NEGATIVE NUMBERS.
R  INDICATES RECORD WAS SET OR TIED.
MM INDICATES DATA IS MISSING.
T  INDICATES TRACE AMOUNT.




$$
