000
CDUS45 KBOI 230931
CLITWF


CLIMATE REPORT
NATIONAL WEATHER SERVICE BOISE ID
331 AM MDT SAT AUG 23 2014


...................................

...THE TWIN FALLS ID CLIMATE SUMMARY FOR AUGUST 22 2014...

CLIMATE NORMAL PERIOD 1981 TO 2010
CLIMATE RECORD PERIOD 9999 TO 9999


WEATHER ITEM   OBSERVED TIME   NORMAL DEPARTURE LAST
                VALUE   (LST)  VALUE  FROM      YEAR
                                      NORMAL
......................................................
TEMPERATURE (F)
 YESTERDAY
  MAXIMUM         72   1214 PM  87    -15       94
  MINIMUM         47    729 PM  55     -8       66
  AVERAGE         60

PRECIPITATION (IN)
  YESTERDAY        0.80          0.01   0.79      T
  MONTH TO DATE    5.47          0.22   5.25      T
  SINCE OCT 1     12.62         10.03   2.59     6.37
  SINCE JAN 1     12.15          6.78   5.37     3.19

DEGREE DAYS
 HEATING
  YESTERDAY        5             0      5        0
  MONTH TO DATE    7             0      7        0
  SINCE JUN 1     65            93    -28       55
  SINCE JUL 1      7             6      1        0

 COOLING
  YESTERDAY        0             6     -6       15
  MONTH TO DATE  181           183     -2      276
  SINCE JUN 1    702           547    155      907
  SINCE JAN 1    735           569    166      932
......................................................


WIND (MPH)
  HIGHEST WIND SPEED    28   HIGHEST WIND DIRECTION    NW (320)
  HIGHEST GUST SPEED    35   HIGHEST GUST DIRECTION     N (340)
  AVERAGE WIND SPEED     8.6


SKY COVER
  AVERAGE SKY COVER 0.4


WEATHER CONDITIONS
 THE FOLLOWING WEATHER WAS RECORDED YESTERDAY.
  THUNDERSTORM
  HEAVY RAIN
  RAIN
  LIGHT RAIN
  FOG


RELATIVE HUMIDITY (PERCENT)
 HIGHEST    84           800 AM
 LOWEST     49           500 PM
 AVERAGE    67

..........................................................




SUNRISE AND SUNSET
AUGUST 23 2014........SUNRISE   653 AM MDT   SUNSET   827 PM MDT
AUGUST 24 2014........SUNRISE   655 AM MDT   SUNSET   825 PM MDT


-  INDICATES NEGATIVE NUMBERS.
R  INDICATES RECORD WAS SET OR TIED.
MM INDICATES DATA IS MISSING.
T  INDICATES TRACE AMOUNT.




$$
