000
CDUS45 KBOI 270931
CLITWF


CLIMATE REPORT
NATIONAL WEATHER SERVICE BOISE ID
331 AM MDT FRI MAR 27 2015


...................................

...THE TWIN FALLS ID CLIMATE SUMMARY FOR MARCH 26 2015...

CLIMATE NORMAL PERIOD 1981 TO 2010
CLIMATE RECORD PERIOD 9999 TO 9999


WEATHER ITEM   OBSERVED TIME   NORMAL DEPARTURE LAST
                VALUE   (LST)  VALUE  FROM      YEAR
                                      NORMAL
......................................................
TEMPERATURE (F)
 YESTERDAY
  MAXIMUM         63    504 PM  56      7       53
  MINIMUM         36    643 AM  33      3       36
  AVERAGE         50

PRECIPITATION (IN)
  YESTERDAY        0.00          0.05  -0.05     0.01
  MONTH TO DATE    0.23          0.82  -0.59     1.02
  SINCE OCT 1      4.62          5.86  -1.24     3.73
  SINCE JAN 1      1.62          2.61  -0.99     3.26

DEGREE DAYS
 HEATING
  YESTERDAY       15            21     -6       20
  MONTH TO DATE  437           620   -183      497
  SINCE MAR 1    437           620   -183      497
  SINCE JUL 1   4130          5187  -1057     4750

 COOLING
  YESTERDAY        0             0      0        0
  MONTH TO DATE    0             0      0        0
  SINCE MAR 1      0             0      0        0
  SINCE JAN 1      0             0      0        0
......................................................


WIND (MPH)
  HIGHEST WIND SPEED    15   HIGHEST WIND DIRECTION     S (190)
  HIGHEST GUST SPEED    18   HIGHEST GUST DIRECTION     W (280)
  AVERAGE WIND SPEED     8.6


SKY COVER
  AVERAGE SKY COVER 0.0


WEATHER CONDITIONS
 THE FOLLOWING WEATHER WAS RECORDED YESTERDAY.
  NO SIGNIFICANT WEATHER WAS OBSERVED.


RELATIVE HUMIDITY (PERCENT)
 HIGHEST    70           100 AM
 LOWEST     36           300 PM
 AVERAGE    53

..........................................................




SUNRISE AND SUNSET
MARCH 27 2015.........SUNRISE   729 AM MDT   SUNSET   758 PM MDT
MARCH 28 2015.........SUNRISE   728 AM MDT   SUNSET   759 PM MDT


-  INDICATES NEGATIVE NUMBERS.
R  INDICATES RECORD WAS SET OR TIED.
MM INDICATES DATA IS MISSING.
T  INDICATES TRACE AMOUNT.




$$
