000
CDUS45 KBOI 110931
CLITWF


CLIMATE REPORT
NATIONAL WEATHER SERVICE BOISE ID
231 AM MST THU FEB 11 2016


...................................

...THE TWIN FALLS ID CLIMATE SUMMARY FOR FEBRUARY 10 2016...

CLIMATE NORMAL PERIOD 1981 TO 2010
CLIMATE RECORD PERIOD 9999 TO 9999


WEATHER ITEM   OBSERVED TIME   NORMAL DEPARTURE LAST
                VALUE   (LST)  VALUE  FROM      YEAR
                                      NORMAL
......................................................
TEMPERATURE (F)
 YESTERDAY
  MAXIMUM         43    359 PM  41      2       50
  MINIMUM         21    715 AM  22     -1       34
  AVERAGE         32

PRECIPITATION (IN)
  YESTERDAY        0.00          0.03  -0.03     0.00
  MONTH TO DATE    0.03          0.30  -0.27     0.45
  SINCE OCT 1      5.46          4.53   0.93     4.37
  SINCE JAN 1      1.08          1.28  -0.20     1.37

DEGREE DAYS
 HEATING
  YESTERDAY       33            33      0       23
  MONTH TO DATE  353           341     12      170
  SINCE DEC 1   2612          2571     41     2053
  SINCE JUL 1   3823          4009   -186     3245

 COOLING
  YESTERDAY        0             0      0        0
  MONTH TO DATE    0             0      0        0
  SINCE DEC 1      0             0      0        0
  SINCE JAN 1      0             0      0        0
......................................................


WIND (MPH)
  HIGHEST WIND SPEED     9   HIGHEST WIND DIRECTION     E (100)
  HIGHEST GUST SPEED    10   HIGHEST GUST DIRECTION     E (100)
  AVERAGE WIND SPEED     3.6


SKY COVER
  AVERAGE SKY COVER 0.0


WEATHER CONDITIONS
 THE FOLLOWING WEATHER WAS RECORDED YESTERDAY.
  FOG


RELATIVE HUMIDITY (PERCENT)
 HIGHEST   100           100 AM
 LOWEST     67           400 PM
 AVERAGE    84

..........................................................




SUNRISE AND SUNSET
FEBRUARY 11 2016......SUNRISE   740 AM MST   SUNSET   604 PM MST
FEBRUARY 12 2016......SUNRISE   739 AM MST   SUNSET   606 PM MST


-  INDICATES NEGATIVE NUMBERS.
R  INDICATES RECORD WAS SET OR TIED.
MM INDICATES DATA IS MISSING.
T  INDICATES TRACE AMOUNT.




$$
