000
CDUS45 KBOI 240933
CLITWF


CLIMATE REPORT
NATIONAL WEATHER SERVICE BOISE ID
232 AM MST FRI FEB 24 2017


...................................

...THE TWIN FALLS ID CLIMATE SUMMARY FOR FEBRUARY 23 2017...

CLIMATE NORMAL PERIOD 1981 TO 2010
CLIMATE RECORD PERIOD 9999 TO 9999


WEATHER ITEM   OBSERVED TIME   NORMAL DEPARTURE LAST
                VALUE   (LST)  VALUE  FROM      YEAR
                                      NORMAL
......................................................
TEMPERATURE (F)
 YESTERDAY
  MAXIMUM         28   1253 AM  45    -17       43
  MINIMUM         24   1159 PM  25     -1       20
  AVERAGE         26

PRECIPITATION (IN)
  YESTERDAY        0.12          0.02   0.10     0.00
  MONTH TO DATE    1.38          0.68   0.70     0.17
  SINCE OCT 1      7.39          4.91   2.48     5.60
  SINCE JAN 1      2.89          1.66   1.23     1.22

DEGREE DAYS
 HEATING
  YESTERDAY       39            30      9       33
  MONTH TO DATE  651           754   -103      671
  SINCE DEC 1   3270          2984    286     2930
  SINCE JUL 1   4572          4422    150     4141

 COOLING
  YESTERDAY        0             0      0        0
  MONTH TO DATE    0             0      0        0
  SINCE DEC 1      0             0      0        0
  SINCE JAN 1      0             0      0        0
......................................................


WIND (MPH)
  HIGHEST WIND SPEED    37   HIGHEST WIND DIRECTION     W (250)
  HIGHEST GUST SPEED    46   HIGHEST GUST DIRECTION     W (250)
  AVERAGE WIND SPEED    25.1


SKY COVER
  AVERAGE SKY COVER 1.0


WEATHER CONDITIONS
 THE FOLLOWING WEATHER WAS RECORDED YESTERDAY.
  SNOW
  LIGHT SNOW
  FOG
  FOG W/VISIBILITY <= 1/4 MILE
  HAZE
  BLOWING SNOW


RELATIVE HUMIDITY (PERCENT)
 HIGHEST    92          1200 AM
 LOWEST     74           900 PM
 AVERAGE    83

..........................................................




SUNRISE AND SUNSET
FEBRUARY 24 2017......SUNRISE   721 AM MST   SUNSET   622 PM MST
FEBRUARY 25 2017......SUNRISE   719 AM MST   SUNSET   623 PM MST


-  INDICATES NEGATIVE NUMBERS.
R  INDICATES RECORD WAS SET OR TIED.
MM INDICATES DATA IS MISSING.
T  INDICATES TRACE AMOUNT.




$$
