948
CDUS45 KBOI 210931
CLITWF


CLIMATE REPORT
NATIONAL WEATHER SERVICE BOISE ID
231 AM MST TUE NOV 21 2017


...................................

...THE TWIN FALLS ID CLIMATE SUMMARY FOR NOVEMBER 20 2017...

CLIMATE NORMAL PERIOD 1981 TO 2010
CLIMATE RECORD PERIOD 9999 TO 9999


WEATHER ITEM   OBSERVED TIME   NORMAL DEPARTURE LAST
                VALUE   (LST)  VALUE  FROM      YEAR
                                      NORMAL
......................................................
TEMPERATURE (F)
 YESTERDAY
  MAXIMUM         48    925 PM  46      2       61
  MINIMUM         30   1230 AM  25      5       39
  AVERAGE         39

PRECIPITATION (IN)
  YESTERDAY        0.06          0.04   0.02     0.00
  MONTH TO DATE    0.96          0.72   0.24     0.04
  SINCE OCT 1      1.61          1.52   0.09     2.82
  SINCE JAN 1      9.74          8.97   0.77    11.73

DEGREE DAYS
 HEATING
  YESTERDAY       26            29     -3       15
  MONTH TO DATE  518           502     16      388
  SINCE SEP 1   1318          1100    218      989
  SINCE JUL 1   1320          1121    199     1013

 COOLING
  YESTERDAY        0             0      0        0
  MONTH TO DATE    0             0      0        0
  SINCE SEP 1    119            63     56       26
  SINCE JAN 1    871           680    191      642
......................................................


WIND (MPH)
  HIGHEST WIND SPEED    24   HIGHEST WIND DIRECTION     S (180)
  HIGHEST GUST SPEED    30   HIGHEST GUST DIRECTION     S (180)
  AVERAGE WIND SPEED     9.7


SKY COVER
  AVERAGE SKY COVER 1.0


WEATHER CONDITIONS
 THE FOLLOWING WEATHER WAS RECORDED YESTERDAY.
  LIGHT RAIN
  FOG


RELATIVE HUMIDITY (PERCENT)
 HIGHEST    92           300 PM
 LOWEST     59           700 AM
 AVERAGE    76

..........................................................




SUNRISE AND SUNSET
NOVEMBER 21 2017......SUNRISE   737 AM MST   SUNSET   511 PM MST
NOVEMBER 22 2017......SUNRISE   738 AM MST   SUNSET   510 PM MST


-  INDICATES NEGATIVE NUMBERS.
R  INDICATES RECORD WAS SET OR TIED.
MM INDICATES DATA IS MISSING.
T  INDICATES TRACE AMOUNT.




$$
