000
CDUS44 KSHV 170836
CLITXK


CLIMATE REPORT
NATIONAL WEATHER SERVICE SHREVEPORT, LA
335 AM CDT WED SEP 17 2014


...................................

...THE TEXARKANA CLIMATE SUMMARY FOR SEPTEMBER 16 2014...

CLIMATE NORMAL PERIOD 1981 TO 2010
CLIMATE RECORD PERIOD 1896 TO 2014


WEATHER ITEM   OBSERVED TIME   RECORD YEAR NORMAL DEPARTURE LAST
                VALUE   (LST)  VALUE       VALUE  FROM      YEAR
                                                  NORMAL
..................................................................
TEMPERATURE (F)
 YESTERDAY
  MAXIMUM         88    500 PM 104    1896  86      2       97
  MINIMUM         69    608 AM  45    1902  63      6       66
  AVERAGE         79                        75      4       82

PRECIPITATION (IN)
  YESTERDAY        T             3.80 1964   0.12  -0.12     0.00
  MONTH TO DATE    1.96                      1.88   0.08     0.14
  SINCE DEC 1     32.72                     38.35  -5.63    24.18
  SINCE JAN 1     26.89                     33.30  -6.41    19.72

SNOWFALL (IN)
  YESTERDAY        0.0
  MONTH TO DATE    0.0
  SINCE SEP 1      0.0
  SINCE JUL 1      0.0
  SNOW DEPTH       0

DEGREE DAYS
 HEATING
  YESTERDAY        0                         0      0        0
  MONTH TO DATE    3                         0      3        0
  SINCE SEP 1      3                         0      3        0
  SINCE JUL 1      3                         0      3        0

 COOLING
  YESTERDAY       14                        10      4       17
  MONTH TO DATE  224                       198     26      286
  SINCE SEP 1    224                       198     26      286
  SINCE JAN 1   1875                      1986   -111     2101
..................................................................


WIND (MPH)
  HIGHEST WIND SPEED     7   HIGHEST WIND DIRECTION    NE (50)
  HIGHEST GUST SPEED     9   HIGHEST GUST DIRECTION    NE (50)
  AVERAGE WIND SPEED     2.2


SKY COVER
  POSSIBLE SUNSHINE  MM
  AVERAGE SKY COVER 0.1


WEATHER CONDITIONS
 THE FOLLOWING WEATHER WAS RECORDED YESTERDAY.
  FOG


RELATIVE HUMIDITY (PERCENT)
 HIGHEST   100           200 AM
 LOWEST     50           400 PM
 AVERAGE    75

..........................................................


THE TEXARKANA CLIMATE NORMALS FOR TODAY
                         NORMAL    RECORD    YEAR
 MAXIMUM TEMPERATURE (F)   86       104      1927
 MINIMUM TEMPERATURE (F)   63        46      1916


SUNRISE AND SUNSET
SEPTEMBER 17 2014.....SUNRISE   701 AM CDT   SUNSET   720 PM CDT
SEPTEMBER 18 2014.....SUNRISE   701 AM CDT   SUNSET   718 PM CDT


-  INDICATES NEGATIVE NUMBERS.
R  INDICATES RECORD WAS SET OR TIED.
MM INDICATES DATA IS MISSING.
T  INDICATES TRACE AMOUNT.




$$
