000
CDUS44 KSHV 280851
CLITXK


CLIMATE REPORT
NATIONAL WEATHER SERVICE SHREVEPORT, LA
246 AM CST SUN DEC 28 2014


...................................

...THE TEXARKANA CLIMATE SUMMARY FOR DECEMBER 27 2014...

CLIMATE NORMAL PERIOD 1981 TO 2010
CLIMATE RECORD PERIOD 1896 TO 2014


WEATHER ITEM   OBSERVED TIME   RECORD YEAR NORMAL DEPARTURE LAST
                VALUE   (LST)  VALUE       VALUE  FROM      YEAR
                                                  NORMAL
..................................................................
TEMPERATURE (F)
 YESTERDAY
  MAXIMUM         58    924 AM  78    2005  54      4       56
  MINIMUM         40   1159 PM  18    2010  34      6       31
                                      1904
  AVERAGE         49                        44      5       44

PRECIPITATION (IN)
  YESTERDAY        0.75          4.00 1937   0.13   0.62     0.00
  MONTH TO DATE    2.68                      4.55  -1.87     5.83
  SINCE DEC 1      2.68                      4.55  -1.87     5.83
  SINCE JAN 1     35.24                     49.15 -13.91    45.34

SNOWFALL (IN)
  YESTERDAY       MM
  MONTH TO DATE    0.0
  SINCE DEC 1      0.0
  SINCE JUL 1      T
  SNOW DEPTH       0

DEGREE DAYS
 HEATING
  YESTERDAY       16                        21     -5       21
  MONTH TO DATE  439                       522    -83      545
  SINCE DEC 1    439                       522    -83      545
  SINCE JUL 1    949                       980    -31     1070

 COOLING
  YESTERDAY        0                         0      0        0
  MONTH TO DATE    1                         0      1        2
  SINCE DEC 1      1                         0      1        2
  SINCE JAN 1   2134                      2204    -70     2354
..................................................................


WIND (MPH)
  HIGHEST WIND SPEED    17   HIGHEST WIND DIRECTION    NW (310)
  HIGHEST GUST SPEED    23   HIGHEST GUST DIRECTION    NW (320)
  AVERAGE WIND SPEED     7.4


SKY COVER
  POSSIBLE SUNSHINE  MM
  AVERAGE SKY COVER 1.0


WEATHER CONDITIONS
 THE FOLLOWING WEATHER WAS RECORDED YESTERDAY.
  THUNDERSTORM
  HEAVY RAIN
  RAIN
  LIGHT RAIN
  FOG
  FOG W/VISIBILITY <= 1/4 MILE


RELATIVE HUMIDITY (PERCENT)
 HIGHEST   100           300 AM
 LOWEST     92           900 PM
 AVERAGE    96

..........................................................


THE TEXARKANA CLIMATE NORMALS FOR TODAY
                         NORMAL    RECORD    YEAR
 MAXIMUM TEMPERATURE (F)   53        79      1984
 MINIMUM TEMPERATURE (F)   34        13      1925


SUNRISE AND SUNSET
DECEMBER 28 2014......SUNRISE   719 AM CST   SUNSET   516 PM CST
DECEMBER 29 2014......SUNRISE   719 AM CST   SUNSET   517 PM CST


-  INDICATES NEGATIVE NUMBERS.
R  INDICATES RECORD WAS SET OR TIED.
MM INDICATES DATA IS MISSING.
T  INDICATES TRACE AMOUNT.




$$
