000
CDUS44 KSHV 060902
CLITXK


CLIMATE REPORT
NATIONAL WEATHER SERVICE SHREVEPORT, LA
302 AM CST FRI MAR 6 2015


...................................

...THE TEXARKANA CLIMATE SUMMARY FOR MARCH 5 2015...

CLIMATE NORMAL PERIOD 1981 TO 2010
CLIMATE RECORD PERIOD 1896 TO 2015


WEATHER ITEM   OBSERVED TIME   RECORD YEAR NORMAL DEPARTURE LAST
                VALUE   (LST)  VALUE       VALUE  FROM      YEAR
                                                  NORMAL
..................................................................
TEMPERATURE (F)
 YESTERDAY
  MAXIMUM         41    447 PM  87    1991  64    -23       45
  MINIMUM         25    841 AM  24    1960  42    -17       25
  AVERAGE         33                        53    -20       35

PRECIPITATION (IN)
  YESTERDAY        0.25          1.80 1935   0.14   0.11      T
  MONTH TO DATE    3.20                      0.70   2.50     1.32
  SINCE DEC 1     13.97                     13.14   0.83    11.07
  SINCE JAN 1     11.29                      8.09   3.20     5.24

SNOWFALL (IN)
  YESTERDAY       MM
  MONTH TO DATE    T
  SINCE MAR 1      T
  SINCE JUL 1      4.2
  SNOW DEPTH       0

DEGREE DAYS
 HEATING
  YESTERDAY       32                        12     20       30
  MONTH TO DATE  119                        64     55      119
  SINCE MAR 1    119                        64     55      119
  SINCE JUL 1   2500                      2258    242     2587

 COOLING
  YESTERDAY        0                         0      0        0
  MONTH TO DATE    0                         0      0        0
  SINCE MAR 1      0                         0      0        0
  SINCE JAN 1      0                         4     -4        0
..................................................................


WIND (MPH)
  HIGHEST WIND SPEED    22   HIGHEST WIND DIRECTION    NE (30)
  HIGHEST GUST SPEED    31   HIGHEST GUST DIRECTION    NE (40)
  AVERAGE WIND SPEED     9.7


SKY COVER
  POSSIBLE SUNSHINE  MM
  AVERAGE SKY COVER 0.3


WEATHER CONDITIONS
 THE FOLLOWING WEATHER WAS RECORDED YESTERDAY.
  SNOW
  LIGHT SNOW
  FOG


RELATIVE HUMIDITY (PERCENT)
 HIGHEST   100          1200 AM
 LOWEST     44           500 PM
 AVERAGE    72

..........................................................


THE TEXARKANA CLIMATE NORMALS FOR TODAY
                         NORMAL    RECORD    YEAR
 MAXIMUM TEMPERATURE (F)   64        85      1956
 MINIMUM TEMPERATURE (F)   42        24      1989


SUNRISE AND SUNSET
MARCH  6 2015.........SUNRISE   638 AM CST   SUNSET   617 PM CST
MARCH  7 2015.........SUNRISE   637 AM CST   SUNSET   617 PM CST


-  INDICATES NEGATIVE NUMBERS.
R  INDICATES RECORD WAS SET OR TIED.
MM INDICATES DATA IS MISSING.
T  INDICATES TRACE AMOUNT.




$$
