000
CDUS44 KSHV 040734
CLITXK


CLIMATE REPORT
NATIONAL WEATHER SERVICE SHREVEPORT, LA
231 AM CDT FRI SEP 4 2015


...................................

...THE TEXARKANA CLIMATE SUMMARY FOR SEPTEMBER 3 2015...

CLIMATE NORMAL PERIOD 1981 TO 2010
CLIMATE RECORD PERIOD 1896 TO 2015


WEATHER ITEM   OBSERVED TIME   RECORD YEAR NORMAL DEPARTURE LAST
                VALUE   (LST)  VALUE       VALUE  FROM      YEAR
                                                  NORMAL
..................................................................
TEMPERATURE (F)
 YESTERDAY
  MAXIMUM         94    406 PM 107    1939  90      4       94
                                      2000
  MINIMUM         68    602 AM  56    1974  68      0       71
  AVERAGE         81                        79      2       83

PRECIPITATION (IN)
  YESTERDAY        0.00          2.76 2008   0.11  -0.11     0.00
  MONTH TO DATE    0.00                      0.34  -0.34      T
  SINCE DEC 1     43.23                     36.81   6.42    30.76
  SINCE JAN 1     40.55                     31.76   8.79    24.93

SNOWFALL (IN)
  YESTERDAY        0.0
  MONTH TO DATE    0.0
  SINCE SEP 1      0.0
  SINCE JUL 1      0.0
  SNOW DEPTH       0

DEGREE DAYS
 HEATING
  YESTERDAY        0                         0      0        0
  MONTH TO DATE    0                         0      0        0
  SINCE SEP 1      0                         0      0        0
  SINCE JUL 1      0                         0      0        0

 COOLING
  YESTERDAY       16                        14      2       18
  MONTH TO DATE   48                        43      5       55
  SINCE SEP 1     48                        43      5       55
  SINCE JAN 1   2017                      1831    186     1706
..................................................................


WIND (MPH)
  HIGHEST WIND SPEED    13   HIGHEST WIND DIRECTION    SE (140)
  HIGHEST GUST SPEED    16   HIGHEST GUST DIRECTION    SE (140)
  AVERAGE WIND SPEED     3.5


SKY COVER
  POSSIBLE SUNSHINE  MM
  AVERAGE SKY COVER 0.0


WEATHER CONDITIONS
 THE FOLLOWING WEATHER WAS RECORDED YESTERDAY.
  NO SIGNIFICANT WEATHER WAS OBSERVED.


RELATIVE HUMIDITY (PERCENT)
 HIGHEST    93           200 AM
 LOWEST     36           400 PM
 AVERAGE    65

..........................................................


THE TEXARKANA CLIMATE NORMALS FOR TODAY
                         NORMAL    RECORD    YEAR
 MAXIMUM TEMPERATURE (F)   90       108      1939
                                             2000
 MINIMUM TEMPERATURE (F)   67        50      1934


SUNRISE AND SUNSET
SEPTEMBER  4 2015.....SUNRISE   652 AM CDT   SUNSET   738 PM CDT
SEPTEMBER  5 2015.....SUNRISE   653 AM CDT   SUNSET   736 PM CDT


-  INDICATES NEGATIVE NUMBERS.
R  INDICATES RECORD WAS SET OR TIED.
MM INDICATES DATA IS MISSING.
T  INDICATES TRACE AMOUNT.




$$
