000
CDUS44 KSHV 292150
CLITXK


CLIMATE REPORT
NATIONAL WEATHER SERVICE SHREVEPORT, LA
450 PM CDT WED JUL 29 2015


...................................

...THE TEXARKANA CLIMATE SUMMARY FOR JULY 29 2015...
VALID TODAY AS OF 0400 PM LOCAL TIME.

CLIMATE NORMAL PERIOD 1981 TO 2010
CLIMATE RECORD PERIOD 1896 TO 2015


WEATHER ITEM   OBSERVED TIME   RECORD YEAR NORMAL DEPARTURE LAST
                VALUE   (LST)  VALUE       VALUE  FROM      YEAR
                                                  NORMAL
..................................................................
TEMPERATURE (F)
 TODAY
  MAXIMUM        100    213 PM 110    1930  94      6       89
  MINIMUM         77    510 AM  65    1928  72      5       66
  AVERAGE         89                        83      6       78

PRECIPITATION (IN)
  TODAY            0.00          1.83 2009   0.10  -0.10     0.00
  MONTH TO DATE    2.13                      3.24  -1.11     2.26
  SINCE DEC 1     42.06                     33.36   8.70    27.59
  SINCE JAN 1     39.38                     28.31  11.07    21.76

DEGREE DAYS
 HEATING
  TODAY            0                         0      0        0
  MONTH TO DATE    0                         0      0        0
  SINCE JUN 1      0                         0      0        0
  SINCE JUL 1      0                         0      0        0

 COOLING
  TODAY           24                        18      6       13
  MONTH TO DATE  580                       500     80      406
  SINCE JUN 1   1059                       905    154      835
  SINCE JAN 1   1383                      1225    158     1129
..................................................................


WIND (MPH)
  HIGHEST WIND SPEED    10   HIGHEST WIND DIRECTION    NW (330)
  HIGHEST GUST SPEED    15   HIGHEST GUST DIRECTION    NW (330)
  AVERAGE WIND SPEED     5.3


SKY COVER
  POSSIBLE SUNSHINE  MM
  AVERAGE SKY COVER 0.0


WEATHER CONDITIONS
 THE FOLLOWING WEATHER WAS RECORDED TODAY.
  NO SIGNIFICANT WEATHER WAS OBSERVED.


RELATIVE HUMIDITY (PERCENT)
 HIGHEST    79           400 AM
 LOWEST     35           300 PM
 AVERAGE    57

..........................................................


THE TEXARKANA CLIMATE NORMALS FOR TOMORROW
                         NORMAL    RECORD    YEAR
 MAXIMUM TEMPERATURE (F)   94       106      1930
 MINIMUM TEMPERATURE (F)   72        62      1965


SUNRISE AND SUNSET
JULY 29 2015..........SUNRISE   626 AM CDT   SUNSET   818 PM CDT
JULY 30 2015..........SUNRISE   627 AM CDT   SUNSET   817 PM CDT


-  INDICATES NEGATIVE NUMBERS.
R  INDICATES RECORD WAS SET OR TIED.
MM INDICATES DATA IS MISSING.
T  INDICATES TRACE AMOUNT.




$$
