000
CDUS44 KSHV 220752
CLITXK


CLIMATE REPORT
NATIONAL WEATHER SERVICE SHREVEPORT, LA
247 AM CDT SAT JUL 22 2017


...................................

...THE TEXARKANA CLIMATE SUMMARY FOR JULY 21 2017...

CLIMATE NORMAL PERIOD 1981 TO 2010
CLIMATE RECORD PERIOD 1896 TO 2017


WEATHER ITEM   OBSERVED TIME   RECORD YEAR NORMAL DEPARTURE LAST
                VALUE   (LST)  VALUE       VALUE  FROM      YEAR
                                                  NORMAL
..................................................................
TEMPERATURE (F)
 YESTERDAY
  MAXIMUM         95    325 PM 107    1939  93      2      102
  MINIMUM         77    555 AM  62    1984  72      5       78
  AVERAGE         86                        83      3       90

PRECIPITATION (IN)
  YESTERDAY        0.00          2.03 1940   0.09  -0.09     0.00
  MONTH TO DATE    4.03                      2.50   1.53     0.60
  SINCE DEC 1     33.55                     32.62   0.93    36.87
  SINCE JAN 1     27.13                     27.57  -0.44    30.89

SNOWFALL (IN)
  YESTERDAY        0.0
  MONTH TO DATE    0.0
  SINCE JUN 1      0.0
  SINCE JUL 1      0.0
  SNOW DEPTH       0

DEGREE DAYS
 HEATING
  YESTERDAY        0                         0      0        0
  MONTH TO DATE    0                         0      0        0
  SINCE JUN 1      0                         0      0        0
  SINCE JUL 1      0                         0      0        0

 COOLING
  YESTERDAY       21                        18      3       25
  MONTH TO DATE  353                       356     -3      437
  SINCE JUN 1    737                       761    -24      926
  SINCE JAN 1   1097                      1081     16     1216
..................................................................


WIND (MPH)
  HIGHEST WIND SPEED    10   HIGHEST WIND DIRECTION    SW (220)
  HIGHEST GUST SPEED    15   HIGHEST GUST DIRECTION    SW (230)
  AVERAGE WIND SPEED     5.1


SKY COVER
  POSSIBLE SUNSHINE  MM
  AVERAGE SKY COVER 0.1


WEATHER CONDITIONS
 THE FOLLOWING WEATHER WAS RECORDED YESTERDAY.
  NO SIGNIFICANT WEATHER WAS OBSERVED.


RELATIVE HUMIDITY (PERCENT)
 HIGHEST    97           100 AM
 LOWEST     49          1200 PM
 AVERAGE    73

..........................................................


THE TEXARKANA CLIMATE NORMALS FOR TODAY
                         NORMAL    RECORD    YEAR
 MAXIMUM TEMPERATURE (F)   94       110      1939
 MINIMUM TEMPERATURE (F)   72        58      1970


SUNRISE AND SUNSET
JULY 22 2017..........SUNRISE   622 AM CDT   SUNSET   823 PM CDT
JULY 23 2017..........SUNRISE   623 AM CDT   SUNSET   822 PM CDT


-  INDICATES NEGATIVE NUMBERS.
R  INDICATES RECORD WAS SET OR TIED.
MM INDICATES DATA IS MISSING.
T  INDICATES TRACE AMOUNT.




$$
