000
CDUS44 KSHV 190836
CLITXK


CLIMATE REPORT
NATIONAL WEATHER SERVICE SHREVEPORT, LA
236 AM CST SUN FEB 19 2017


...................................

...THE TEXARKANA CLIMATE SUMMARY FOR FEBRUARY 18 2017...

CLIMATE NORMAL PERIOD 1981 TO 2010
CLIMATE RECORD PERIOD 1896 TO 2017


WEATHER ITEM   OBSERVED TIME   RECORD YEAR NORMAL DEPARTURE LAST
                VALUE   (LST)  VALUE       VALUE  FROM      YEAR
                                                  NORMAL
..................................................................
TEMPERATURE (F)
 YESTERDAY
  MAXIMUM         64    450 PM  84    1986  60      4       77
  MINIMUM         52    818 AM   7    1936  38     14       45
  AVERAGE         58                        49      9       61

PRECIPITATION (IN)
  YESTERDAY        0.01          3.28 1938   0.16  -0.15     0.00
  MONTH TO DATE    1.58                      2.48  -0.90     2.07
  SINCE DEC 1     12.27                     10.93   1.34    10.00
  SINCE JAN 1      5.85                      5.88  -0.03     4.02

SNOWFALL (IN)
  YESTERDAY        0.0
  MONTH TO DATE    0.0
  SINCE DEC 1      0.1
  SINCE JUL 1      0.1
  SNOW DEPTH       0

DEGREE DAYS
 HEATING
  YESTERDAY        7                        16     -9        4
  MONTH TO DATE  206                       325   -119      262
  SINCE DEC 1   1151                      1589   -438     1263
  SINCE JUL 1   1385                      2047   -662     1547

 COOLING
  YESTERDAY        0                         0      0        0
  MONTH TO DATE   11                         0     11        0
  SINCE DEC 1     32                         4     28       14
  SINCE JAN 1     25                         1     24        1
..................................................................


WIND (MPH)
  HIGHEST WIND SPEED    10   HIGHEST WIND DIRECTION    SE (150)
  HIGHEST GUST SPEED    13   HIGHEST GUST DIRECTION    SE (140)
  AVERAGE WIND SPEED     5.5


SKY COVER
  POSSIBLE SUNSHINE  MM
  AVERAGE SKY COVER 0.6


WEATHER CONDITIONS
 THE FOLLOWING WEATHER WAS RECORDED YESTERDAY.
  LIGHT RAIN
  FOG


RELATIVE HUMIDITY (PERCENT)
 HIGHEST   100           300 AM
 LOWEST     84           300 PM
 AVERAGE    92

..........................................................


THE TEXARKANA CLIMATE NORMALS FOR TODAY
                         NORMAL    RECORD    YEAR
 MAXIMUM TEMPERATURE (F)   60        82      1986
 MINIMUM TEMPERATURE (F)   39        13      1978


SUNRISE AND SUNSET
FEBRUARY 19 2017......SUNRISE   655 AM CST   SUNSET   605 PM CST
FEBRUARY 20 2017......SUNRISE   654 AM CST   SUNSET   605 PM CST


-  INDICATES NEGATIVE NUMBERS.
R  INDICATES RECORD WAS SET OR TIED.
MM INDICATES DATA IS MISSING.
T  INDICATES TRACE AMOUNT.




$$
