812
CDUS44 KSHV 100836
CLITYR


CLIMATE REPORT
NATIONAL WEATHER SERVICE SHREVEPORT, LA
235 AM CST WED FEB 10 2016


...................................

...THE TYLER CLIMATE SUMMARY FOR FEBRUARY 9 2016...

CLIMATE NORMAL PERIOD 1981 TO 2010
CLIMATE RECORD PERIOD 1896 TO 2016


WEATHER ITEM   OBSERVED TIME   RECORD YEAR NORMAL DEPARTURE LAST
                VALUE   (LST)  VALUE       VALUE  FROM      YEAR
                                                  NORMAL
..................................................................
TEMPERATURE (F)
 YESTERDAY
  MAXIMUM         61    318 PM  84    1954  59      2       76
  MINIMUM         35    713 AM  12    1933  39     -4       46
  AVERAGE         48                        49     -1       61

PRECIPITATION (IN)
  YESTERDAY        0.00          1.45 1950   0.13  -0.13     0.00
  MONTH TO DATE    0.04                      1.13  -1.09     0.25
  SINCE DEC 1     11.24                      8.43   2.81     5.83
  SINCE JAN 1      1.47                      4.19  -2.72     4.36

SNOWFALL (IN)
  YESTERDAY        0.0
  MONTH TO DATE    0.0
  SINCE DEC 1      0.0
  SINCE JUL 1      0.0
  SNOW DEPTH       0

DEGREE DAYS
 HEATING
  YESTERDAY       17                        16      1        4
  MONTH TO DATE  142                       150     -8      141
  SINCE DEC 1    971                      1254   -283     1142
  SINCE JUL 1   1164                      1628   -464     1523

 COOLING
  YESTERDAY        0                         0      0        0
  MONTH TO DATE    0                         0      0        0
  SINCE DEC 1     29                        10     19        3
  SINCE JAN 1      2                         4     -2        0
..................................................................


WIND (MPH)
  HIGHEST WIND SPEED    25   HIGHEST WIND DIRECTION    NW (310)
  HIGHEST GUST SPEED    32   HIGHEST GUST DIRECTION    NW (310)
  AVERAGE WIND SPEED    11.0


SKY COVER
  POSSIBLE SUNSHINE  MM
  AVERAGE SKY COVER 0.1


WEATHER CONDITIONS
 THE FOLLOWING WEATHER WAS RECORDED YESTERDAY.
  NO SIGNIFICANT WEATHER WAS OBSERVED.


RELATIVE HUMIDITY (PERCENT)
 HIGHEST    44           600 AM
 LOWEST     22          1200 PM
 AVERAGE    33

..........................................................


THE TYLER CLIMATE NORMALS FOR TODAY
                         NORMAL    RECORD    YEAR
 MAXIMUM TEMPERATURE (F)   59        83      1960
 MINIMUM TEMPERATURE (F)   39        16      1979


SUNRISE AND SUNSET
FEBRUARY 10 2016......SUNRISE   709 AM CST   SUNSET   603 PM CST
FEBRUARY 11 2016......SUNRISE   708 AM CST   SUNSET   604 PM CST


-  INDICATES NEGATIVE NUMBERS.
R  INDICATES RECORD WAS SET OR TIED.
MM INDICATES DATA IS MISSING.
T  INDICATES TRACE AMOUNT.




$$
