602
CDUS44 KSHV 230849
CLITYR


CLIMATE REPORT
NATIONAL WEATHER SERVICE SHREVEPORT, LA
249 AM CST THU FEB 23 2017


...................................

...THE TYLER CLIMATE SUMMARY FOR FEBRUARY 22 2017...

CLIMATE NORMAL PERIOD 1981 TO 2010
CLIMATE RECORD PERIOD 1896 TO 2017


WEATHER ITEM   OBSERVED TIME   RECORD YEAR NORMAL DEPARTURE LAST
                VALUE   (LST)  VALUE       VALUE  FROM      YEAR
                                                  NORMAL
..................................................................
TEMPERATURE (F)
 YESTERDAY
  MAXIMUM         80    509 PM  87    1996  62     18       61
  MINIMUM         48    706 AM  14    1978  42      6       53
  AVERAGE         64                        52     12       57

PRECIPITATION (IN)
  YESTERDAY        0.00          2.31 1994   0.13  -0.13     0.16
  MONTH TO DATE    2.25                      2.95  -0.70     1.85
  SINCE DEC 1     10.44                     10.25   0.19    13.05
  SINCE JAN 1      7.79                      6.01   1.78     3.28

SNOWFALL (IN)
  YESTERDAY        0.0
  MONTH TO DATE    0.0
  SINCE DEC 1      T
  SINCE JUL 1      T
  SNOW DEPTH       0

DEGREE DAYS
 HEATING
  YESTERDAY        1                        13    -12        8
  MONTH TO DATE  136                       338   -202      206
  SINCE DEC 1    916                      1442   -526     1035
  SINCE JUL 1   1047                      1816   -769     1228

 COOLING
  YESTERDAY        0                         0      0        0
  MONTH TO DATE   30                         0     30        8
  SINCE DEC 1     71                        10     61       37
  SINCE JAN 1     49                         4     45       10
..................................................................


WIND (MPH)
  HIGHEST WIND SPEED    10   HIGHEST WIND DIRECTION     S (170)
  HIGHEST GUST SPEED    12   HIGHEST GUST DIRECTION     S (190)
  AVERAGE WIND SPEED     4.6


SKY COVER
  POSSIBLE SUNSHINE  MM
  AVERAGE SKY COVER 0.0


WEATHER CONDITIONS
 THE FOLLOWING WEATHER WAS RECORDED YESTERDAY.
  NO SIGNIFICANT WEATHER WAS OBSERVED.


RELATIVE HUMIDITY (PERCENT)
 HIGHEST   100           500 AM
 LOWEST     33           400 PM
 AVERAGE    67

..........................................................


THE TYLER CLIMATE NORMALS FOR TODAY
                         NORMAL    RECORD    YEAR
 MAXIMUM TEMPERATURE (F)   63        87      1982
 MINIMUM TEMPERATURE (F)   42        19      1901


SUNRISE AND SUNSET
FEBRUARY 23 2017......SUNRISE   656 AM CST   SUNSET   615 PM CST
FEBRUARY 24 2017......SUNRISE   654 AM CST   SUNSET   615 PM CST


-  INDICATES NEGATIVE NUMBERS.
R  INDICATES RECORD WAS SET OR TIED.
MM INDICATES DATA IS MISSING.
T  INDICATES TRACE AMOUNT.




$$
