000
CDUS44 KSHV 280732
CLITYR


CLIMATE REPORT
NATIONAL WEATHER SERVICE SHREVEPORT, LA
231 AM CDT WED JUN 28 2017


...................................

...THE TYLER CLIMATE SUMMARY FOR JUNE 27 2017...

CLIMATE NORMAL PERIOD 1981 TO 2010
CLIMATE RECORD PERIOD 1896 TO 2017


WEATHER ITEM   OBSERVED TIME   RECORD YEAR NORMAL DEPARTURE LAST
                VALUE   (LST)  VALUE       VALUE  FROM      YEAR
                                                  NORMAL
..................................................................
TEMPERATURE (F)
 YESTERDAY
  MAXIMUM         90    248 PM 103    1980  90      0       97
  MINIMUM         73    501 AM  49    1974  72      1       76
  AVERAGE         82                        81      1       87

PRECIPITATION (IN)
  YESTERDAY        0.00          2.96 1946   0.15  -0.15      T
  MONTH TO DATE    4.15                      4.39  -0.24     1.98
  SINCE DEC 1     23.62                     27.56  -3.94    34.88
  SINCE JAN 1     20.97                     23.32  -2.35    25.11

SNOWFALL (IN)
  YESTERDAY        0.0
  MONTH TO DATE    0.0
  SINCE JUN 1      0.0
  SINCE JUL 1      T
  SNOW DEPTH       0

DEGREE DAYS
 HEATING
  YESTERDAY        0                         0      0        0
  MONTH TO DATE    0                         0      0        0
  SINCE JUN 1      0                         0      0        0
  SINCE JUL 1   1256                      2269  -1013     1467

 COOLING
  YESTERDAY       17                        16      1       22
  MONTH TO DATE  410                       384     26      478
  SINCE JUN 1    410                       384     26      478
  SINCE JAN 1    962                       753    209      926
..................................................................


WIND (MPH)
  HIGHEST WIND SPEED    13   HIGHEST WIND DIRECTION     E (110)
  HIGHEST GUST SPEED    16   HIGHEST GUST DIRECTION    SE (120)
  AVERAGE WIND SPEED     5.7


SKY COVER
  POSSIBLE SUNSHINE  MM
  AVERAGE SKY COVER 0.4


WEATHER CONDITIONS
 THE FOLLOWING WEATHER WAS RECORDED YESTERDAY.
  NO SIGNIFICANT WEATHER WAS OBSERVED.


RELATIVE HUMIDITY (PERCENT)
 HIGHEST    94           700 AM
 LOWEST     52           300 PM
 AVERAGE    73

..........................................................


THE TYLER CLIMATE NORMALS FOR TODAY
                         NORMAL    RECORD    YEAR
 MAXIMUM TEMPERATURE (F)   90       105      1930
 MINIMUM TEMPERATURE (F)   72        53      1974


SUNRISE AND SUNSET
JUNE 28 2017..........SUNRISE   617 AM CDT   SUNSET   833 PM CDT
JUNE 29 2017..........SUNRISE   618 AM CDT   SUNSET   833 PM CDT


-  INDICATES NEGATIVE NUMBERS.
R  INDICATES RECORD WAS SET OR TIED.
MM INDICATES DATA IS MISSING.
T  INDICATES TRACE AMOUNT.




$$
