000
CDUS44 KSHV 222201
CLITYR


CLIMATE REPORT
NATIONAL WEATHER SERVICE SHREVEPORT, LA
501 PM CDT SUN OCT 22 2017


...................................

...THE TYLER CLIMATE SUMMARY FOR OCTOBER 22 2017...
VALID TODAY AS OF 0500 PM LOCAL TIME.

CLIMATE NORMAL PERIOD 1981 TO 2010
CLIMATE RECORD PERIOD 1896 TO 2017


WEATHER ITEM   OBSERVED TIME   RECORD YEAR NORMAL DEPARTURE LAST
                VALUE   (LST)  VALUE       VALUE  FROM      YEAR
                                                  NORMAL
..................................................................
TEMPERATURE (F)
 TODAY
  MAXIMUM         76    210 AM  96    1939  76      0       75
  MINIMUM         60    923 AM  33    1910  54      6       47
  AVERAGE         68                        65      3       61

PRECIPITATION (IN)
  TODAY            1.13          2.34 1919   0.18   0.95     0.00
  MONTH TO DATE    1.41                      3.35  -1.94     1.22
  SINCE DEC 1     35.91                     40.19  -4.28    42.59
  SINCE JAN 1     33.26                     35.95  -2.69    32.82

SNOWFALL (IN)
  TODAY            0.0
  MONTH TO DATE    0.0
  SINCE SEP 1      0.0
  SINCE JUL 1      0.0
  SNOW DEPTH       0

DEGREE DAYS
 HEATING
  TODAY            0                         3     -3        4
  MONTH TO DATE    8                        34    -26        6
  SINCE SEP 1      8                        39    -31        6
  SINCE JUL 1      8                        39    -31        6

 COOLING
  TODAY            3                         3      0        0
  MONTH TO DATE  187                       106     81      204
  SINCE SEP 1    567                       448    119      682
  SINCE JAN 1   2701                      2370    331     2981
..................................................................


WIND (MPH)
  HIGHEST WIND SPEED    30   HIGHEST WIND DIRECTION    NW (330)
  HIGHEST GUST SPEED    42   HIGHEST GUST DIRECTION    NW (330)
  AVERAGE WIND SPEED    11.8


SKY COVER
  POSSIBLE SUNSHINE  MM
  AVERAGE SKY COVER 0.8


WEATHER CONDITIONS
 THE FOLLOWING WEATHER WAS RECORDED TODAY.
  THUNDERSTORM
  HEAVY RAIN
  RAIN
  LIGHT RAIN
  FOG


RELATIVE HUMIDITY (PERCENT)
 HIGHEST   100           500 AM
 LOWEST     38           300 PM
 AVERAGE    69

..........................................................


THE TYLER CLIMATE NORMALS FOR TOMORROW
                         NORMAL    RECORD    YEAR
 MAXIMUM TEMPERATURE (F)   75        92      1939
 MINIMUM TEMPERATURE (F)   54        33      1938


SUNRISE AND SUNSET
OCTOBER 22 2017.......SUNRISE   731 AM CDT   SUNSET   641 PM CDT
OCTOBER 23 2017.......SUNRISE   732 AM CDT   SUNSET   640 PM CDT


-  INDICATES NEGATIVE NUMBERS.
R  INDICATES RECORD WAS SET OR TIED.
MM INDICATES DATA IS MISSING.
T  INDICATES TRACE AMOUNT.




$$
