000
CDUS44 KSHV 242204
CLITYR


CLIMATE REPORT
NATIONAL WEATHER SERVICE SHREVEPORT, LA
503 PM CDT FRI MAR 24 2017


...................................

...THE TYLER CLIMATE SUMMARY FOR MARCH 24 2017...
VALID TODAY AS OF 0500 PM LOCAL TIME.

CLIMATE NORMAL PERIOD 1981 TO 2010
CLIMATE RECORD PERIOD 1896 TO 2017


WEATHER ITEM   OBSERVED TIME   RECORD YEAR NORMAL DEPARTURE LAST
                VALUE   (LST)  VALUE       VALUE  FROM      YEAR
                                                  NORMAL
..................................................................
TEMPERATURE (F)
 TODAY
  MAXIMUM         78   1116 AM  88    1910  69      9       71
  MINIMUM         58    222 PM  28    1968  49      9       45
  AVERAGE         68                        58     10       58

PRECIPITATION (IN)
  TODAY            0.56          1.75 1973   0.13   0.43     0.41
  MONTH TO DATE    1.27                      3.30  -2.03     7.98
  SINCE DEC 1     11.72                     14.41  -2.69    21.95
  SINCE JAN 1      9.07                     10.17  -1.10    12.18

SNOWFALL (IN)
  TODAY            0.0
  MONTH TO DATE    0.0
  SINCE MAR 1      0.0
  SINCE JUL 1      T
  SNOW DEPTH       0

DEGREE DAYS
 HEATING
  TODAY            0                         7     -7        7
  MONTH TO DATE  124                       226   -102       89
  SINCE MAR 1    124                       226   -102       89
  SINCE JUL 1   1207                      2118   -911     1398

 COOLING
  TODAY            3                         1      2        0
  MONTH TO DATE   81                        12     69       33
  SINCE MAR 1     81                        12     69       33
  SINCE JAN 1    155                        24    131       43
..................................................................


WIND (MPH)
  HIGHEST WIND SPEED    31   HIGHEST WIND DIRECTION     S (170)
  HIGHEST GUST SPEED    43   HIGHEST GUST DIRECTION     S (160)
  AVERAGE WIND SPEED    17.9


SKY COVER
  POSSIBLE SUNSHINE  MM
  AVERAGE SKY COVER 0.7


WEATHER CONDITIONS
 THE FOLLOWING WEATHER WAS RECORDED TODAY.
  THUNDERSTORM
  HEAVY RAIN
  RAIN
  LIGHT RAIN
  FOG


RELATIVE HUMIDITY (PERCENT)
 HIGHEST   100           300 PM
 LOWEST     54          1100 AM
 AVERAGE    77

..........................................................


THE TYLER CLIMATE NORMALS FOR TOMORROW
                         NORMAL    RECORD    YEAR
 MAXIMUM TEMPERATURE (F)   69        88      1950
 MINIMUM TEMPERATURE (F)   49        28      1966


SUNRISE AND SUNSET
MARCH 24 2017.........SUNRISE   720 AM CDT   SUNSET   736 PM CDT
MARCH 25 2017.........SUNRISE   718 AM CDT   SUNSET   737 PM CDT


-  INDICATES NEGATIVE NUMBERS.
R  INDICATES RECORD WAS SET OR TIED.
MM INDICATES DATA IS MISSING.
T  INDICATES TRACE AMOUNT.




$$
