000
CDUS44 KMRX 290836
CLITYS


CLIMATE REPORT
NATIONAL WEATHER SERVICE MORRISTOWN TN
436 AM EDT WED MAR 29 2017


...................................

...THE KNOXVILLE    ASOS CLIMATE SUMMARY FOR MARCH 28 2017...

CLIMATE NORMAL PERIOD 1981 TO 2010
CLIMATE RECORD PERIOD 1871 TO 2017


WEATHER ITEM   OBSERVED TIME   RECORD YEAR NORMAL DEPARTURE LAST
                VALUE   (LST)  VALUE       VALUE  FROM      YEAR
                                                  NORMAL
..................................................................
TEMPERATURE (F)
 YESTERDAY
  MAXIMUM         74    438 PM  85    1907  65      9       63
  MINIMUM         56    637 AM  24    1955  42     14       49
                                      1894
  AVERAGE         65                        54     11       56

PRECIPITATION (IN)
  YESTERDAY        0.23          2.75 1912   0.15   0.08     0.14
  MONTH TO DATE    5.41                      3.91   1.50     2.46
  SINCE MAR 1      5.41                      3.91   1.50     2.46
  SINCE JAN 1     11.35                     12.49  -1.14    12.34

SNOWFALL (IN)
  YESTERDAY        0.0                       0.1   -0.1      0.0
  MONTH TO DATE    T                         0.9   -0.9      0.0
  SINCE MAR 1      T                         0.9   -0.9      0.0
  SINCE JUL 1      2.3                       6.0   -3.7      5.2
  SNOW DEPTH       0

DEGREE DAYS
 HEATING
  YESTERDAY        0                        12    -12        9
  MONTH TO DATE  392                       427    -35      285
  SINCE MAR 1    392                       427    -35      285
  SINCE JUL 1   2451                      3323   -872     2718

 COOLING
  YESTERDAY        0                         0      0        0
  MONTH TO DATE    1                         0      1       14
  SINCE MAR 1      1                         0      1       14
  SINCE JAN 1      1                         0      1       14
..................................................................


WIND (MPH)
  HIGHEST WIND SPEED    21   HIGHEST WIND DIRECTION    SE (140)
  HIGHEST GUST SPEED    26   HIGHEST GUST DIRECTION    SE (130)
  AVERAGE WIND SPEED     7.3


SKY COVER
  POSSIBLE SUNSHINE  MM
  AVERAGE SKY COVER 0.6


WEATHER CONDITIONS
 THE FOLLOWING WEATHER WAS RECORDED YESTERDAY.
  THUNDERSTORM
  HEAVY RAIN
  RAIN
  LIGHT RAIN
  FOG


RELATIVE HUMIDITY (PERCENT)
 HIGHEST    93           100 AM
 LOWEST     44           500 PM
 AVERAGE    69

..........................................................


THE KNOXVILLE    ASOS CLIMATE NORMALS FOR TODAY
                         NORMAL    RECORD    YEAR
 MAXIMUM TEMPERATURE (F)   65        83      1928
                                             1910
                                             1895
 MINIMUM TEMPERATURE (F)   42        22      1887


SUNRISE AND SUNSET
MARCH 29 2017.........SUNRISE   726 AM EDT   SUNSET   755 PM EDT
MARCH 30 2017.........SUNRISE   725 AM EDT   SUNSET   756 PM EDT


-  INDICATES NEGATIVE NUMBERS.
R  INDICATES RECORD WAS SET OR TIED.
MM INDICATES DATA IS MISSING.
T  INDICATES TRACE AMOUNT.




$$
