000
CDUS44 KMRX 040937
CLITYS


CLIMATE REPORT
NATIONAL WEATHER SERVICE MORRISTOWN TN
437 AM EST SUN DEC 4 2016


...................................

...THE KNOXVILLE    ASOS CLIMATE SUMMARY FOR DECEMBER 3 2016...

CLIMATE NORMAL PERIOD 1981 TO 2010
CLIMATE RECORD PERIOD 1871 TO 2016


WEATHER ITEM   OBSERVED TIME   RECORD YEAR NORMAL DEPARTURE LAST
                VALUE   (LST)  VALUE       VALUE  FROM      YEAR
                                                  NORMAL
..................................................................
TEMPERATURE (F)
 YESTERDAY
  MAXIMUM         45    500 PM  79    1982  53     -8       47
  MINIMUM         34    823 AM  10    1929  34      0       33
  AVERAGE         40                        44     -4       40

PRECIPITATION (IN)
  YESTERDAY        0.03          1.91 1931   0.15  -0.12     0.00
  MONTH TO DATE    0.03                      0.46  -0.43     2.39
  SINCE DEC 1      0.03                      0.46  -0.43     2.39
  SINCE JAN 1     38.23                     43.82  -5.59    46.21

SNOWFALL (IN)
  YESTERDAY        0.0                       0.0    0.0      0.0
  MONTH TO DATE    0.0                       0.0    0.0      0.0
  SINCE DEC 1      0.0                       0.0    0.0      0.0
  SINCE JUL 1      0.0                       T      0.0      0.0
  SNOW DEPTH       0

DEGREE DAYS
 HEATING
  YESTERDAY       25                        21      4       25
  MONTH TO DATE   67                        63      4       43
  SINCE DEC 1     67                        63      4       43
  SINCE JUL 1    471                       744   -273      553

 COOLING
  YESTERDAY        0                         0      0        0
  MONTH TO DATE    0                         0      0        0
  SINCE DEC 1      0                         0      0        0
  SINCE JAN 1   2121                      1526    595     1700
..................................................................


WIND (MPH)
  HIGHEST WIND SPEED    13   HIGHEST WIND DIRECTION    NE (40)
  HIGHEST GUST SPEED    16   HIGHEST GUST DIRECTION    NE (30)
  AVERAGE WIND SPEED     5.7


SKY COVER
  POSSIBLE SUNSHINE  MM
  AVERAGE SKY COVER 0.8


WEATHER CONDITIONS
 THE FOLLOWING WEATHER WAS RECORDED YESTERDAY.
  LIGHT RAIN


RELATIVE HUMIDITY (PERCENT)
 HIGHEST    89           400 AM
 LOWEST     58           100 PM
 AVERAGE    74

..........................................................


THE KNOXVILLE    ASOS CLIMATE NORMALS FOR TODAY
                         NORMAL    RECORD    YEAR
 MAXIMUM TEMPERATURE (F)   53        80      1982
 MINIMUM TEMPERATURE (F)   34        12      1871


SUNRISE AND SUNSET
DECEMBER  4 2016......SUNRISE   731 AM EST   SUNSET   522 PM EST
DECEMBER  5 2016......SUNRISE   731 AM EST   SUNSET   522 PM EST


-  INDICATES NEGATIVE NUMBERS.
R  INDICATES RECORD WAS SET OR TIED.
MM INDICATES DATA IS MISSING.
T  INDICATES TRACE AMOUNT.




$$
