000
CDUS44 KMRX 241310
CLITYS

CLIMATE REPORT
NATIONAL WEATHER SERVICE MORRISTOWN TN
909 AM EDT FRI OCT 24 2014


...................................

...THE KNOXVILLE CLIMATE SUMMARY FOR OCTOBER 23 2014...

CLIMATE NORMAL PERIOD 1981 TO 2010
CLIMATE RECORD PERIOD 1871 TO 2014


WEATHER ITEM   OBSERVED TIME   RECORD YEAR NORMAL DEPARTURE LAST
                VALUE   (LST)  VALUE       VALUE  FROM      YEAR
                                                  NORMAL
..................................................................
TEMPERATURE (F)
 YESTERDAY
  MAXIMUM         63    348 PM  83    1920  69     -6       54
  MINIMUM         40    705 AM  30    1988  46     -6       36
                                      1987
  AVERAGE         52                        58     -6       45

PRECIPITATION (IN)
  YESTERDAY        0.00          1.33 1981   0.08  -0.08      T
  MONTH TO DATE    4.98                      1.80   3.18     0.91
  SINCE SEP 1      5.17                      5.04   0.13     5.33
  SINCE JAN 1     34.43                     38.64  -4.21    56.71

SNOWFALL (IN)
  YESTERDAY        0.0                       0.0    0.0      0.0
  MONTH TO DATE    0.0                       0.0    0.0      0.0
  SINCE SEP 1      0.0                       0.0    0.0      0.0
  SINCE JUL 1      0.0                       0.0    0.0      0.0
  SNOW DEPTH       0

DEGREE DAYS
 HEATING
  YESTERDAY       13                         8      5       20
  MONTH TO DATE  111                       120     -9       80
  SINCE SEP 1    112                       143    -31       81
  SINCE JUL 1    112                       143    -31       81

 COOLING
  YESTERDAY        0                         1     -1        0
  MONTH TO DATE   36                        34      2       51
  SINCE SEP 1    287                       240     47      249
  SINCE JAN 1   1486                      1521    -35     1436
..................................................................


WIND (MPH)
  HIGHEST WIND SPEED    17   HIGHEST WIND DIRECTION    NE (60)
  HIGHEST GUST SPEED    23   HIGHEST GUST DIRECTION     E (70)
  AVERAGE WIND SPEED     7.9


SKY COVER
  POSSIBLE SUNSHINE  MM
  AVERAGE SKY COVER  MM


WEATHER CONDITIONS
 THE FOLLOWING WEATHER WAS RECORDED YESTERDAY.
  NO SIGNIFICANT WEATHER WAS OBSERVED.


RELATIVE HUMIDITY (PERCENT)
 HIGHEST    86           400 AM
 LOWEST     46           400 PM
 AVERAGE    66

..........................................................


THE KNOXVILLE CLIMATE NORMALS FOR TODAY
                         NORMAL    RECORD    YEAR
 MAXIMUM TEMPERATURE (F)   69        84      1939
 MINIMUM TEMPERATURE (F)   46        28      1917


SUNRISE AND SUNSET
OCTOBER 24 2014.......SUNRISE   751 AM EDT   SUNSET   649 PM EDT
OCTOBER 25 2014.......SUNRISE   752 AM EDT   SUNSET   648 PM EDT


-  INDICATES NEGATIVE NUMBERS.
R  INDICATES RECORD WAS SET OR TIED.
MM INDICATES DATA IS MISSING.
T  INDICATES TRACE AMOUNT.

&&

THE LOW TEMPERATURE SINCE MIDNIGHT HAS BEEN 43.
THERE HAS BEEN NO PRECIPITATION SINCE MIDNIGHT.

$$
