000
CDUS44 KMRX 221246 RRA
CLITYS

CLIMATE REPORT
NATIONAL WEATHER SERVICE MORRISTOWN TN
846 AM EDT MON SEP 22 2014


...................................

...THE KNOXVILLE CLIMATE SUMMARY FOR SEPTEMBER 21 2014...

CLIMATE NORMAL PERIOD 1981 TO 2010
CLIMATE RECORD PERIOD 1871 TO 2014


WEATHER ITEM   OBSERVED TIME   RECORD YEAR NORMAL DEPARTURE LAST
                VALUE   (LST)  VALUE       VALUE  FROM      YEAR
                                                  NORMAL
..................................................................
TEMPERATURE (F)
 YESTERDAY
  MAXIMUM         82    231 PM  95    1955  80      2       72
                                      1931
  MINIMUM         62    457 AM  42    1918  58      4       62
  AVERAGE         72                        69      3       67

PRECIPITATION (IN)
  YESTERDAY        0.03          2.41 2002   0.11  -0.08     2.32
  MONTH TO DATE    0.18                      2.25  -2.07     3.94
  SINCE SEP 1      0.18                      2.25  -2.07     3.94
  SINCE JAN 1     29.44                     35.85  -6.41    55.32

SNOWFALL (IN)
  YESTERDAY        0.0                       0.0    0.0      0.0
  MONTH TO DATE    0.0                       0.0    0.0      0.0
  SINCE SEP 1      0.0                       0.0    0.0      0.0
  SINCE JUL 1      0.0                       0.0    0.0      0.0
  SNOW DEPTH       0

DEGREE DAYS
 HEATING
  YESTERDAY        0                         1     -1        0
  MONTH TO DATE    0                         6     -6        1
  SINCE SEP 1      0                         6     -6        1
  SINCE JUL 1      0                         6     -6        1

 COOLING
  YESTERDAY        7                         5      2        2
  MONTH TO DATE  211                       170     41      180
  SINCE SEP 1    211                       170     41      180
  SINCE JAN 1   1410                      1451    -41     1367
..................................................................


WIND (MPH)
  HIGHEST WIND SPEED    24   HIGHEST WIND DIRECTION    SW (240)
  HIGHEST GUST SPEED    29   HIGHEST GUST DIRECTION    SW (240)
  AVERAGE WIND SPEED     8.4


SKY COVER
  POSSIBLE SUNSHINE  MM
  AVERAGE SKY COVER  MM


WEATHER CONDITIONS
 THE FOLLOWING WEATHER WAS RECORDED YESTERDAY.
  RAIN
  FOG


RELATIVE HUMIDITY (PERCENT)
 HIGHEST    97           800 PM
 LOWEST     54          1100 AM
 AVERAGE    76

..........................................................


THE KNOXVILLE CLIMATE NORMALS FOR TODAY
                         NORMAL    RECORD    YEAR
 MAXIMUM TEMPERATURE (F)   80        96      1955
                                             1931
 MINIMUM TEMPERATURE (F)   58        38      1983


SUNRISE AND SUNSET
SEPTEMBER 22 2014.....SUNRISE   724 AM EDT   SUNSET   733 PM EDT
SEPTEMBER 23 2014.....SUNRISE   725 AM EDT   SUNSET   731 PM EDT


-  INDICATES NEGATIVE NUMBERS.
R  INDICATES RECORD WAS SET OR TIED.
MM INDICATES DATA IS MISSING.
T  INDICATES TRACE AMOUNT.

&&

THE LOW TEMPERATURE SINCE MIDNIGHT HAS BEEN 56.
THERE HAS BEEN NO PRECIPITATION SINCE MIDNIGHT.

$$
