000
CDUS44 KMRX 210841
CLITYS


CLIMATE REPORT
NATIONAL WEATHER SERVICE MORRISTOWN TN
340 AM EST SUN JAN 21 2018


...................................

...THE KNOXVILLE    ASOS CLIMATE SUMMARY FOR JANUARY 20 2018...

CLIMATE NORMAL PERIOD 1981 TO 2010
CLIMATE RECORD PERIOD 1871 TO 2018


WEATHER ITEM   OBSERVED TIME   RECORD YEAR NORMAL DEPARTURE LAST
                VALUE   (LST)  VALUE       VALUE  FROM      YEAR
                                                  NORMAL
..................................................................
TEMPERATURE (F)
 YESTERDAY
  MAXIMUM         58    418 PM  71    1906  47     11       68
  MINIMUM         30   1243 AM -18    1985  29      1       51
  AVERAGE         44                        38      6       60

PRECIPITATION (IN)
  YESTERDAY        0.00          2.54 1883   0.15  -0.15     0.33
  MONTH TO DATE    0.87                      2.79  -1.92     1.86
  SINCE DEC 1      4.25                      7.29  -3.04     8.82
  SINCE JAN 1      0.87                      2.79  -1.92     1.86

SNOWFALL (IN)
  YESTERDAY        0.0                       0.1   -0.1      0.0
  MONTH TO DATE    1.7                       1.7    0.0      2.3
  SINCE DEC 1      2.6                       2.5    0.1      2.3
  SINCE JUL 1      2.6                       2.5    0.1      2.3
  SNOW DEPTH       0

DEGREE DAYS
 HEATING
  YESTERDAY       21                        27     -6        5
  MONTH TO DATE  727                       540    187      345
  SINCE DEC 1   1473                      1292    181     1026
  SINCE JUL 1   2091                      1973    118     1430

 COOLING
  YESTERDAY        0                         0      0        0
  MONTH TO DATE    0                         0      0        0
  SINCE DEC 1      0                         0      0        0
  SINCE JAN 1      0                         0      0        0
..................................................................


WIND (MPH)
  HIGHEST WIND SPEED    12   HIGHEST WIND DIRECTION    SW (210)
  HIGHEST GUST SPEED    15   HIGHEST GUST DIRECTION     S (200)
  AVERAGE WIND SPEED     3.8


SKY COVER
  POSSIBLE SUNSHINE  MM
  AVERAGE SKY COVER 0.8


WEATHER CONDITIONS
 THE FOLLOWING WEATHER WAS RECORDED YESTERDAY.
  NO SIGNIFICANT WEATHER WAS OBSERVED.


RELATIVE HUMIDITY (PERCENT)
 HIGHEST    76           900 PM
 LOWEST     38          1200 AM
 AVERAGE    57

..........................................................


THE KNOXVILLE    ASOS CLIMATE NORMALS FOR TODAY
                         NORMAL    RECORD    YEAR
 MAXIMUM TEMPERATURE (F)   47        72      1959
 MINIMUM TEMPERATURE (F)   29       -24      1985


SUNRISE AND SUNSET
JANUARY 21 2018.......SUNRISE   743 AM EST   SUNSET   552 PM EST
JANUARY 22 2018.......SUNRISE   743 AM EST   SUNSET   553 PM EST


-  INDICATES NEGATIVE NUMBERS.
R  INDICATES RECORD WAS SET OR TIED.
MM INDICATES DATA IS MISSING.
T  INDICATES TRACE AMOUNT.




$$
