811
CDUS44 KMRX 232217
CLITYS


CLIMATE REPORT
NATIONAL WEATHER SERVICE MORRISTOWN TN
516 PM EST THU FEB 23 2017


...................................

...THE KNOXVILLE    ASOS CLIMATE SUMMARY FOR FEBRUARY 23 2017...
VALID TODAY AS OF 0500 PM LOCAL TIME.

CLIMATE NORMAL PERIOD 1981 TO 2010
CLIMATE RECORD PERIOD 1871 TO 2017


WEATHER ITEM   OBSERVED TIME   RECORD YEAR NORMAL DEPARTURE LAST
                VALUE   (LST)  VALUE       VALUE  FROM      YEAR
                                                  NORMAL
..................................................................
TEMPERATURE (F)
 TODAY
  MAXIMUM         73    358 PM  83    1996  55     18       56
  MINIMUM         53    931 AM  13    1963  34     19       49
  AVERAGE         63                        44     19       53

PRECIPITATION (IN)
  TODAY            0.00          2.46 1962   0.15  -0.15     1.02
  MONTH TO DATE    1.83                      3.50  -1.67     6.78
  SINCE DEC 1     12.16                     12.32  -0.16    17.38
  SINCE JAN 1      5.20                      7.82  -2.62     9.54

SNOWFALL (IN)
  TODAY            0.0                       0.1   -0.1      0.0
  MONTH TO DATE    T                         1.4   -1.4      2.5
  SINCE DEC 1      2.3                       4.9   -2.6      5.1
  SINCE JUL 1      2.3                       4.9   -2.6      5.1
  SNOW DEPTH       0

DEGREE DAYS
 HEATING
  TODAY            2                        21    -19       12
  MONTH TO DATE  357                       536   -179      533
  SINCE DEC 1   1582                      2117   -535     1809
  SINCE JUL 1   1986                      2798   -812     2319

 COOLING
  TODAY            0                         0      0        0
  MONTH TO DATE    0                         0      0        0
  SINCE DEC 1      0                         0      0        5
  SINCE JAN 1      0                         0      0        0
..................................................................


WIND (MPH)
  HIGHEST WIND SPEED     8   HIGHEST WIND DIRECTION     W (250)
  HIGHEST GUST SPEED    12   HIGHEST GUST DIRECTION     W (290)
  AVERAGE WIND SPEED     2.9


SKY COVER
  POSSIBLE SUNSHINE  MM
  AVERAGE SKY COVER 0.8


WEATHER CONDITIONS
 THE FOLLOWING WEATHER WAS RECORDED TODAY.
  FOG
  FOG W/VISIBILITY <= 1/4 MILE


RELATIVE HUMIDITY (PERCENT)
 HIGHEST   100           100 AM
 LOWEST     53           300 PM
 AVERAGE    77

..........................................................


THE KNOXVILLE    ASOS CLIMATE NORMALS FOR TOMORROW
                         NORMAL    RECORD    YEAR
 MAXIMUM TEMPERATURE (F)   55        76      1890
 MINIMUM TEMPERATURE (F)   34         5      1873


SUNRISE AND SUNSET
FEBRUARY 23 2017......SUNRISE   713 AM EST   SUNSET   626 PM EST
FEBRUARY 24 2017......SUNRISE   712 AM EST   SUNSET   627 PM EST


-  INDICATES NEGATIVE NUMBERS.
R  INDICATES RECORD WAS SET OR TIED.
MM INDICATES DATA IS MISSING.
T  INDICATES TRACE AMOUNT.




$$
