000
CDUS44 KMRX 190825
CLITYS


CLIMATE REPORT
NATIONAL WEATHER SERVICE MORRISTOWN TN
425 AM EDT THU OCT 19 2017


...................................

...THE KNOXVILLE    ASOS CLIMATE SUMMARY FOR OCTOBER 18 2017...

CLIMATE NORMAL PERIOD 1981 TO 2010
CLIMATE RECORD PERIOD 1871 TO 2017


WEATHER ITEM   OBSERVED TIME   RECORD YEAR NORMAL DEPARTURE LAST
                VALUE   (LST)  VALUE       VALUE  FROM      YEAR
                                                  NORMAL
..................................................................
TEMPERATURE (F)
 YESTERDAY
  MAXIMUM         70    430 PM  86    1938  71     -1       85
  MINIMUM         40    653 AM  30    1943  48     -8       60
  AVERAGE         55                        59     -4       73

PRECIPITATION (IN)
  YESTERDAY        0.00          2.26 1966   0.08  -0.08     0.00
  MONTH TO DATE    2.76                      1.41   1.35      T
  SINCE SEP 1      5.19                      4.65   0.54     1.42
  SINCE JAN 1     42.71                     38.25   4.46    32.24

SNOWFALL (IN)
  YESTERDAY        0.0                       0.0    0.0      0.0
  MONTH TO DATE    0.0                       0.0    0.0      0.0
  SINCE SEP 1      0.0                       0.0    0.0      0.0
  SINCE JUL 1      0.0                       0.0    0.0      0.0
  SNOW DEPTH       0

DEGREE DAYS
 HEATING
  YESTERDAY       10                         7      3        0
  MONTH TO DATE   33                        82    -49       12
  SINCE SEP 1     48                       105    -57       16
  SINCE JUL 1     48                       105    -57       16

 COOLING
  YESTERDAY        0                         1     -1        8
  MONTH TO DATE   89                        29     60       63
  SINCE SEP 1    264                       235     29      425
  SINCE JAN 1   1552                      1516     36     2075
..................................................................


WIND (MPH)
  HIGHEST WIND SPEED     8   HIGHEST WIND DIRECTION     N (360)
  HIGHEST GUST SPEED    10   HIGHEST GUST DIRECTION     N (20)
  AVERAGE WIND SPEED     1.9


SKY COVER
  POSSIBLE SUNSHINE  MM
  AVERAGE SKY COVER 0.4


WEATHER CONDITIONS
 THE FOLLOWING WEATHER WAS RECORDED YESTERDAY.
  FOG
  FOG W/VISIBILITY <= 1/4 MILE


RELATIVE HUMIDITY (PERCENT)
 HIGHEST   100           100 AM
 LOWEST     40           400 PM
 AVERAGE    70

..........................................................


THE KNOXVILLE    ASOS CLIMATE NORMALS FOR TODAY
                         NORMAL    RECORD    YEAR
 MAXIMUM TEMPERATURE (F)   70        88      2016
 MINIMUM TEMPERATURE (F)   47        29      1948


SUNRISE AND SUNSET
OCTOBER 19 2017.......SUNRISE   746 AM EDT   SUNSET   655 PM EDT
OCTOBER 20 2017.......SUNRISE   747 AM EDT   SUNSET   654 PM EDT


-  INDICATES NEGATIVE NUMBERS.
R  INDICATES RECORD WAS SET OR TIED.
MM INDICATES DATA IS MISSING.
T  INDICATES TRACE AMOUNT.




$$
