000
CDUS44 KMRX 160921
CLITYS


CLIMATE REPORT
NATIONAL WEATHER SERVICE MORRISTOWN TN
421 AM EST MON JAN 16 2017


...................................

...THE KNOXVILLE    ASOS CLIMATE SUMMARY FOR JANUARY 15 2017...

CLIMATE NORMAL PERIOD 1981 TO 2010
CLIMATE RECORD PERIOD 1871 TO 2017


WEATHER ITEM   OBSERVED TIME   RECORD YEAR NORMAL DEPARTURE LAST
                VALUE   (LST)  VALUE       VALUE  FROM      YEAR
                                                  NORMAL
..................................................................
TEMPERATURE (F)
 YESTERDAY
  MAXIMUM         66    522 PM  72    1907  47     19       46
  MINIMUM         54   1155 PM   5    1893  29     25       30
  AVERAGE         60                        38     22       38

PRECIPITATION (IN)
  YESTERDAY        0.02          3.77 1954   0.14  -0.12     0.44
  MONTH TO DATE    1.30                      2.07  -0.77     0.76
  SINCE DEC 1      8.26                      6.57   1.69     8.60
  SINCE JAN 1      1.30                      2.07  -0.77     0.76

SNOWFALL (IN)
  YESTERDAY        0.0                       0.1   -0.1      0.0
  MONTH TO DATE    2.3                       1.2    1.1       T
  SINCE DEC 1      2.3                       2.0    0.3       T
  SINCE JUL 1      2.3                       2.0    0.3       T
  SNOW DEPTH       0

DEGREE DAYS
 HEATING
  YESTERDAY        5                        27    -22       27
  MONTH TO DATE  303                       405   -102      420
  SINCE DEC 1    984                      1157   -173      803
  SINCE JUL 1   1388                      1838   -450     1313

 COOLING
  YESTERDAY        0                         0      0        0
  MONTH TO DATE    0                         0      0        0
  SINCE DEC 1      0                         0      0        5
  SINCE JAN 1      0                         0      0        0
..................................................................


WIND (MPH)
  HIGHEST WIND SPEED     8   HIGHEST WIND DIRECTION    NE (50)
  HIGHEST GUST SPEED     9   HIGHEST GUST DIRECTION     W (290)
  AVERAGE WIND SPEED     3.2


SKY COVER
  POSSIBLE SUNSHINE  MM
  AVERAGE SKY COVER 0.9


WEATHER CONDITIONS
 THE FOLLOWING WEATHER WAS RECORDED YESTERDAY.
  LIGHT RAIN
  FOG
  FOG W/VISIBILITY <= 1/4 MILE


RELATIVE HUMIDITY (PERCENT)
 HIGHEST    93           500 AM
 LOWEST     73           200 PM
 AVERAGE    83

..........................................................


THE KNOXVILLE    ASOS CLIMATE NORMALS FOR TODAY
                         NORMAL    RECORD    YEAR
 MAXIMUM TEMPERATURE (F)   47        74      1932
 MINIMUM TEMPERATURE (F)   29       -10      1893


SUNRISE AND SUNSET
JANUARY 16 2017.......SUNRISE   745 AM EST   SUNSET   547 PM EST
JANUARY 17 2017.......SUNRISE   745 AM EST   SUNSET   548 PM EST


-  INDICATES NEGATIVE NUMBERS.
R  INDICATES RECORD WAS SET OR TIED.
MM INDICATES DATA IS MISSING.
T  INDICATES TRACE AMOUNT.




$$
