000
CDUS43 KLOT 020633
CLIUGN


CLIMATE REPORT
NATIONAL WEATHER SERVICE CHICAGO IL
132 AM CDT MON MAY 2 2016


...................................

...THE WAUKEGAN   CLIMATE SUMMARY FOR MAY 1 2016...

CLIMATE NORMAL PERIOD 1981 TO 2010
CLIMATE RECORD PERIOD 2000 TO 2016


WEATHER ITEM   OBSERVED TIME   RECORD YEAR NORMAL DEPARTURE LAST
                VALUE   (LST)  VALUE       VALUE  FROM      YEAR
                                                  NORMAL
..................................................................
TEMPERATURE (F)
 YESTERDAY
  MAXIMUM         48    420 PM  83    2001  61    -13       60
  MINIMUM         42    711 AM  32    2005  42      0       34
  AVERAGE         45

PRECIPITATION (IN)
  YESTERDAY        0.44          0.51 2003   0.13   0.31     0.00
  MONTH TO DATE    0.44                      0.13   0.31     0.00
  SINCE MAR 1      6.75                      5.93   0.82     4.88
  SINCE JAN 1      8.26                      8.98  -0.72     5.42

DEGREE DAYS
 HEATING
  YESTERDAY       20                        14      6       18
  MONTH TO DATE   20                        14      6       18
  SINCE MAR 1   1433                      1510    -77     1602
  SINCE JUL 1   5778                      6456   -678     7127

 COOLING
  YESTERDAY        0                         0      0        0
  MONTH TO DATE    0                         0      0        0
  SINCE MAR 1      0                         4     -4        0
  SINCE JAN 1      0                         4     -4        0
..................................................................


WIND (MPH)
  RESULTANT WIND SPEED  12   RESULTANT WIND DIRECTION   N (20)
  HIGHEST WIND SPEED    18   HIGHEST WIND DIRECTION    NE (30)
  HIGHEST GUST SPEED    28   HIGHEST GUST DIRECTION    NE (30)
  AVERAGE WIND SPEED    11.1


SKY COVER
  POSSIBLE SUNSHINE  MM
  AVERAGE SKY COVER 1.0


WEATHER CONDITIONS
 THE FOLLOWING WEATHER WAS RECORDED YESTERDAY.
  RAIN
  LIGHT RAIN
  FOG
  FOG W/VISIBILITY <= 1/4 MILE
  HAZE


RELATIVE HUMIDITY (PERCENT)
 HIGHEST   100
 LOWEST     82
 AVERAGE    91

..........................................................


THE WAUKEGAN   CLIMATE NORMALS FOR TODAY
                         NORMAL    RECORD    YEAR
 MAXIMUM TEMPERATURE (F)   62        81      2001
 MINIMUM TEMPERATURE (F)   42        28      2004


SUNRISE AND SUNSET
MAY  2 2016...........SUNRISE   545 AM CDT   SUNSET   753 PM CDT
MAY  3 2016...........SUNRISE   543 AM CDT   SUNSET   754 PM CDT


-  INDICATES NEGATIVE NUMBERS.
R  INDICATES RECORD WAS SET OR TIED.
MM INDICATES DATA IS MISSING.
T  INDICATES TRACE AMOUNT.




$$
