000
CDUS43 KLOT 300633
CLIUGN


CLIMATE REPORT
NATIONAL WEATHER SERVICE CHICAGO IL
133 AM CDT SAT MAY 30 2015


...................................

...THE WAUKEGAN   CLIMATE SUMMARY FOR MAY 29 2015...

CLIMATE NORMAL PERIOD 1981 TO 2010
CLIMATE RECORD PERIOD 2000 TO 2015


WEATHER ITEM   OBSERVED TIME   RECORD YEAR NORMAL DEPARTURE LAST
                VALUE   (LST)  VALUE       VALUE  FROM      YEAR
                                                  NORMAL
..................................................................
TEMPERATURE (F)
 YESTERDAY
  MAXIMUM         81   1241 PM  86    2006  70     11       67
  MINIMUM         58    438 AM  39    2001  49      9       48
  AVERAGE         70

PRECIPITATION (IN)
  YESTERDAY        0.01          0.55 2011   0.13  -0.12     0.00
  MONTH TO DATE    3.80                      3.76   0.04     5.04
  SINCE MAR 1      8.68                      9.56  -0.88     8.82
  SINCE JAN 1      9.22                     12.61  -3.39    10.84

DEGREE DAYS
 HEATING
  YESTERDAY        0                         7     -7        7
  MONTH TO DATE  250                       297    -47      294
  SINCE MAR 1   1834                      1793     41     2066
  SINCE JUL 1   7359                      6739    620     7935

 COOLING
  YESTERDAY        5                         1      4        0
  MONTH TO DATE   25                        16      9       23
  SINCE MAR 1     25                        20      5       23
  SINCE JAN 1     25                        20      5       23
..................................................................


WIND (MPH)
  RESULTANT WIND SPEED   4   RESULTANT WIND DIRECTION   S (160)
  HIGHEST WIND SPEED    18   HIGHEST WIND DIRECTION     S (180)
  HIGHEST GUST SPEED    24   HIGHEST GUST DIRECTION    SW (210)
  AVERAGE WIND SPEED     5.9


SKY COVER
  POSSIBLE SUNSHINE  MM
  AVERAGE SKY COVER 0.4


WEATHER CONDITIONS
 THE FOLLOWING WEATHER WAS RECORDED YESTERDAY.
  FOG


RELATIVE HUMIDITY (PERCENT)
 HIGHEST    93
 LOWEST     58
 AVERAGE    76

..........................................................


THE WAUKEGAN   CLIMATE NORMALS FOR TODAY
                         NORMAL    RECORD    YEAR
 MAXIMUM TEMPERATURE (F)   70        90      2011
 MINIMUM TEMPERATURE (F)   49        38      2001


SUNRISE AND SUNSET
MAY 30 2015...........SUNRISE   518 AM CDT   SUNSET   820 PM CDT
MAY 31 2015...........SUNRISE   518 AM CDT   SUNSET   821 PM CDT


-  INDICATES NEGATIVE NUMBERS.
R  INDICATES RECORD WAS SET OR TIED.
MM INDICATES DATA IS MISSING.
T  INDICATES TRACE AMOUNT.




$$
