000
CDUS43 KLOT 280640
CLIUGN


CLIMATE REPORT
NATIONAL WEATHER SERVICE CHICAGO IL
139 AM CDT WED SEP 28 2016


...................................

...THE WAUKEGAN   CLIMATE SUMMARY FOR SEPTEMBER 27 2016...

CLIMATE NORMAL PERIOD 1981 TO 2010
CLIMATE RECORD PERIOD 2000 TO 2016


WEATHER ITEM   OBSERVED TIME   RECORD YEAR NORMAL DEPARTURE LAST
                VALUE   (LST)  VALUE       VALUE  FROM      YEAR
                                                  NORMAL
..................................................................
TEMPERATURE (F)
 YESTERDAY
  MAXIMUM         69    236 PM  79    2008  67      2       69
  MINIMUM         49    110 AM  41    2012  48      1       60
  AVERAGE         59

PRECIPITATION (IN)
  YESTERDAY        0.00          1.56 2009   0.11  -0.11     0.00
  MONTH TO DATE    1.56                      3.07  -1.51     4.30
  SINCE SEP 1      1.56                      3.07  -1.51     4.30
  SINCE JAN 1     20.87                     27.52  -6.65    26.17

DEGREE DAYS
 HEATING
  YESTERDAY        6                         8     -2        0
  MONTH TO DATE   16                       110    -94       61
  SINCE SEP 1     16                       110    -94       61
  SINCE JUL 1     27                       138   -111      130

 COOLING
  YESTERDAY        0                         1     -1        0
  MONTH TO DATE  125                        55     70      113
  SINCE SEP 1    125                        55     70      113
  SINCE JAN 1    840                       557    283      479
..................................................................


WIND (MPH)
  RESULTANT WIND SPEED   4   RESULTANT WIND DIRECTION   W (280)
  HIGHEST WIND SPEED    16   HIGHEST WIND DIRECTION    NW (300)
  HIGHEST GUST SPEED    29   HIGHEST GUST DIRECTION     W (260)
  AVERAGE WIND SPEED     6.9


SKY COVER
  POSSIBLE SUNSHINE  MM
  AVERAGE SKY COVER 0.2


WEATHER CONDITIONS
 THE FOLLOWING WEATHER WAS RECORDED YESTERDAY.
  NO SIGNIFICANT WEATHER WAS OBSERVED.


RELATIVE HUMIDITY (PERCENT)
 HIGHEST    83
 LOWEST     37
 AVERAGE    60

..........................................................


THE WAUKEGAN   CLIMATE NORMALS FOR TODAY
                         NORMAL    RECORD    YEAR
 MAXIMUM TEMPERATURE (F)   66        82      2013
 MINIMUM TEMPERATURE (F)   48        39      2006


SUNRISE AND SUNSET
SEPTEMBER 28 2016.....SUNRISE   646 AM CDT   SUNSET   637 PM CDT
SEPTEMBER 29 2016.....SUNRISE   647 AM CDT   SUNSET   636 PM CDT


-  INDICATES NEGATIVE NUMBERS.
R  INDICATES RECORD WAS SET OR TIED.
MM INDICATES DATA IS MISSING.
T  INDICATES TRACE AMOUNT.




$$
