000
CDUS43 KLOT 010634
CLIUGN


CLIMATE REPORT
NATIONAL WEATHER SERVICE CHICAGO IL
133 AM CDT SAT AUG 1 2015


...................................

...THE WAUKEGAN   CLIMATE SUMMARY FOR JULY 31 2015...

CLIMATE NORMAL PERIOD 1981 TO 2010
CLIMATE RECORD PERIOD 2000 TO 2015


WEATHER ITEM   OBSERVED TIME   RECORD YEAR NORMAL DEPARTURE LAST
                VALUE   (LST)  VALUE       VALUE  FROM      YEAR
                                                  NORMAL
..................................................................
TEMPERATURE (F)
 YESTERDAY
  MAXIMUM         84    141 PM  99    2006  80      4       83
  MINIMUM         62   1150 PM  56    2009  62      0       58
  AVERAGE         73

PRECIPITATION (IN)
  YESTERDAY        0.00          1.03 2000   0.13  -0.13     0.00
  MONTH TO DATE    4.29                      3.88   0.41     1.15
  SINCE JUN 1      8.55                      7.76   0.79     8.40
  SINCE JAN 1     17.95                     20.62  -2.67    19.24

DEGREE DAYS
 HEATING
  YESTERDAY        0                         0      0        0
  MONTH TO DATE   45                         3     42       34
  SINCE JUN 1    148                        98     50      107
  SINCE JUL 1     45                        12     33       34

 COOLING
  YESTERDAY        8                         6      2        6
  MONTH TO DATE  154                       205    -51      101
  SINCE JUN 1    208                       310   -102      184
  SINCE JAN 1    233                       335   -102      207
..................................................................


WIND (MPH)
  RESULTANT WIND SPEED   4   RESULTANT WIND DIRECTION   W (290)
  HIGHEST WIND SPEED    20   HIGHEST WIND DIRECTION     W (280)
  HIGHEST GUST SPEED    30   HIGHEST GUST DIRECTION     W (290)
  AVERAGE WIND SPEED     5.5


SKY COVER
  POSSIBLE SUNSHINE  MM
  AVERAGE SKY COVER 0.1


WEATHER CONDITIONS
 THE FOLLOWING WEATHER WAS RECORDED YESTERDAY.
  NO SIGNIFICANT WEATHER WAS OBSERVED.


RELATIVE HUMIDITY (PERCENT)
 HIGHEST    78
 LOWEST     28
 AVERAGE    53

..........................................................


THE WAUKEGAN   CLIMATE NORMALS FOR TODAY
                         NORMAL    RECORD    YEAR
 MAXIMUM TEMPERATURE (F)   80        98      2006
 MINIMUM TEMPERATURE (F)   62        56      2009


SUNRISE AND SUNSET
AUGUST  1 2015........SUNRISE   544 AM CDT   SUNSET   811 PM CDT
AUGUST  2 2015........SUNRISE   545 AM CDT   SUNSET   810 PM CDT


-  INDICATES NEGATIVE NUMBERS.
R  INDICATES RECORD WAS SET OR TIED.
MM INDICATES DATA IS MISSING.
T  INDICATES TRACE AMOUNT.




$$
