000
CDUS43 KLOT 030632
CLIUGN


CLIMATE REPORT
NATIONAL WEATHER SERVICE CHICAGO IL
132 AM CDT THU SEP 3 2015


...................................

...THE WAUKEGAN   CLIMATE SUMMARY FOR SEPTEMBER 2 2015...

CLIMATE NORMAL PERIOD 1981 TO 2010
CLIMATE RECORD PERIOD 2000 TO 2015


WEATHER ITEM   OBSERVED TIME   RECORD YEAR NORMAL DEPARTURE LAST
                VALUE   (LST)  VALUE       VALUE  FROM      YEAR
                                                  NORMAL
..................................................................
TEMPERATURE (F)
 YESTERDAY
  MAXIMUM         89    130 PM  91    2011  77     12       80
  MINIMUM         72    601 AM  46    2009  58     14       61
  AVERAGE         81

PRECIPITATION (IN)
  YESTERDAY        0.00          1.21 2002   0.08  -0.08      T
  MONTH TO DATE    0.00                      0.17  -0.17     0.10
  SINCE SEP 1      0.00                      0.17  -0.17     0.10
  SINCE JAN 1     21.87                     24.62  -2.75    23.05

DEGREE DAYS
 HEATING
  YESTERDAY        0                         1     -1        0
  MONTH TO DATE    0                         2     -2        0
  SINCE SEP 1      0                         2     -2        0
  SINCE JUL 1     69                        30     39       43

 COOLING
  YESTERDAY       16                         4     12        6
  MONTH TO DATE   27                         8     19       16
  SINCE SEP 1     27                         8     19       16
  SINCE JAN 1    393                       510   -117      387
..................................................................


WIND (MPH)
  RESULTANT WIND SPEED   4   RESULTANT WIND DIRECTION   S (200)
  HIGHEST WIND SPEED    17   HIGHEST WIND DIRECTION    SW (210)
  HIGHEST GUST SPEED    22   HIGHEST GUST DIRECTION    SW (220)
  AVERAGE WIND SPEED     5.7


SKY COVER
  POSSIBLE SUNSHINE  MM
  AVERAGE SKY COVER 0.2


WEATHER CONDITIONS
 THE FOLLOWING WEATHER WAS RECORDED YESTERDAY.
  FOG
  HAZE


RELATIVE HUMIDITY (PERCENT)
 HIGHEST    90
 LOWEST     55
 AVERAGE    73

..........................................................


THE WAUKEGAN   CLIMATE NORMALS FOR TODAY
                         NORMAL    RECORD    YEAR
 MAXIMUM TEMPERATURE (F)   76        87      2001
                                             1999
 MINIMUM TEMPERATURE (F)   58        49      2009


SUNRISE AND SUNSET
SEPTEMBER  3 2015.....SUNRISE   618 AM CDT   SUNSET   723 PM CDT
SEPTEMBER  4 2015.....SUNRISE   619 AM CDT   SUNSET   721 PM CDT


-  INDICATES NEGATIVE NUMBERS.
R  INDICATES RECORD WAS SET OR TIED.
MM INDICATES DATA IS MISSING.
T  INDICATES TRACE AMOUNT.




$$
