000
CDUS43 KLOT 280633
CLIUGN


CLIMATE REPORT
NATIONAL WEATHER SERVICE CHICAGO IL
1233 AM CST SUN DEC 28 2014


...................................

...THE WAUKEGAN   CLIMATE SUMMARY FOR DECEMBER 27 2014...

CLIMATE NORMAL PERIOD 1981 TO 2010
CLIMATE RECORD PERIOD 2000 TO 2014


WEATHER ITEM   OBSERVED TIME   RECORD YEAR NORMAL DEPARTURE LAST
                VALUE   (LST)  VALUE       VALUE  FROM      YEAR
                                                  NORMAL
..................................................................
TEMPERATURE (F)
 YESTERDAY
  MAXIMUM         49   1055 AM  59    2008  32     17       41
  MINIMUM         30   1159 PM   6    2000  18     12       13
  AVERAGE         40

PRECIPITATION (IN)
  YESTERDAY        0.00          1.09 2008   0.04  -0.04     0.00
  MONTH TO DATE    0.80                      1.81  -1.01     0.56
  SINCE DEC 1      0.80                      1.81  -1.01     0.56
  SINCE JAN 1     32.18                     35.40  -3.22    28.74

DEGREE DAYS
 HEATING
  YESTERDAY       25                        40    -15       38
  MONTH TO DATE  859                      1003   -144     1178
  SINCE DEC 1    859                      1003   -144     1178
  SINCE JUL 1   2522                      2388    134     2690

 COOLING
  YESTERDAY        0                         0      0        0
  MONTH TO DATE    0                         0      0        0
  SINCE DEC 1      0                         0      0        0
  SINCE JAN 1    424                       564   -140      590
..................................................................


WIND (MPH)
  RESULTANT WIND SPEED   9   RESULTANT WIND DIRECTION  SW (220)
  HIGHEST WIND SPEED    28   HIGHEST WIND DIRECTION    SW (210)
  HIGHEST GUST SPEED    37   HIGHEST GUST DIRECTION    SW (220)
  AVERAGE WIND SPEED    11.3


SKY COVER
  POSSIBLE SUNSHINE  MM
  AVERAGE SKY COVER 1.0


WEATHER CONDITIONS
 THE FOLLOWING WEATHER WAS RECORDED YESTERDAY.
  FOG


RELATIVE HUMIDITY (PERCENT)
 HIGHEST    93
 LOWEST     69
 AVERAGE    81

..........................................................


THE WAUKEGAN   CLIMATE NORMALS FOR TODAY
                         NORMAL    RECORD    YEAR
 MAXIMUM TEMPERATURE (F)   32        50      2003
 MINIMUM TEMPERATURE (F)   18         7      2000


SUNRISE AND SUNSET
DECEMBER 28 2014......SUNRISE   720 AM CST   SUNSET   426 PM CST
DECEMBER 29 2014......SUNRISE   720 AM CST   SUNSET   427 PM CST


-  INDICATES NEGATIVE NUMBERS.
R  INDICATES RECORD WAS SET OR TIED.
MM INDICATES DATA IS MISSING.
T  INDICATES TRACE AMOUNT.




$$
