000
CDUS43 KLOT 250636
CLIUGN


CLIMATE REPORT
NATIONAL WEATHER SERVICE CHICAGO IL
1236 AM CST SAT FEB 25 2017


...................................

...THE WAUKEGAN   CLIMATE SUMMARY FOR FEBRUARY 24 2017...

CLIMATE NORMAL PERIOD 1981 TO 2010
CLIMATE RECORD PERIOD 2000 TO 2017


WEATHER ITEM   OBSERVED TIME   RECORD YEAR NORMAL DEPARTURE LAST
                VALUE   (LST)  VALUE       VALUE  FROM      YEAR
                                                  NORMAL
..................................................................
TEMPERATURE (F)
 YESTERDAY
  MAXIMUM         37    348 PM  62    2002  37      0       36
  MINIMUM         29   1159 PM   3    2015  21      8       33
  AVERAGE         33

PRECIPITATION (IN)
  YESTERDAY        0.23          0.75 2001   0.06   0.17      T
  MONTH TO DATE    0.93                      1.42  -0.49     0.72
  SINCE DEC 1      4.33                      4.81  -0.48     6.15
  SINCE JAN 1      3.43                      2.81   0.62     1.35

DEGREE DAYS
 HEATING
  YESTERDAY       32                        36     -4       30
  MONTH TO DATE  715                       954   -239      923
  SINCE DEC 1   3107                      3420   -313     3049
  SINCE JUL 1   3994                      4805   -811     4207

 COOLING
  YESTERDAY        0                         0      0        0
  MONTH TO DATE    0                         0      0        0
  SINCE DEC 1      0                         0      0        0
  SINCE JAN 1      0                         0      0        0
..................................................................


WIND (MPH)
  RESULTANT WIND SPEED  10   RESULTANT WIND DIRECTION   N (20)
  HIGHEST WIND SPEED    24   HIGHEST WIND DIRECTION    NE (30)
  HIGHEST GUST SPEED    35   HIGHEST GUST DIRECTION    NE (30)
  AVERAGE WIND SPEED    11.5


SKY COVER
  POSSIBLE SUNSHINE  MM
  AVERAGE SKY COVER 1.0


WEATHER CONDITIONS
 THE FOLLOWING WEATHER WAS RECORDED YESTERDAY.
  THUNDERSTORM
  LIGHT RAIN
  LIGHT SNOW
  FOG


RELATIVE HUMIDITY (PERCENT)
 HIGHEST   100
 LOWEST     85
 AVERAGE    93

..........................................................


THE WAUKEGAN   CLIMATE NORMALS FOR TODAY
                         NORMAL    RECORD    YEAR
 MAXIMUM TEMPERATURE (F)   37        53      2001
 MINIMUM TEMPERATURE (F)   21        -5      2003


SUNRISE AND SUNSET
FEBRUARY 25 2017......SUNRISE   633 AM CST   SUNSET   537 PM CST
FEBRUARY 26 2017......SUNRISE   631 AM CST   SUNSET   538 PM CST


-  INDICATES NEGATIVE NUMBERS.
R  INDICATES RECORD WAS SET OR TIED.
MM INDICATES DATA IS MISSING.
T  INDICATES TRACE AMOUNT.




$$
