000
CDUS43 KLOT 270732
CLIUGN


CLIMATE REPORT
NATIONAL WEATHER SERVICE CHICAGO IL
231 AM CDT SAT AUG 27 2016


...................................

...THE WAUKEGAN   CLIMATE SUMMARY FOR AUGUST 26 2016...

CLIMATE NORMAL PERIOD 1981 TO 2010
CLIMATE RECORD PERIOD 2000 TO 2016


WEATHER ITEM   OBSERVED TIME   RECORD YEAR NORMAL DEPARTURE LAST
                VALUE   (LST)  VALUE       VALUE  FROM      YEAR
                                                  NORMAL
..................................................................
TEMPERATURE (F)
 YESTERDAY
  MAXIMUM         76    202 PM  91    2013  78     -2       65
                                      2003
  MINIMUM         63    522 AM  50    2015  60      3       50
  AVERAGE         70

PRECIPITATION (IN)
  YESTERDAY        0.07          1.05 2014   0.12  -0.05     0.00
  MONTH TO DATE    2.90                      3.27  -0.37     3.09
  SINCE JUN 1      7.22                     11.03  -3.81    11.64
  SINCE JAN 1     19.16                     23.89  -4.73    21.04

DEGREE DAYS
 HEATING
  YESTERDAY        0                         1     -1        7
  MONTH TO DATE    1                         2     -1       15
  SINCE JUN 1     51                       100    -49      163
  SINCE JUL 1     11                        14     -3       60

 COOLING
  YESTERDAY        5                         5      0        0
  MONTH TO DATE  234                       147     87      129
  SINCE JUN 1    633                       457    176      337
  SINCE JAN 1    677                       482    195      362
..................................................................


WIND (MPH)
  RESULTANT WIND SPEED   3   RESULTANT WIND DIRECTION  NE (60)
  HIGHEST WIND SPEED    23   HIGHEST WIND DIRECTION    SW (210)
  HIGHEST GUST SPEED    30   HIGHEST GUST DIRECTION    SW (210)
  AVERAGE WIND SPEED     4.9


SKY COVER
  POSSIBLE SUNSHINE  MM
  AVERAGE SKY COVER 0.1


WEATHER CONDITIONS
 THE FOLLOWING WEATHER WAS RECORDED YESTERDAY.
  THUNDERSTORM
  HEAVY RAIN
  LIGHT RAIN
  FOG


RELATIVE HUMIDITY (PERCENT)
 HIGHEST    93
 LOWEST     60
 AVERAGE    77

..........................................................


THE WAUKEGAN   CLIMATE NORMALS FOR TODAY
                         NORMAL    RECORD    YEAR
 MAXIMUM TEMPERATURE (F)   78        96      2013
 MINIMUM TEMPERATURE (F)   60        48      2015


SUNRISE AND SUNSET
AUGUST 27 2016........SUNRISE   612 AM CDT   SUNSET   733 PM CDT
AUGUST 28 2016........SUNRISE   613 AM CDT   SUNSET   731 PM CDT


-  INDICATES NEGATIVE NUMBERS.
R  INDICATES RECORD WAS SET OR TIED.
MM INDICATES DATA IS MISSING.
T  INDICATES TRACE AMOUNT.




$$
