000
CDUS46 KSEW 200828
CLIUIL


CLIMATE REPORT
NATIONAL WEATHER SERVICE SEATTLE WA
1228 AM PST SAT DEC 20 2014


...................................

...THE QUILLAYUTE WA AIRPORT CLIMATE SUMMARY FOR DECEMBER 19 2014...

CLIMATE NORMAL PERIOD 1981 TO 2010
CLIMATE RECORD PERIOD 1966 TO 2014


WEATHER ITEM   OBSERVED TIME   RECORD YEAR NORMAL DEPARTURE LAST
                VALUE   (LST)  VALUE       VALUE  FROM      YEAR
                                                  NORMAL
..................................................................
TEMPERATURE (F)
 YESTERDAY
  MAXIMUM         51   1235 PM  57    2005  46      5       40
  MINIMUM         42    601 AM  18    1984  34      8       33
  AVERAGE         47                        40      7       37

PRECIPITATION (IN)
  YESTERDAY        0.36          3.47 1994   0.39  -0.03      T
  MONTH TO DATE   10.79                      8.12   2.67     2.61
  SINCE OCT 1     41.33                     34.13   7.20    13.68
  SINCE JAN 1    101.73                     94.67   7.06    85.09

DEGREE DAYS
 HEATING
  YESTERDAY       18                        25     -7       28
  MONTH TO DATE  360                       467   -107      514
  SINCE DEC 1    360                       467   -107      514
  SINCE JUL 1   1594                      2181   -587     1710

 COOLING
  YESTERDAY        0                         0      0        0
  MONTH TO DATE    0                         0      0        0
  SINCE DEC 1      0                         0      0        0
  SINCE JAN 1     25                        19      6       39
..................................................................


WIND (MPH)
  RESULTANT WIND SPEED   8   RESULTANT WIND DIRECTION   S (160)
  HIGHEST WIND SPEED    20   HIGHEST WIND DIRECTION    SW (230)
  HIGHEST GUST SPEED    28   HIGHEST GUST DIRECTION    SW (220)
  AVERAGE WIND SPEED     7.8


SKY COVER
  AVERAGE SKY COVER 0.9


WEATHER CONDITIONS
 THE FOLLOWING WEATHER WAS RECORDED YESTERDAY.
  THUNDERSTORM
  HEAVY RAIN
  RAIN
  LIGHT RAIN
  FOG


RELATIVE HUMIDITY (PERCENT)
 HIGHEST   100           900 AM
 LOWEST     80           400 AM
 AVERAGE    90

..........................................................


THE QUILLAYUTE WA AIRPORT CLIMATE NORMALS FOR TODAY
                         NORMAL    RECORD    YEAR
 MAXIMUM TEMPERATURE (F)   46        58      2005
 MINIMUM TEMPERATURE (F)   34        18      1998
                                             1990


SUNRISE AND SUNSET
DECEMBER 20 2014......SUNRISE   805 AM PST   SUNSET   427 PM PST
DECEMBER 21 2014......SUNRISE   805 AM PST   SUNSET   428 PM PST


-  INDICATES NEGATIVE NUMBERS.
R  INDICATES RECORD WAS SET OR TIED.
MM INDICATES DATA IS MISSING.
T  INDICATES TRACE AMOUNT.




$$
