000
CDUS46 KSEW 010829
CLIUIL


CLIMATE REPORT
NATIONAL WEATHER SERVICE SEATTLE WA
129 AM PDT SAT AUG 1 2015


...................................

...THE QUILLAYUTE WA AIRPORT CLIMATE SUMMARY FOR JULY 31 2015...

CLIMATE NORMAL PERIOD 1981 TO 2010
CLIMATE RECORD PERIOD 1966 TO 2015


WEATHER ITEM   OBSERVED TIME   RECORD YEAR NORMAL DEPARTURE LAST
                VALUE   (LST)  VALUE       VALUE  FROM      YEAR
                                                  NORMAL
..................................................................
TEMPERATURE (F)
 YESTERDAY
  MAXIMUM         81    114 PM  86    1968  69     12       78
  MINIMUM         49    320 AM  40    1997  51     -2       45
  AVERAGE         65                        60      5       62

PRECIPITATION (IN)
  YESTERDAY        0.00          0.50 2008   0.05  -0.05     0.00
  MONTH TO DATE    0.97                      1.98  -1.01     0.82
  SINCE OCT 1     87.32                     93.23  -5.91    72.39
  SINCE JAN 1     42.57                     54.23 -11.66    55.16

DEGREE DAYS
 HEATING
  YESTERDAY        0                         5     -5        3
  MONTH TO DATE   71                       195   -124      136
  SINCE JUN 1    261                       488   -227      385
  SINCE JUL 1     71                       194   -123      136

 COOLING
  YESTERDAY        0                         0      0        0
  MONTH TO DATE   17                         7     10        6
  SINCE JUN 1     30                        10     20        6
  SINCE JAN 1     30                        11     19       10
..................................................................


WIND (MPH)
  RESULTANT WIND SPEED   2   RESULTANT WIND DIRECTION   W (250)
  HIGHEST WIND SPEED    14   HIGHEST WIND DIRECTION    SW (230)
  HIGHEST GUST SPEED    16   HIGHEST GUST DIRECTION    NW (310)
  AVERAGE WIND SPEED     4.2


SKY COVER
  AVERAGE SKY COVER 0.1


WEATHER CONDITIONS
 THE FOLLOWING WEATHER WAS RECORDED YESTERDAY.
  FOG
  FOG W/VISIBILITY <= 1/4 MILE


RELATIVE HUMIDITY (PERCENT)
 HIGHEST   100           100 AM
 LOWEST     39           300 PM
 AVERAGE    70

..........................................................


THE QUILLAYUTE WA AIRPORT CLIMATE NORMALS FOR TODAY
                         NORMAL    RECORD    YEAR
 MAXIMUM TEMPERATURE (F)   69        80      1993
 MINIMUM TEMPERATURE (F)   51        41      1997


SUNRISE AND SUNSET
AUGUST  1 2015........SUNRISE   554 AM PDT   SUNSET   854 PM PDT
AUGUST  2 2015........SUNRISE   556 AM PDT   SUNSET   852 PM PDT


-  INDICATES NEGATIVE NUMBERS.
R  INDICATES RECORD WAS SET OR TIED.
MM INDICATES DATA IS MISSING.
T  INDICATES TRACE AMOUNT.




$$
