000
CDUS46 KSEW 300119
CLIUIL


CLIMATE REPORT
NATIONAL WEATHER SERVICE SEATTLE WA
619 PM PDT SUN MAY 29 2016


...................................

...THE QUILLAYUTE WA AIRPORT CLIMATE SUMMARY FOR MAY 29 2016...
VALID TODAY AS OF 0600 PM LOCAL TIME.

CLIMATE NORMAL PERIOD 1981 TO 2010
CLIMATE RECORD PERIOD 1966 TO 2016


WEATHER ITEM   OBSERVED TIME   RECORD YEAR NORMAL DEPARTURE LAST
                VALUE   (LST)  VALUE       VALUE  FROM      YEAR
                                                  NORMAL
..................................................................
TEMPERATURE (F)
 TODAY
  MAXIMUM         60    303 PM  78    2007  61     -1       61
  MINIMUM         43    452 AM  34    1999  45     -2       49
  AVERAGE         52                        53     -1       55

PRECIPITATION (IN)
  TODAY            0.00          1.66 1969   0.15  -0.15     0.00
  MONTH TO DATE    2.32                      4.80  -2.48     0.67
  SINCE OCT 1     95.81                     87.44   8.37    86.15
  SINCE JAN 1     51.83                     48.44   3.39    41.40

DEGREE DAYS
 HEATING
  TODAY           13                        12      1       10
  MONTH TO DATE  331                       402    -71      342
  SINCE MAR 1   1247                      1599   -352     1401
  SINCE JUL 1   4370                      5444  -1074     4311

 COOLING
  TODAY            0                         0      0        0
  MONTH TO DATE    0                         0      0        0
  SINCE MAR 1      0                         0      0        0
  SINCE JAN 1      0                         0      0        0
..................................................................


WIND (MPH)
  RESULTANT WIND SPEED   5   RESULTANT WIND DIRECTION   W (280)
  HIGHEST WIND SPEED    14   HIGHEST WIND DIRECTION     W (280)
  HIGHEST GUST SPEED    19   HIGHEST GUST DIRECTION     W (270)
  AVERAGE WIND SPEED     5.1


SKY COVER
  AVERAGE SKY COVER 0.8


WEATHER CONDITIONS
 THE FOLLOWING WEATHER WAS RECORDED TODAY.
  FOG
  FOG W/VISIBILITY <= 1/4 MILE


RELATIVE HUMIDITY (PERCENT)
 HIGHEST   100           300 AM
 LOWEST     62           200 PM
 AVERAGE    81

..........................................................


THE QUILLAYUTE WA AIRPORT CLIMATE NORMALS FOR TOMORROW
                         NORMAL    RECORD    YEAR
 MAXIMUM TEMPERATURE (F)   61        90      1986
 MINIMUM TEMPERATURE (F)   46        33      1999


SUNRISE AND SUNSET
MAY 29 2016...........SUNRISE   525 AM PDT   SUNSET   907 PM PDT
MAY 30 2016...........SUNRISE   524 AM PDT   SUNSET   908 PM PDT


-  INDICATES NEGATIVE NUMBERS.
R  INDICATES RECORD WAS SET OR TIED.
MM INDICATES DATA IS MISSING.
T  INDICATES TRACE AMOUNT.




$$
