000
CDUS46 KSEW 190119
CLIUIL


CLIMATE REPORT
NATIONAL WEATHER SERVICE SEATTLE WA
619 PM PDT THU SEP 18 2014


...................................

...THE QUILLAYUTE WA AIRPORT CLIMATE SUMMARY FOR SEPTEMBER 18 2014...
VALID TODAY AS OF 0600 PM LOCAL TIME.

CLIMATE NORMAL PERIOD 1981 TO 2010
CLIMATE RECORD PERIOD 1966 TO 2014


WEATHER ITEM   OBSERVED TIME   RECORD YEAR NORMAL DEPARTURE LAST
                VALUE   (LST)  VALUE       VALUE  FROM      YEAR
                                                  NORMAL
..................................................................
TEMPERATURE (F)
 TODAY
  MAXIMUM         63    219 PM  84    1991  66     -3       69
  MINIMUM         58    656 AM  33    1978  47     11       48
  AVERAGE         61                        56      5       59

PRECIPITATION (IN)
  TODAY            0.07          1.62 2004   0.13  -0.06     0.11
  MONTH TO DATE    0.24                      1.98  -1.74     0.77
  SINCE OCT 1     73.32                     97.70 -24.38   109.56
  SINCE JAN 1     56.09                     58.70  -2.61    62.59

DEGREE DAYS
 HEATING
  TODAY            4                         9     -5        6
  MONTH TO DATE   74                       135    -61       32
  SINCE SEP 1     74                       135    -61       32
  SINCE JUL 1    324                       504   -180      204

 COOLING
  TODAY            0                         0      0        0
  MONTH TO DATE    7                         0      7       14
  SINCE SEP 1      7                         0      7       14
  SINCE JAN 1     25                        17      8       39
..................................................................


WIND (MPH)
  RESULTANT WIND SPEED   3   RESULTANT WIND DIRECTION   S (180)
  HIGHEST WIND SPEED    12   HIGHEST WIND DIRECTION     S (190)
  HIGHEST GUST SPEED    17   HIGHEST GUST DIRECTION     S (180)
  AVERAGE WIND SPEED     3.4


SKY COVER
  AVERAGE SKY COVER 0.9


WEATHER CONDITIONS
 THE FOLLOWING WEATHER WAS RECORDED TODAY.
  LIGHT RAIN
  FOG


RELATIVE HUMIDITY (PERCENT)
 HIGHEST   100           100 AM
 LOWEST     90          1100 AM
 AVERAGE    95

..........................................................


THE QUILLAYUTE WA AIRPORT CLIMATE NORMALS FOR TOMORROW
                         NORMAL    RECORD    YEAR
 MAXIMUM TEMPERATURE (F)   66        86      1974
 MINIMUM TEMPERATURE (F)   46        35      1983


SUNRISE AND SUNSET
SEPTEMBER 18 2014.....SUNRISE   700 AM PDT   SUNSET   724 PM PDT
SEPTEMBER 19 2014.....SUNRISE   701 AM PDT   SUNSET   722 PM PDT


-  INDICATES NEGATIVE NUMBERS.
R  INDICATES RECORD WAS SET OR TIED.
MM INDICATES DATA IS MISSING.
T  INDICATES TRACE AMOUNT.




$$
