000
CDUS46 KSEW 180845
CLIUIL


CLIMATE REPORT
NATIONAL WEATHER SERVICE SEATTLE WA
1245 AM PST MON DEC 18 2017


...................................

...THE QUILLAYUTE WA AIRPORT CLIMATE SUMMARY FOR DECEMBER 17 2017...

CLIMATE NORMAL PERIOD 1981 TO 2010
CLIMATE RECORD PERIOD 1966 TO 2017


WEATHER ITEM   OBSERVED TIME   RECORD YEAR NORMAL DEPARTURE LAST
                VALUE   (LST)  VALUE       VALUE  FROM      YEAR
                                                  NORMAL
..................................................................
TEMPERATURE (F)
 YESTERDAY
  MAXIMUM         50   1159 PM  55    1988  46      4       41
                                      1985
                                      1981
  MINIMUM         44    159 AM  21    1987  34     10       24
  AVERAGE         47                        40      7       33

PRECIPITATION (IN)
  YESTERDAY        1.99          4.77 1979   0.40   1.59      T
  MONTH TO DATE    4.74                      7.34  -2.60     6.40
  SINCE OCT 1     31.91                     33.35  -1.44    53.20
  SINCE JAN 1    103.30                     93.89   9.41   115.57

DEGREE DAYS
 HEATING
  YESTERDAY       18                        25     -7       32
  MONTH TO DATE  392                       417    -25      479
  SINCE DEC 1    392                       417    -25      479
  SINCE JUL 1   1926                      2131   -205     1906

 COOLING
  YESTERDAY        0                         0      0        0
  MONTH TO DATE    0                         0      0        0
  SINCE DEC 1      0                         0      0        0
  SINCE JAN 1     73                        19     54       54
..................................................................


WIND (MPH)
  RESULTANT WIND SPEED   6   RESULTANT WIND DIRECTION   S (190)
  HIGHEST WIND SPEED    17   HIGHEST WIND DIRECTION    SW (230)
  HIGHEST GUST SPEED    24   HIGHEST GUST DIRECTION    SW (210)
  AVERAGE WIND SPEED     7.9


SKY COVER
  AVERAGE SKY COVER 1.0


WEATHER CONDITIONS
 THE FOLLOWING WEATHER WAS RECORDED YESTERDAY.
  RAIN
  LIGHT RAIN
  FOG


RELATIVE HUMIDITY (PERCENT)
 HIGHEST   100           300 AM
 LOWEST     92          1200 AM
 AVERAGE    96

..........................................................


THE QUILLAYUTE WA AIRPORT CLIMATE NORMALS FOR TODAY
                         NORMAL    RECORD    YEAR
 MAXIMUM TEMPERATURE (F)   46        59      2004
 MINIMUM TEMPERATURE (F)   34        20      2008


SUNRISE AND SUNSET
DECEMBER 18 2017......SUNRISE   803 AM PST   SUNSET   427 PM PST
DECEMBER 19 2017......SUNRISE   804 AM PST   SUNSET   427 PM PST


-  INDICATES NEGATIVE NUMBERS.
R  INDICATES RECORD WAS SET OR TIED.
MM INDICATES DATA IS MISSING.
T  INDICATES TRACE AMOUNT.




$$
