000
CDUS46 KSEW 300828
CLIUIL


CLIMATE REPORT
NATIONAL WEATHER SERVICE SEATTLE WA
1228 AM PST FRI JAN 30 2015


...................................

...THE QUILLAYUTE WA AIRPORT CLIMATE SUMMARY FOR JANUARY 29 2015...

CLIMATE NORMAL PERIOD 1981 TO 2010
CLIMATE RECORD PERIOD 1966 TO 2015


WEATHER ITEM   OBSERVED TIME   RECORD YEAR NORMAL DEPARTURE LAST
                VALUE   (LST)  VALUE       VALUE  FROM      YEAR
                                                  NORMAL
..................................................................
TEMPERATURE (F)
 YESTERDAY
  MAXIMUM         60    314 PM  61    1998  48     12       53
  MINIMUM         35   1110 PM  10    1980  36     -1       45
  AVERAGE         48                        42      6       49

PRECIPITATION (IN)
  YESTERDAY        0.00          3.47 1997   0.43  -0.43     0.75
  MONTH TO DATE   11.53                     13.75  -2.22    11.38
  SINCE OCT 1     56.28                     52.75   3.53    28.61
  SINCE JAN 1     11.53                     13.75  -2.22    11.38

DEGREE DAYS
 HEATING
  YESTERDAY       17                        23     -6       16
  MONTH TO DATE  552                       679   -127      562
  SINCE DEC 1   1177                      1443   -266     1319
  SINCE JUL 1   2411                      3157   -746     2515

 COOLING
  YESTERDAY        0                         0      0        0
  MONTH TO DATE    0                         0      0        0
  SINCE DEC 1      0                         0      0        0
  SINCE JAN 1      0                         0      0        0
..................................................................


WIND (MPH)
  RESULTANT WIND SPEED   1   RESULTANT WIND DIRECTION  NE (30)
  HIGHEST WIND SPEED     8   HIGHEST WIND DIRECTION    NW (330)
  HIGHEST GUST SPEED    11   HIGHEST GUST DIRECTION    NE (50)
  AVERAGE WIND SPEED     2.1


SKY COVER
  AVERAGE SKY COVER 0.2


WEATHER CONDITIONS
 THE FOLLOWING WEATHER WAS RECORDED YESTERDAY.
  FOG


RELATIVE HUMIDITY (PERCENT)
 HIGHEST   100           500 AM
 LOWEST     53           100 PM
 AVERAGE    77

..........................................................


THE QUILLAYUTE WA AIRPORT CLIMATE NORMALS FOR TODAY
                         NORMAL    RECORD    YEAR
 MAXIMUM TEMPERATURE (F)   48        59      1993
 MINIMUM TEMPERATURE (F)   36        13      1980
                                             1969


SUNRISE AND SUNSET
JANUARY 30 2015.......SUNRISE   748 AM PST   SUNSET   515 PM PST
JANUARY 31 2015.......SUNRISE   747 AM PST   SUNSET   517 PM PST


-  INDICATES NEGATIVE NUMBERS.
R  INDICATES RECORD WAS SET OR TIED.
MM INDICATES DATA IS MISSING.
T  INDICATES TRACE AMOUNT.




$$
