705
CDUS46 KSEW 090834
CLIUIL


CLIMATE REPORT
NATIONAL WEATHER SERVICE SEATTLE WA
1233 AM PST FRI DEC 9 2016


...................................

...THE QUILLAYUTE WA AIRPORT CLIMATE SUMMARY FOR DECEMBER 8 2016...

CLIMATE NORMAL PERIOD 1981 TO 2010
CLIMATE RECORD PERIOD 1966 TO 2016


WEATHER ITEM   OBSERVED TIME   RECORD YEAR NORMAL DEPARTURE LAST
                VALUE   (LST)  VALUE       VALUE  FROM      YEAR
                                                  NORMAL
..................................................................
TEMPERATURE (F)
 YESTERDAY
  MAXIMUM         37   1255 PM  61    2006  46     -9       57
  MINIMUM         31   1159 PM   7    1972  35     -4       49
  AVERAGE         34                        40     -6       53

PRECIPITATION (IN)
  YESTERDAY        0.04          2.45 2015   0.43  -0.39     2.45
  MONTH TO DATE    3.52                      3.66  -0.14     9.05
  SINCE OCT 1     50.32                     29.67  20.65    33.79
  SINCE JAN 1    112.69                     90.21  22.48    86.63

DEGREE DAYS
 HEATING
  YESTERDAY       31                        24      7       12
  MONTH TO DATE  214                       192     22      113
  SINCE DEC 1    214                       192     22      113
  SINCE JUL 1   1641                      1906   -265     1424

 COOLING
  YESTERDAY        0                         0      0        0
  MONTH TO DATE    0                         0      0        0
  SINCE DEC 1      0                         0      0        0
  SINCE JAN 1     54                        19     35       56
..................................................................


WIND (MPH)
  RESULTANT WIND SPEED  16   RESULTANT WIND DIRECTION  NE (60)
  HIGHEST WIND SPEED    24   HIGHEST WIND DIRECTION    NE (50)
  HIGHEST GUST SPEED    35   HIGHEST GUST DIRECTION     E (70)
  AVERAGE WIND SPEED    15.8


SKY COVER
  AVERAGE SKY COVER 0.3


WEATHER CONDITIONS
 THE FOLLOWING WEATHER WAS RECORDED YESTERDAY.
  LIGHT SNOW
  FOG


RELATIVE HUMIDITY (PERCENT)
 HIGHEST    63           200 AM
 LOWEST     52           100 PM
 AVERAGE    58

..........................................................


THE QUILLAYUTE WA AIRPORT CLIMATE NORMALS FOR TODAY
                         NORMAL    RECORD    YEAR
 MAXIMUM TEMPERATURE (F)   46        57      2014
 MINIMUM TEMPERATURE (F)   35        17      2009


SUNRISE AND SUNSET
DECEMBER  9 2016......SUNRISE   756 AM PST   SUNSET   425 PM PST
DECEMBER 10 2016......SUNRISE   757 AM PST   SUNSET   425 PM PST


-  INDICATES NEGATIVE NUMBERS.
R  INDICATES RECORD WAS SET OR TIED.
MM INDICATES DATA IS MISSING.
T  INDICATES TRACE AMOUNT.




$$
