000
CDUS46 KSEW 250833
CLIUIL


CLIMATE REPORT
NATIONAL WEATHER SERVICE SEATTLE WA
130 AM PDT SUN SEP 25 2016


...................................

...THE QUILLAYUTE WA AIRPORT CLIMATE SUMMARY FOR SEPTEMBER 24 2016...

CLIMATE NORMAL PERIOD 1981 TO 2010
CLIMATE RECORD PERIOD 1966 TO 2016


WEATHER ITEM   OBSERVED TIME   RECORD YEAR NORMAL DEPARTURE LAST
                VALUE   (LST)  VALUE       VALUE  FROM      YEAR
                                                  NORMAL
..................................................................
TEMPERATURE (F)
 YESTERDAY
  MAXIMUM         61    112 PM  87    1974  65     -4       63
  MINIMUM         45    416 AM  33    2000  45      0       53
                                      1984
  AVERAGE         53                        55     -2       58

PRECIPITATION (IN)
  YESTERDAY        T             1.54 1988   0.15  -0.15     1.20
  MONTH TO DATE    4.15                      2.80   1.35     6.20
  SINCE OCT 1    106.32                     98.52   7.80    97.57
  SINCE JAN 1     62.34                     59.52   2.82    52.82

DEGREE DAYS
 HEATING
  YESTERDAY       12                        10      2        7
  MONTH TO DATE  209                       192     17      178
  SINCE SEP 1    209                       192     17      178
  SINCE JUL 1    485                       561    -76      335

 COOLING
  YESTERDAY        0                         0      0        0
  MONTH TO DATE    0                         0      0        0
  SINCE SEP 1      0                         0      0        0
  SINCE JAN 1     54                        17     37       56
..................................................................


WIND (MPH)
  RESULTANT WIND SPEED   1   RESULTANT WIND DIRECTION   E (80)
  HIGHEST WIND SPEED     7   HIGHEST WIND DIRECTION     E (80)
  HIGHEST GUST SPEED     9   HIGHEST GUST DIRECTION     E (80)
  AVERAGE WIND SPEED     1.2


SKY COVER
  AVERAGE SKY COVER 0.9


WEATHER CONDITIONS
 THE FOLLOWING WEATHER WAS RECORDED YESTERDAY.
  LIGHT RAIN
  FOG
  FOG W/VISIBILITY <= 1/4 MILE


RELATIVE HUMIDITY (PERCENT)
 HIGHEST   100           400 AM
 LOWEST     67           500 PM
 AVERAGE    84

..........................................................


THE QUILLAYUTE WA AIRPORT CLIMATE NORMALS FOR TODAY
                         NORMAL    RECORD    YEAR
 MAXIMUM TEMPERATURE (F)   65        88      1991
 MINIMUM TEMPERATURE (F)   45        31      1972


SUNRISE AND SUNSET
SEPTEMBER 25 2016.....SUNRISE   710 AM PDT   SUNSET   708 PM PDT
SEPTEMBER 26 2016.....SUNRISE   711 AM PDT   SUNSET   706 PM PDT


-  INDICATES NEGATIVE NUMBERS.
R  INDICATES RECORD WAS SET OR TIED.
MM INDICATES DATA IS MISSING.
T  INDICATES TRACE AMOUNT.




$$
