000
CDUS46 KSEW 250841
CLIUIL


CLIMATE REPORT
NATIONAL WEATHER SERVICE SEATTLE WA
140 AM PDT THU MAY 25 2017


...................................

...THE QUILLAYUTE WA AIRPORT CLIMATE SUMMARY FOR MAY 24 2017...

CLIMATE NORMAL PERIOD 1981 TO 2010
CLIMATE RECORD PERIOD 1966 TO 2017


WEATHER ITEM   OBSERVED TIME   RECORD YEAR NORMAL DEPARTURE LAST
                VALUE   (LST)  VALUE       VALUE  FROM      YEAR
                                                  NORMAL
..................................................................
TEMPERATURE (F)
 YESTERDAY
  MAXIMUM         61    242 PM  83    1993  61      0       60
  MINIMUM         42   1159 PM  33    2000  45     -3       45
  AVERAGE         52                        53     -1       53

PRECIPITATION (IN)
  YESTERDAY        T             2.83 1974   0.15  -0.15      T
  MONTH TO DATE    4.77                      4.05   0.72     0.29
  SINCE OCT 1    122.15                     86.69  35.46    93.78
  SINCE JAN 1     62.22                     47.69  14.53    49.80

DEGREE DAYS
 HEATING
  YESTERDAY       13                        12      1       12
  MONTH TO DATE  320                       342    -22      267
  SINCE MAR 1   1511                      1539    -28     1183
  SINCE JUL 1   5333                      5384    -51     4306

 COOLING
  YESTERDAY        0                         0      0        0
  MONTH TO DATE    0                         0      0        0
  SINCE MAR 1      0                         0      0        0
  SINCE JAN 1      0                         0      0        0
..................................................................


WIND (MPH)
  RESULTANT WIND SPEED   5   RESULTANT WIND DIRECTION  NW (310)
  HIGHEST WIND SPEED    15   HIGHEST WIND DIRECTION     W (270)
  HIGHEST GUST SPEED    23   HIGHEST GUST DIRECTION     W (270)
  AVERAGE WIND SPEED     6.9


SKY COVER
  AVERAGE SKY COVER 0.6


WEATHER CONDITIONS
 THE FOLLOWING WEATHER WAS RECORDED YESTERDAY.
  NO SIGNIFICANT WEATHER WAS OBSERVED.


RELATIVE HUMIDITY (PERCENT)
 HIGHEST    92          1000 PM
 LOWEST     60           300 PM
 AVERAGE    76

..........................................................


THE QUILLAYUTE WA AIRPORT CLIMATE NORMALS FOR TODAY
                         NORMAL    RECORD    YEAR
 MAXIMUM TEMPERATURE (F)   61        78      2005
 MINIMUM TEMPERATURE (F)   45        32      1972


SUNRISE AND SUNSET
MAY 25 2017...........SUNRISE   528 AM PDT   SUNSET   903 PM PDT
MAY 26 2017...........SUNRISE   527 AM PDT   SUNSET   904 PM PDT


-  INDICATES NEGATIVE NUMBERS.
R  INDICATES RECORD WAS SET OR TIED.
MM INDICATES DATA IS MISSING.
T  INDICATES TRACE AMOUNT.




$$
