000
CDUS46 KSEW 300847
CLIUIL


CLIMATE REPORT
NATIONAL WEATHER SERVICE SEATTLE WA
146 AM PDT SAT JUL 30 2016


...................................

...THE QUILLAYUTE WA AIRPORT CLIMATE SUMMARY FOR JULY 29 2016...

CLIMATE NORMAL PERIOD 1981 TO 2010
CLIMATE RECORD PERIOD 1966 TO 2016


WEATHER ITEM   OBSERVED TIME   RECORD YEAR NORMAL DEPARTURE LAST
                VALUE   (LST)  VALUE       VALUE  FROM      YEAR
                                                  NORMAL
..................................................................
TEMPERATURE (F)
 YESTERDAY
  MAXIMUM         72    228 PM  89    1974  69      3       82
  MINIMUM         49   1159 PM  41    1997  51     -2       54
  AVERAGE         61                        60      1       68

PRECIPITATION (IN)
  YESTERDAY        0.00          1.24 2008   0.06  -0.06     0.00
  MONTH TO DATE    2.17                      1.88   0.29     0.97
  SINCE OCT 1    101.50                     93.13   8.37    87.32
  SINCE JAN 1     57.52                     54.13   3.39    42.57

DEGREE DAYS
 HEATING
  YESTERDAY        4                         5     -1        0
  MONTH TO DATE  137                       185    -48       71
  SINCE JUN 1    386                       479    -93      261
  SINCE JUL 1    137                       185    -48       71

 COOLING
  YESTERDAY        0                         0      0        3
  MONTH TO DATE    0                         0      0       13
  SINCE JUN 1     11                         3      8       26
  SINCE JAN 1     11                         4      7       26
..................................................................


WIND (MPH)
  RESULTANT WIND SPEED   3   RESULTANT WIND DIRECTION   W (270)
  HIGHEST WIND SPEED    14   HIGHEST WIND DIRECTION    NW (300)
  HIGHEST GUST SPEED    19   HIGHEST GUST DIRECTION     W (290)
  AVERAGE WIND SPEED     4.5


SKY COVER
  AVERAGE SKY COVER 0.3


WEATHER CONDITIONS
 THE FOLLOWING WEATHER WAS RECORDED YESTERDAY.
  FOG
  FOG W/VISIBILITY <= 1/4 MILE


RELATIVE HUMIDITY (PERCENT)
 HIGHEST   100           100 AM
 LOWEST     70          1200 PM
 AVERAGE    85

..........................................................


THE QUILLAYUTE WA AIRPORT CLIMATE NORMALS FOR TODAY
                         NORMAL    RECORD    YEAR
 MAXIMUM TEMPERATURE (F)   69        88      1968
 MINIMUM TEMPERATURE (F)   51        41      1986


SUNRISE AND SUNSET
JULY 30 2016..........SUNRISE   553 AM PDT   SUNSET   856 PM PDT
JULY 31 2016..........SUNRISE   554 AM PDT   SUNSET   854 PM PDT


-  INDICATES NEGATIVE NUMBERS.
R  INDICATES RECORD WAS SET OR TIED.
MM INDICATES DATA IS MISSING.
T  INDICATES TRACE AMOUNT.




$$
