000
CDUS43 KLSX 292240
CLIUIN


CLIMATE REPORT
NATIONAL WEATHER SERVICE ST LOUIS MO
537 PM CDT FRI MAY 29 2015


...................................

...THE QUINCY IL CLIMATE SUMMARY FOR MAY 29 2015...
VALID TODAY AS OF 0500 PM LOCAL TIME.

CLIMATE NORMAL PERIOD 1981 TO 2010
CLIMATE RECORD PERIOD 1901 TO 2015


WEATHER ITEM   OBSERVED TIME   RECORD YEAR NORMAL DEPARTURE LAST
                VALUE   (LST)  VALUE       VALUE  FROM      YEAR
                                                  NORMAL
..................................................................
TEMPERATURE (F)
 TODAY
  MAXIMUM         79   1239 PM  96    1926  77      2       85
  MINIMUM         67    420 AM  38    1947  57     10       68
  AVERAGE         73                        67      6       77

PRECIPITATION (IN)
  TODAY            0.04          1.87 1924   0.15  -0.11     0.00
  MONTH TO DATE    3.57                      4.23  -0.66     2.08
  SINCE MAR 1      6.22                     10.38  -4.16     6.21
  SINCE JAN 1      8.26                     13.78  -5.52     8.33

DEGREE DAYS
 HEATING
  TODAY            0                         2     -2
  MONTH TO DATE   84                       132    -48
  SINCE MAR 1   1072                      1220   -148
  SINCE JUL 1   5738                      5562    176

 COOLING
  TODAY            8                         4      4
  MONTH TO DATE  108                        59     49
  SINCE MAR 1    114                        77     37
  SINCE JAN 1    114                        77     37
..................................................................


WIND (MPH)
  HIGHEST WIND SPEED    17   HIGHEST WIND DIRECTION    SW (240)
  HIGHEST GUST SPEED    22   HIGHEST GUST DIRECTION     W (250)
  AVERAGE WIND SPEED    10.1


SKY COVER
  AVERAGE SKY COVER 0.6



RELATIVE HUMIDITY (PERCENT)
 HIGHEST    93          1200 AM
 LOWEST     67           100 PM
 AVERAGE    80

..........................................................


THE QUINCY IL CLIMATE NORMALS FOR TOMORROW
                         NORMAL    RECORD    YEAR
 MAXIMUM TEMPERATURE (F)   77       103      1934
 MINIMUM TEMPERATURE (F)   57        42      1965
                                             1947


SUNRISE AND SUNSET
MAY 29 2015...........SUNRISE   540 AM CDT   SUNSET   825 PM CDT
MAY 30 2015...........SUNRISE   539 AM CDT   SUNSET   826 PM CDT


-  INDICATES NEGATIVE NUMBERS.
R  INDICATES RECORD WAS SET OR TIED.
MM INDICATES DATA IS MISSING.
T  INDICATES TRACE AMOUNT.




$$
