000
CDUS43 KLSX 280745
CLIUIN


CLIMATE REPORT
NATIONAL WEATHER SERVICE ST LOUIS MO
145 AM CST TUE FEB 28 2017


...................................

...THE QUINCY IL CLIMATE SUMMARY FOR FEBRUARY 27 2017...

CLIMATE NORMAL PERIOD 1981 TO 2010
CLIMATE RECORD PERIOD 1901 TO 2017


WEATHER ITEM   OBSERVED TIME   RECORD YEAR NORMAL DEPARTURE LAST
                VALUE   (LST)  VALUE       VALUE  FROM      YEAR
                                                  NORMAL
..................................................................
TEMPERATURE (F)
 YESTERDAY
  MAXIMUM         60    428 PM  73    1976  44     16       65
  MINIMUM         31    643 AM  -8    2015  27      4       27
                                      1934
  AVERAGE         46                        35     11

PRECIPITATION (IN)
  YESTERDAY        T             1.40 2011   0.08  -0.08     0.00
  MONTH TO DATE    0.45                      1.80  -1.35     0.22
  SINCE DEC 1      2.66                      5.57  -2.91     6.44
  SINCE JAN 1      1.63                      3.32  -1.69     0.62

DEGREE DAYS
 HEATING
  YESTERDAY       19                        30    -11
  MONTH TO DATE  613                       926   -313
  SINCE DEC 1   2752                      3212   -460
  SINCE JUL 1   3440                      4312   -872

 COOLING
  YESTERDAY        0                         0      0
  MONTH TO DATE    0                         0      0
  SINCE DEC 1      0                         0      0
  SINCE JAN 1      0                         0      0
..................................................................


WIND (MPH)
  HIGHEST WIND SPEED    20   HIGHEST WIND DIRECTION    SE (140)
  HIGHEST GUST SPEED    24   HIGHEST GUST DIRECTION    SE (130)
  AVERAGE WIND SPEED     9.2


SKY COVER
  AVERAGE SKY COVER 0.3



RELATIVE HUMIDITY (PERCENT)
 HIGHEST    96           200 AM
 LOWEST     29           400 PM
 AVERAGE    63

..........................................................


THE QUINCY IL CLIMATE NORMALS FOR TODAY
                         NORMAL    RECORD    YEAR
 MAXIMUM TEMPERATURE (F)   44        68      1932
 MINIMUM TEMPERATURE (F)   27        -3      1962


SUNRISE AND SUNSET
FEBRUARY 28 2017......SUNRISE   639 AM CST   SUNSET   556 PM CST
MARCH  1 2017.........SUNRISE   638 AM CST   SUNSET   557 PM CST


-  INDICATES NEGATIVE NUMBERS.
R  INDICATES RECORD WAS SET OR TIED.
MM INDICATES DATA IS MISSING.
T  INDICATES TRACE AMOUNT.




$$
