000
CDUS43 KLSX 230727
CLIUIN


CLIMATE REPORT
NATIONAL WEATHER SERVICE ST LOUIS MO
226 AM CDT WED AUG 23 2017


...................................

...THE QUINCY IL CLIMATE SUMMARY FOR AUGUST 22 2017...

CLIMATE NORMAL PERIOD 1981 TO 2010
CLIMATE RECORD PERIOD 1901 TO 2017


WEATHER ITEM   OBSERVED TIME   RECORD YEAR NORMAL DEPARTURE LAST
                VALUE   (LST)  VALUE       VALUE  FROM      YEAR
                                                  NORMAL
..................................................................
TEMPERATURE (F)
 YESTERDAY
  MAXIMUM         80    338 PM 103    1936  84     -4       81
  MINIMUM         59   1159 PM  50    1923  64     -5       56
  AVERAGE         70                        74     -4

PRECIPITATION (IN)
  YESTERDAY        0.50          1.12 1905   0.11   0.39     0.00
  MONTH TO DATE    3.99                      2.59   1.40     2.55
  SINCE JUN 1      9.05                     10.62  -1.57    10.27
  SINCE JAN 1     25.83                     24.71   1.12    18.95

DEGREE DAYS
 HEATING
  YESTERDAY        0                         0      0
  MONTH TO DATE    0                         0      0
  SINCE JUN 1      4                        16    -12
  SINCE JUL 1      0                         0      0

 COOLING
  YESTERDAY        5                         9     -4
  MONTH TO DATE  163                       222    -59
  SINCE JUN 1    852                       792     60
  SINCE JAN 1    961                       878     83
..................................................................


WIND (MPH)
  HIGHEST WIND SPEED    20   HIGHEST WIND DIRECTION     N (340)
  HIGHEST GUST SPEED    24   HIGHEST GUST DIRECTION    NW (330)
  AVERAGE WIND SPEED     9.4


SKY COVER
  AVERAGE SKY COVER 0.3



RELATIVE HUMIDITY (PERCENT)
 HIGHEST   100          1200 AM
 LOWEST     39           400 PM
 AVERAGE    70

..........................................................


THE QUINCY IL CLIMATE NORMALS FOR TODAY
                         NORMAL    RECORD    YEAR
 MAXIMUM TEMPERATURE (F)   84       103      1947
 MINIMUM TEMPERATURE (F)   64        48      1939


SUNRISE AND SUNSET
AUGUST 23 2017........SUNRISE   624 AM CDT   SUNSET   750 PM CDT
AUGUST 24 2017........SUNRISE   625 AM CDT   SUNSET   748 PM CDT


-  INDICATES NEGATIVE NUMBERS.
R  INDICATES RECORD WAS SET OR TIED.
MM INDICATES DATA IS MISSING.
T  INDICATES TRACE AMOUNT.




$$
