000
CDUS43 KLSX 242232
CLIUIN


CLIMATE REPORT
NATIONAL WEATHER SERVICE ST LOUIS MO
530 PM CDT SAT SEP 24 2016


...................................

...THE QUINCY IL CLIMATE SUMMARY FOR SEPTEMBER 24 2016...
VALID TODAY AS OF 0500 PM LOCAL TIME.

CLIMATE NORMAL PERIOD 1981 TO 2010
CLIMATE RECORD PERIOD 1901 TO 2016


WEATHER ITEM   OBSERVED TIME   RECORD YEAR NORMAL DEPARTURE LAST
                VALUE   (LST)  VALUE       VALUE  FROM      YEAR
                                                  NORMAL
..................................................................
TEMPERATURE (F)
 TODAY
  MAXIMUM         89    221 PM  94    1935  74     15       83
  MINIMUM         67    633 AM  33    1989  52     15       60
  AVERAGE         78                        63     15       72

PRECIPITATION (IN)
  TODAY            0.00          4.35 1904   0.12  -0.12     0.00
  MONTH TO DATE    3.09                      2.65   0.44     1.21
  SINCE SEP 1      3.09                      2.65   0.44     1.21
  SINCE JAN 1     26.78                     28.40  -1.62    29.97

DEGREE DAYS
 HEATING
  TODAY            0                         5     -5
  MONTH TO DATE    0                        49    -49
  SINCE SEP 1      0                        49    -49
  SINCE JUL 1      6                        54    -48

 COOLING
  TODAY           13                         2     11
  MONTH TO DATE  212                       111    101
  SINCE SEP 1    212                       111    101
  SINCE JAN 1   1388                      1064    324
..................................................................


WIND (MPH)
  HIGHEST WIND SPEED    14   HIGHEST WIND DIRECTION     S (170)
  HIGHEST GUST SPEED    17   HIGHEST GUST DIRECTION     S (160)
  AVERAGE WIND SPEED     5.8


SKY COVER
  AVERAGE SKY COVER 0.1



RELATIVE HUMIDITY (PERCENT)
 HIGHEST    93           500 AM
 LOWEST     43           200 PM
 AVERAGE    68

..........................................................


THE QUINCY IL CLIMATE NORMALS FOR TOMORROW
                         NORMAL    RECORD    YEAR
 MAXIMUM TEMPERATURE (F)   73        93      1920
 MINIMUM TEMPERATURE (F)   52        35      1907


SUNRISE AND SUNSET
SEPTEMBER 24 2016.....SUNRISE   655 AM CDT   SUNSET   658 PM CDT
SEPTEMBER 25 2016.....SUNRISE   656 AM CDT   SUNSET   656 PM CDT


-  INDICATES NEGATIVE NUMBERS.
R  INDICATES RECORD WAS SET OR TIED.
MM INDICATES DATA IS MISSING.
T  INDICATES TRACE AMOUNT.




$$
