000
CDUS43 KLSX 220739
CLIUIN


CLIMATE REPORT
NATIONAL WEATHER SERVICE ST LOUIS MO
237 AM CDT FRI AUG 22 2014


...................................

...THE QUINCY IL CLIMATE SUMMARY FOR AUGUST 21 2014...

CLIMATE NORMAL PERIOD 1981 TO 2010
CLIMATE RECORD PERIOD 1901 TO 2014


WEATHER ITEM   OBSERVED TIME   RECORD YEAR NORMAL DEPARTURE LAST
                VALUE   (LST)  VALUE       VALUE  FROM      YEAR
                                                  NORMAL
..................................................................
TEMPERATURE (F)
 YESTERDAY
  MAXIMUM         91    343 PM 102    1947  84      7       91
                                      1936
  MINIMUM         72    428 AM  44    1950  64      8       66
  AVERAGE         82                        74      8

PRECIPITATION (IN)
  YESTERDAY        0.00          1.64 1944   0.12  -0.12     0.00
  MONTH TO DATE    5.47                      2.48   2.99     0.01
  SINCE JUN 1     16.51                     10.51   6.00     2.86
  SINCE JAN 1     24.92                     24.60   0.32    28.10

DEGREE DAYS
 HEATING
  YESTERDAY        0                         0      0
  MONTH TO DATE    0                         0      0
  SINCE JUN 1      9                        16     -7
  SINCE JUL 1      5                         0      5

 COOLING
  YESTERDAY       17                         9      8
  MONTH TO DATE  165                       213    -48
  SINCE JUN 1    630                       783   -153
  SINCE JAN 1    773                       869    -96
..................................................................


WIND (MPH)
  HIGHEST WIND SPEED    18   HIGHEST WIND DIRECTION    SW (230)
  HIGHEST GUST SPEED    23   HIGHEST GUST DIRECTION    SW (210)
  AVERAGE WIND SPEED     8.6


SKY COVER
  AVERAGE SKY COVER 0.0



RELATIVE HUMIDITY (PERCENT)
 HIGHEST    93           200 AM
 LOWEST     59           100 PM
 AVERAGE    76

..........................................................


THE QUINCY IL CLIMATE NORMALS FOR TODAY
                         NORMAL    RECORD    YEAR
 MAXIMUM TEMPERATURE (F)   84       103      1936
 MINIMUM TEMPERATURE (F)   64        50      1923


SUNRISE AND SUNSET
AUGUST 22 2014........SUNRISE   623 AM CDT   SUNSET   751 PM CDT
AUGUST 23 2014........SUNRISE   624 AM CDT   SUNSET   750 PM CDT


-  INDICATES NEGATIVE NUMBERS.
R  INDICATES RECORD WAS SET OR TIED.
MM INDICATES DATA IS MISSING.
T  INDICATES TRACE AMOUNT.




$$
