000
CDUS43 KLSX 190818
CLIUIN


CLIMATE REPORT
NATIONAL WEATHER SERVICE ST LOUIS MO
213 AM CST THU JAN 19 2017


...................................

...THE QUINCY IL CLIMATE SUMMARY FOR JANUARY 18 2017...

CLIMATE NORMAL PERIOD 1981 TO 2010
CLIMATE RECORD PERIOD 1901 TO 2017


WEATHER ITEM   OBSERVED TIME   RECORD YEAR NORMAL DEPARTURE LAST
                VALUE   (LST)  VALUE       VALUE  FROM      YEAR
                                                  NORMAL
..................................................................
TEMPERATURE (F)
 YESTERDAY
  MAXIMUM         44    341 PM  64    1951  34     10       12
  MINIMUM         33   1031 PM -16    1930  18     15       -2
  AVERAGE         39                        26     13

PRECIPITATION (IN)
  YESTERDAY        0.00          1.10 1996   0.05  -0.05     0.00
  MONTH TO DATE    1.02                      0.91   0.11     0.20
  SINCE DEC 1      2.05                      3.16  -1.11     6.02
  SINCE JAN 1      1.02                      0.91   0.11     0.20

DEGREE DAYS
 HEATING
  YESTERDAY       26                        39    -13
  MONTH TO DATE  676                       698    -22
  SINCE DEC 1   1789                      1789      0
  SINCE JUL 1   2477                      2889   -412

 COOLING
  YESTERDAY        0                         0      0
  MONTH TO DATE    0                         0      0
  SINCE DEC 1      0                         0      0
  SINCE JAN 1      0                         0      0
..................................................................


WIND (MPH)
  HIGHEST WIND SPEED    14   HIGHEST WIND DIRECTION    SW (210)
  HIGHEST GUST SPEED    18   HIGHEST GUST DIRECTION     W (280)
  AVERAGE WIND SPEED     7.4


SKY COVER
  AVERAGE SKY COVER 0.6



RELATIVE HUMIDITY (PERCENT)
 HIGHEST    96           700 AM
 LOWEST     76           100 PM
 AVERAGE    86

..........................................................


THE QUINCY IL CLIMATE NORMALS FOR TODAY
                         NORMAL    RECORD    YEAR
 MAXIMUM TEMPERATURE (F)   34        67      1951
 MINIMUM TEMPERATURE (F)   18       -19      1985


SUNRISE AND SUNSET
JANUARY 19 2017.......SUNRISE   723 AM CST   SUNSET   509 PM CST
JANUARY 20 2017.......SUNRISE   722 AM CST   SUNSET   510 PM CST


-  INDICATES NEGATIVE NUMBERS.
R  INDICATES RECORD WAS SET OR TIED.
MM INDICATES DATA IS MISSING.
T  INDICATES TRACE AMOUNT.




$$
