000
CDUS43 KLSX 021501
CLIUIN


CLIMATE REPORT
NATIONAL WEATHER SERVICE ST LOUIS MO
959 AM CDT THU JUL 2 2015


...................................

...THE QUINCY IL CLIMATE SUMMARY FOR JULY 1 2015...

CLIMATE NORMAL PERIOD 1981 TO 2010
CLIMATE RECORD PERIOD 1901 TO 2015


WEATHER ITEM   OBSERVED TIME   RECORD YEAR NORMAL DEPARTURE LAST
                VALUE   (LST)  VALUE       VALUE  FROM      YEAR
                                                  NORMAL
..................................................................
TEMPERATURE (F)
 YESTERDAY
  MAXIMUM         83    334 PM 104    1931  85     -2       82
  MINIMUM         68    504 AM  52    1988  66      2       68
                                      1951
  AVERAGE         76                        76      0

PRECIPITATION (IN)
  YESTERDAY        0.12          3.19 1961   0.13  -0.01      T
  MONTH TO DATE    0.12                      0.13  -0.01      T
  SINCE JUN 1      8.65                      4.12   4.53     8.15
  SINCE JAN 1     17.33                     18.21  -0.88    16.56

DEGREE DAYS
 HEATING
  YESTERDAY        0                         0      0
  MONTH TO DATE    0                         0      0
  SINCE JUN 1      8                        16     -8
  SINCE JUL 1      0                         0      0

 COOLING
  YESTERDAY       11                        11      0
  MONTH TO DATE   11                        11      0
  SINCE JUN 1    258                       238     20
  SINCE JAN 1    372                       324     48
..................................................................


WIND (MPH)
  HIGHEST WIND SPEED    17   HIGHEST WIND DIRECTION    NE (40)
  HIGHEST GUST SPEED    22   HIGHEST GUST DIRECTION     E (80)
  AVERAGE WIND SPEED     6.7


SKY COVER
  AVERAGE SKY COVER 0.6



RELATIVE HUMIDITY (PERCENT)
 HIGHEST    97           100 AM
 LOWEST     62          1100 AM
 AVERAGE    80

..........................................................


THE QUINCY IL CLIMATE NORMALS FOR TODAY
                         NORMAL    RECORD    YEAR
 MAXIMUM TEMPERATURE (F)   85       103      1934
 MINIMUM TEMPERATURE (F)   66        50      1959
                                             1904


SUNRISE AND SUNSET
JULY  2 2015..........SUNRISE   540 AM CDT   SUNSET   837 PM CDT
JULY  3 2015..........SUNRISE   541 AM CDT   SUNSET   837 PM CDT


-  INDICATES NEGATIVE NUMBERS.
R  INDICATES RECORD WAS SET OR TIED.
MM INDICATES DATA IS MISSING.
T  INDICATES TRACE AMOUNT.




$$
