000
CDUS43 KLSX 220740
CLIUIN


CLIMATE REPORT
NATIONAL WEATHER SERVICE ST LOUIS MO
240 AM CDT THU JUN 22 2017


...................................

...THE QUINCY IL CLIMATE SUMMARY FOR JUNE 21 2017...

CLIMATE NORMAL PERIOD 1981 TO 2010
CLIMATE RECORD PERIOD 1901 TO 2017


WEATHER ITEM   OBSERVED TIME   RECORD YEAR NORMAL DEPARTURE LAST
                VALUE   (LST)  VALUE       VALUE  FROM      YEAR
                                                  NORMAL
..................................................................
TEMPERATURE (F)
 YESTERDAY
  MAXIMUM         91    404 PM 100    1988  83      8       85
  MINIMUM         66    511 AM  45    1992  64      2       69
                                      1902
  AVERAGE         79                        74      5

PRECIPITATION (IN)
  YESTERDAY        0.00          2.14 1915   0.13  -0.13      T
  MONTH TO DATE    2.08                      2.87  -0.79     0.57
  SINCE JUN 1      2.08                      2.87  -0.79     0.57
  SINCE JAN 1     18.86                     16.96   1.90     9.25

DEGREE DAYS
 HEATING
  YESTERDAY        0                         0      0
  MONTH TO DATE    0                        14    -14
  SINCE JUN 1      0                        14    -14
  SINCE JUL 1   4433                      5580  -1147

 COOLING
  YESTERDAY       14                         9      5
  MONTH TO DATE  217                       140     77
  SINCE JUN 1    217                       140     77
  SINCE JAN 1    326                       226    100
..................................................................


WIND (MPH)
  HIGHEST WIND SPEED    16   HIGHEST WIND DIRECTION     S (190)
  HIGHEST GUST SPEED    21   HIGHEST GUST DIRECTION     S (190)
  AVERAGE WIND SPEED     7.0


SKY COVER
  AVERAGE SKY COVER 0.1



RELATIVE HUMIDITY (PERCENT)
 HIGHEST    93           400 AM
 LOWEST     47           200 PM
 AVERAGE    70

..........................................................


THE QUINCY IL CLIMATE NORMALS FOR TODAY
                         NORMAL    RECORD    YEAR
 MAXIMUM TEMPERATURE (F)   84       100      1930
 MINIMUM TEMPERATURE (F)   64        45      1902


SUNRISE AND SUNSET
JUNE 22 2017..........SUNRISE   537 AM CDT   SUNSET   837 PM CDT
JUNE 23 2017..........SUNRISE   537 AM CDT   SUNSET   837 PM CDT


-  INDICATES NEGATIVE NUMBERS.
R  INDICATES RECORD WAS SET OR TIED.
MM INDICATES DATA IS MISSING.
T  INDICATES TRACE AMOUNT.




$$
