000
CDUS43 KLSX 282229
CLIUIN


CLIMATE REPORT
NATIONAL WEATHER SERVICE ST LOUIS MO
527 PM CDT SUN AUG 28 2016


...................................

...THE QUINCY IL CLIMATE SUMMARY FOR AUGUST 28 2016...
VALID TODAY AS OF 0500 PM LOCAL TIME.

CLIMATE NORMAL PERIOD 1981 TO 2010
CLIMATE RECORD PERIOD 1901 TO 2016


WEATHER ITEM   OBSERVED TIME   RECORD YEAR NORMAL DEPARTURE LAST
                VALUE   (LST)  VALUE       VALUE  FROM      YEAR
                                                  NORMAL
..................................................................
TEMPERATURE (F)
 TODAY
  MAXIMUM         86    131 PM 101    1984  83      3       75
                                      1913
  MINIMUM         71    618 AM  42    1986  63      8       59
  AVERAGE         79                        73      6       67

PRECIPITATION (IN)
  TODAY            0.00          2.43 1977   0.11  -0.11     0.18
  MONTH TO DATE    6.71                      3.28   3.43     2.13
  SINCE JUN 1     14.43                     11.31   3.12    20.08
  SINCE JAN 1     23.11                     25.40  -2.29    28.76

DEGREE DAYS
 HEATING
  TODAY            0                         0      0
  MONTH TO DATE    0                         0      0
  SINCE JUN 1      6                        16    -10
  SINCE JUL 1      6                         0      6

 COOLING
  TODAY           14                         8      6
  MONTH TO DATE  309                       274     35
  SINCE JUN 1   1040                       844    196
  SINCE JAN 1   1144                       930    214
..................................................................


WIND (MPH)
  HIGHEST WIND SPEED    10   HIGHEST WIND DIRECTION     S (170)
  HIGHEST GUST SPEED    13   HIGHEST GUST DIRECTION     S (160)
  AVERAGE WIND SPEED     4.1


SKY COVER
  AVERAGE SKY COVER 0.2



RELATIVE HUMIDITY (PERCENT)
 HIGHEST   100           200 AM
 LOWEST     69           100 PM
 AVERAGE    85

..........................................................


THE QUINCY IL CLIMATE NORMALS FOR TOMORROW
                         NORMAL    RECORD    YEAR
 MAXIMUM TEMPERATURE (F)   83       103      1984
 MINIMUM TEMPERATURE (F)   62        43      1986


SUNRISE AND SUNSET
AUGUST 28 2016........SUNRISE   629 AM CDT   SUNSET   742 PM CDT
AUGUST 29 2016........SUNRISE   630 AM CDT   SUNSET   740 PM CDT


-  INDICATES NEGATIVE NUMBERS.
R  INDICATES RECORD WAS SET OR TIED.
MM INDICATES DATA IS MISSING.
T  INDICATES TRACE AMOUNT.




$$
