000
CDUS46 KEKA 281210
CLIUKI


CLIMATE REPORT
NATIONAL WEATHER SERVICE EUREKA CA
509 AM PDT THU APR 28 2016


...................................

...THE UKIAH CA CLIMATE SUMMARY FOR APRIL 27 2016...

CLIMATE NORMAL PERIOD 1981 TO 2010
CLIMATE RECORD PERIOD 1903 TO 2016


WEATHER ITEM   OBSERVED TIME   RECORD YEAR NORMAL DEPARTURE LAST
                VALUE   (LST)  VALUE       VALUE  FROM      YEAR
                                                  NORMAL
..................................................................
TEMPERATURE (F)
 YESTERDAY
  MAXIMUM         62    401 PM  92    1987  72    -10       89
  MINIMUM         41    415 AM  30    1955  44     -3       46
  AVERAGE         52                        58     -6       68

PRECIPITATION (IN)
  YESTERDAY        0.25          2.02 1953   0.07   0.18     0.00
  MONTH TO DATE    1.27                      2.36  -1.09     1.93
  SINCE OCT 1     35.71                     34.81   0.90    25.44
  SINCE JAN 1     23.50                     21.43   2.07     7.67

SNOWFALL (IN)
  YESTERDAY       MM            MM      MM  MM     MM        0.0
  MONTH TO DATE    0.0                      MM     MM        0.0
  SINCE MAR 1      0.0                      MM     MM        0.0
  SINCE JUL 1      0.0                      MM     MM        0.0
  SNOW DEPTH       0

DEGREE DAYS
 HEATING
  YESTERDAY       13                         8      5        0
  MONTH TO DATE  169                       279   -110      207
  SINCE MAR 1    507                       693   -186      402
  SINCE JUL 1   2446                      2926   -480     1916

 COOLING
  YESTERDAY        0                         1     -1        3
  MONTH TO DATE    7                         5      2        5
  SINCE MAR 1      7                         5      2       10
  SINCE JAN 1      7                         5      2       10
..................................................................


WIND (MPH)
  HIGHEST WIND SPEED    21   HIGHEST WIND DIRECTION     W (290)
  HIGHEST GUST SPEED    34   HIGHEST GUST DIRECTION    NW (310)
  AVERAGE WIND SPEED     7.6


SKY COVER
  AVERAGE SKY COVER 0.6


WEATHER CONDITIONS
 THE FOLLOWING WEATHER WAS RECORDED YESTERDAY.
  HEAVY RAIN
  LIGHT RAIN
  FOG


RELATIVE HUMIDITY (PERCENT)
 HIGHEST    93
 LOWEST     55
 AVERAGE    74

..........................................................


THE UKIAH CA CLIMATE NORMALS FOR TODAY
                         NORMAL    RECORD    YEAR
 MAXIMUM TEMPERATURE (F)   72        93      1981
 MINIMUM TEMPERATURE (F)   44        29      1913


SUNRISE AND SUNSET
APRIL 28 2016.........SUNRISE   617 AM PDT   SUNSET   804 PM PDT
APRIL 29 2016.........SUNRISE   616 AM PDT   SUNSET   804 PM PDT


-  INDICATES NEGATIVE NUMBERS.
R  INDICATES RECORD WAS SET OR TIED.
MM INDICATES DATA IS MISSING.
T  INDICATES TRACE AMOUNT.




$$
