000
CDUS46 KEKA 180017
CLIUKI


CLIMATE REPORT
NATIONAL WEATHER SERVICE EUREKA CA
516 PM PDT THU APR 17 2014


...................................

...THE UKIAH CA CLIMATE SUMMARY FOR APRIL 17 2014...
VALID TODAY AS OF 0500 PM LOCAL TIME.

CLIMATE NORMAL PERIOD 1981 TO 2010
CLIMATE RECORD PERIOD 1903 TO 2014


WEATHER ITEM   OBSERVED RECORD YEAR NORMAL DEPARTURE LAST
                VALUE   VALUE       VALUE  FROM      YEAR
                                           NORMAL
...........................................................
TEMPERATURE (F)
 TODAY
  MAXIMUM         76     95    1954  69      7       70
  MINIMUM         47     30    1922  42      5       35
  AVERAGE         62                 56      6       53

PRECIPITATION (IN)
  TODAY            0.00   1.33 2000   0.09  -0.09     0.00
  MONTH TO DATE    1.08               1.52  -0.44     1.08
  SINCE JUL 1     18.26              34.56 -16.30    27.83
  SINCE JAN 1     16.34              20.59  -4.25     5.13

SNOWFALL (IN)
  TODAY           MM     MM          MM     MM        0.0
  MONTH TO DATE    0.0               MM     MM        0.0
  SINCE MAR 1      0.0               MM     MM        0.0
  SINCE JUL 1      0.0               MM     MM        0.0
  SNOW DEPTH      MM

...........................................................


WIND (MPH)
  HIGHEST WIND SPEED    23   HIGHEST WIND DIRECTION    NW (300)
  HIGHEST GUST SPEED    33   HIGHEST GUST DIRECTION    NW (300)
  AVERAGE WIND SPEED     5.9


SKY COVER
  AVERAGE SKY COVER 0.0


WEATHER CONDITIONS
 THE FOLLOWING WEATHER WAS RECORDED TODAY.
  NO SIGNIFICANT WEATHER WAS OBSERVED.


RELATIVE HUMIDITY (PERCENT)
 HIGHEST    93
 LOWEST     31
 AVERAGE    62

..........................................................


THE UKIAH CA CLIMATE NORMALS FOR TOMORROW
                         NORMAL    RECORD    YEAR
 MAXIMUM TEMPERATURE (F)   69        93      1950
 MINIMUM TEMPERATURE (F)   43        30      1933


SUNRISE AND SUNSET
APRIL 17 2014.........SUNRISE   633 AM PDT   SUNSET   752 PM PDT
APRIL 18 2014.........SUNRISE   632 AM PDT   SUNSET   753 PM PDT


-  INDICATES NEGATIVE NUMBERS.
R  INDICATES RECORD WAS SET OR TIED.
MM INDICATES DATA IS MISSING.
T  INDICATES TRACE AMOUNT.




$$
