000
CDUS46 KEKA 241209
CLIUKI


CLIMATE REPORT
NATIONAL WEATHER SERVICE EUREKA CA
509 AM PDT SAT JUN 24 2017


...................................

...THE UKIAH CA CLIMATE SUMMARY FOR JUNE 23 2017...

CLIMATE NORMAL PERIOD 1981 TO 2010
CLIMATE RECORD PERIOD 1903 TO 2017


WEATHER ITEM   OBSERVED TIME   RECORD YEAR NORMAL DEPARTURE LAST
                VALUE   (LST)  VALUE       VALUE  FROM      YEAR
                                                  NORMAL
..................................................................
TEMPERATURE (F)
 YESTERDAY
  MAXIMUM        103    338 PM 108    1929  85     18       85
  MINIMUM         64    514 AM  41    1907  54     10       51
  AVERAGE         84                        70     14       68

PRECIPITATION (IN)
  YESTERDAY        0.00          0.28 1912   0.00   0.00     0.00
  MONTH TO DATE    0.04                      0.30  -0.26     0.36
  SINCE OCT 1     51.62                     36.72  14.90    36.52
  SINCE JAN 1     34.51                     23.34  11.17    24.31

SNOWFALL (IN)
  YESTERDAY        0.0          MM      MM  MM     MM        0.0
  MONTH TO DATE    0.0                      MM     MM        0.0
  SINCE JUN 1      0.0                      MM     MM        0.0
  SINCE JUL 1      0.0                      MM     MM        0.0
  SNOW DEPTH       0

DEGREE DAYS
 HEATING
  YESTERDAY        0                         1     -1        0
  MONTH TO DATE   25                        31     -6       22
  SINCE JUN 1     25                        31     -6       22
  SINCE JUL 1   2891                      3117   -226     2557

 COOLING
  YESTERDAY       19                         5     14        3
  MONTH TO DATE  177                        69    108      116
  SINCE JUN 1    177                        69    108      116
  SINCE JAN 1    271                       121    150      181
..................................................................


WIND (MPH)
  HIGHEST WIND SPEED    14   HIGHEST WIND DIRECTION     N (20)
  HIGHEST GUST SPEED    17   HIGHEST GUST DIRECTION     N (20)
  AVERAGE WIND SPEED     4.5


SKY COVER
  AVERAGE SKY COVER 0.0


WEATHER CONDITIONS
 THE FOLLOWING WEATHER WAS RECORDED YESTERDAY.
  NO SIGNIFICANT WEATHER WAS OBSERVED.


RELATIVE HUMIDITY (PERCENT)
 HIGHEST    73
 LOWEST     20
 AVERAGE    47

..........................................................


THE UKIAH CA CLIMATE NORMALS FOR TODAY
                         NORMAL    RECORD    YEAR
 MAXIMUM TEMPERATURE (F)   86       111      1961
 MINIMUM TEMPERATURE (F)   54        40      1908


SUNRISE AND SUNSET
JUNE 24 2017..........SUNRISE   548 AM PDT   SUNSET   843 PM PDT
JUNE 25 2017..........SUNRISE   548 AM PDT   SUNSET   843 PM PDT


-  INDICATES NEGATIVE NUMBERS.
R  INDICATES RECORD WAS SET OR TIED.
MM INDICATES DATA IS MISSING.
T  INDICATES TRACE AMOUNT.




$$
