000
CDUS46 KEKA 021213
CLIUKI


CLIMATE REPORT
NATIONAL WEATHER SERVICE EUREKA CA
513 AM PDT SUN AUG 2 2015


...................................

...THE UKIAH CA CLIMATE SUMMARY FOR AUGUST 1 2015...

CLIMATE NORMAL PERIOD 1981 TO 2010
CLIMATE RECORD PERIOD 1903 TO 2015


WEATHER ITEM   OBSERVED TIME   RECORD YEAR NORMAL DEPARTURE LAST
                VALUE   (LST)  VALUE       VALUE  FROM      YEAR
                                                  NORMAL
..................................................................
TEMPERATURE (F)
 YESTERDAY
  MAXIMUM         95    336 PM 110    1908  94      1      105
  MINIMUM         59    606 AM  43    1919  55      4       58
  AVERAGE         77                        74      3       82

PRECIPITATION (IN)
  YESTERDAY        0.00          T    2011   0.00   0.00     0.00
  MONTH TO DATE    0.00                      0.00   0.00     0.00
  SINCE OCT 1     26.00                     36.80 -10.80    17.97
  SINCE JAN 1      8.23                     23.42 -15.19    16.63

SNOWFALL (IN)
  YESTERDAY        0.0          MM      MM  MM     MM        0.0
  MONTH TO DATE    0.0                      MM     MM        0.0
  SINCE JUN 1      0.0                      MM     MM        0.0
  SINCE JUL 1      0.0                      MM     MM        0.0
  SNOW DEPTH       0

DEGREE DAYS
 HEATING
  YESTERDAY        0                         0      0        0
  MONTH TO DATE    0                         0      0        0
  SINCE JUN 1      5                        33    -28        2
  SINCE JUL 1      1                         1      0        0

 COOLING
  YESTERDAY       12                         9      3       17
  MONTH TO DATE   12                         9      3       17
  SINCE JUN 1    626                       400    226      621
  SINCE JAN 1    674                       452    222      710
..................................................................


WIND (MPH)
  HIGHEST WIND SPEED    15   HIGHEST WIND DIRECTION    NW (330)
  HIGHEST GUST SPEED    19   HIGHEST GUST DIRECTION     N (340)
  AVERAGE WIND SPEED     6.4


SKY COVER
  AVERAGE SKY COVER 0.0


WEATHER CONDITIONS
 THE FOLLOWING WEATHER WAS RECORDED YESTERDAY.
  NO SIGNIFICANT WEATHER WAS OBSERVED.


RELATIVE HUMIDITY (PERCENT)
 HIGHEST    87
 LOWEST     20
 AVERAGE    54

..........................................................


THE UKIAH CA CLIMATE NORMALS FOR TODAY
                         NORMAL    RECORD    YEAR
 MAXIMUM TEMPERATURE (F)   94       108      1946
 MINIMUM TEMPERATURE (F)   55        44      1919


SUNRISE AND SUNSET
AUGUST  2 2015........SUNRISE   614 AM PDT   SUNSET   824 PM PDT
AUGUST  3 2015........SUNRISE   615 AM PDT   SUNSET   822 PM PDT


-  INDICATES NEGATIVE NUMBERS.
R  INDICATES RECORD WAS SET OR TIED.
MM INDICATES DATA IS MISSING.
T  INDICATES TRACE AMOUNT.




$$
