000
CDUS46 KEKA 261210
CLIUKI


CLIMATE REPORT
NATIONAL WEATHER SERVICE EUREKA CA
510 AM PDT THU MAY 26 2016


...................................

...THE UKIAH CA CLIMATE SUMMARY FOR MAY 25 2016...

CLIMATE NORMAL PERIOD 1981 TO 2010
CLIMATE RECORD PERIOD 1903 TO 2016


WEATHER ITEM   OBSERVED TIME   RECORD YEAR NORMAL DEPARTURE LAST
                VALUE   (LST)  VALUE       VALUE  FROM      YEAR
                                                  NORMAL
..................................................................
TEMPERATURE (F)
 YESTERDAY
  MAXIMUM         78    254 PM  98    1982  79     -1       82
  MINIMUM         52   1231 AM  33    1920  48      4       51
  AVERAGE         65                        63      2       67

PRECIPITATION (IN)
  YESTERDAY        0.00          1.04 1942   0.02  -0.02     0.00
  MONTH TO DATE    0.45                      1.26  -0.81     0.40
  SINCE OCT 1     36.16                     36.26  -0.10    25.84
  SINCE JAN 1     23.95                     22.88   1.07     8.07

SNOWFALL (IN)
  YESTERDAY        0.0          MM      MM  MM     MM        0.0
  MONTH TO DATE    0.0                      MM     MM        0.0
  SINCE MAR 1      0.0                      MM     MM        0.0
  SINCE JUL 1      0.0                      MM     MM        0.0
  SNOW DEPTH       0

DEGREE DAYS
 HEATING
  YESTERDAY        0                         4     -4        0
  MONTH TO DATE   72                       123    -51       80
  SINCE MAR 1    596                       836   -240      483
  SINCE JUL 1   2535                      3069   -534     1997

 COOLING
  YESTERDAY        0                         2     -2        2
  MONTH TO DATE   25                        36    -11       11
  SINCE MAR 1     32                        44    -12       25
  SINCE JAN 1     32                        44    -12       25
..................................................................


WIND (MPH)
  HIGHEST WIND SPEED    16   HIGHEST WIND DIRECTION     N (350)
  HIGHEST GUST SPEED    23   HIGHEST GUST DIRECTION     N (340)
  AVERAGE WIND SPEED     5.2


SKY COVER
  AVERAGE SKY COVER 0.5


WEATHER CONDITIONS
 THE FOLLOWING WEATHER WAS RECORDED YESTERDAY.
  NO SIGNIFICANT WEATHER WAS OBSERVED.


RELATIVE HUMIDITY (PERCENT)
 HIGHEST    96
 LOWEST     33
 AVERAGE    65

..........................................................


THE UKIAH CA CLIMATE NORMALS FOR TODAY
                         NORMAL    RECORD    YEAR
 MAXIMUM TEMPERATURE (F)   79        99      1951
 MINIMUM TEMPERATURE (F)   48        34      1920


SUNRISE AND SUNSET
MAY 26 2016...........SUNRISE   551 AM PDT   SUNSET   829 PM PDT
MAY 27 2016...........SUNRISE   551 AM PDT   SUNSET   830 PM PDT


-  INDICATES NEGATIVE NUMBERS.
R  INDICATES RECORD WAS SET OR TIED.
MM INDICATES DATA IS MISSING.
T  INDICATES TRACE AMOUNT.




$$
