000
CDUS43 KSGF 220626
CLIUNO


CLIMATE REPORT
NATIONAL WEATHER SERVICE SPRINGFIELD MO
125 AM CDT WED OCT 22 2014


...................................

...THE WEST PLAINS MO CLIMATE SUMMARY FOR OCTOBER 21 2014...

CLIMATE NORMAL PERIOD 1981 TO 2010
CLIMATE RECORD PERIOD 1947 TO 2014


WEATHER ITEM   OBSERVED TIME   RECORD YEAR NORMAL DEPARTURE LAST
                VALUE   (LST)  VALUE       VALUE  FROM      YEAR
                                                  NORMAL
..................................................................
TEMPERATURE (F)
 YESTERDAY
  MAXIMUM         74    252 PM  87    1978  68      6       59
  MINIMUM         42    617 AM  22    1952  44     -2       41
  AVERAGE         58                        56      2       50

PRECIPITATION (IN)
  YESTERDAY        0.00          0.58 1949   0.14  -0.14     0.02
  MONTH TO DATE    7.08                      2.62   4.46     1.82
  SINCE SEP 1      9.28                      6.71   2.57     3.47
  SINCE JAN 1     30.90                     36.78  -5.88    45.70

DEGREE DAYS
 HEATING
  YESTERDAY        7                        10     -3       15
  MONTH TO DATE  129                       150    -21      134
  SINCE SEP 1    173                       191    -18      150
  SINCE JUL 1    175                       192    -17      154

 COOLING
  YESTERDAY        0                         0      0        0
  MONTH TO DATE   24                        20      4       34
  SINCE SEP 1    164                       176    -12      230
  SINCE JAN 1   1219                      1348   -129     1072
..................................................................


WIND (MPH)
  HIGHEST WIND SPEED     8   HIGHEST WIND DIRECTION    NE (60)
  HIGHEST GUST SPEED    13   HIGHEST GUST DIRECTION     N (350)
  AVERAGE WIND SPEED     2.3


SKY COVER
  AVERAGE SKY COVER 0.0


WEATHER CONDITIONS
 THE FOLLOWING WEATHER WAS RECORDED YESTERDAY.
  NO SIGNIFICANT WEATHER WAS OBSERVED.


RELATIVE HUMIDITY (PERCENT)
 HIGHEST    96           500 AM
 LOWEST     33           200 PM
 AVERAGE    65

..........................................................


THE WEST PLAINS MO CLIMATE NORMALS FOR TODAY
                         NORMAL    RECORD    YEAR
 MAXIMUM TEMPERATURE (F)   68        86      1953
 MINIMUM TEMPERATURE (F)   43        21      1952


SUNRISE AND SUNSET
OCTOBER 22 2014.......SUNRISE   722 AM CDT   SUNSET   622 PM CDT
OCTOBER 23 2014.......SUNRISE   723 AM CDT   SUNSET   621 PM CDT


-  INDICATES NEGATIVE NUMBERS.
R  INDICATES RECORD WAS SET OR TIED.
MM INDICATES DATA IS MISSING.
T  INDICATES TRACE AMOUNT.




$$
