000
CDUS43 KSGF 270636
CLIUNO


CLIMATE REPORT
NATIONAL WEATHER SERVICE SPRINGFIELD MO
135 AM CDT THU JUL 27 2017


...................................

...THE WEST PLAINS MO CLIMATE SUMMARY FOR JULY 26 2017...

CLIMATE NORMAL PERIOD 1981 TO 2010
CLIMATE RECORD PERIOD 1947 TO 2017


WEATHER ITEM   OBSERVED TIME   RECORD YEAR NORMAL DEPARTURE LAST
                VALUE   (LST)  VALUE       VALUE  FROM      YEAR
                                                  NORMAL
..................................................................
TEMPERATURE (F)
 YESTERDAY
  MAXIMUM         93    316 PM 103    2012  90      3       86
  MINIMUM         74    521 AM  55    1957  66      8       73
  AVERAGE         84                        78      6       80

PRECIPITATION (IN)
  YESTERDAY        0.00          1.84 1980   0.10  -0.10     1.45
  MONTH TO DATE    2.15                      3.08  -0.93     6.12
  SINCE JUN 1      3.82                      7.10  -3.28    10.53
  SINCE JAN 1     39.23                     26.37  12.86    25.27

DEGREE DAYS
 HEATING
  YESTERDAY        0                         0      0        0
  MONTH TO DATE    0                         0      0        0
  SINCE JUN 1      0                         5     -5        0
  SINCE JUL 1      0                         0      0        0

 COOLING
  YESTERDAY       19                        13      6       15
  MONTH TO DATE  391                       334     57      386
  SINCE JUN 1    645                       600     45      736
  SINCE JAN 1    767                       722     45      829
..................................................................


WIND (MPH)
  HIGHEST WIND SPEED    13   HIGHEST WIND DIRECTION    SW (230)
  HIGHEST GUST SPEED    18   HIGHEST GUST DIRECTION    SW (230)
  AVERAGE WIND SPEED     5.8


SKY COVER
  AVERAGE SKY COVER 0.1


WEATHER CONDITIONS
 THE FOLLOWING WEATHER WAS RECORDED YESTERDAY.
  NO SIGNIFICANT WEATHER WAS OBSERVED.


RELATIVE HUMIDITY (PERCENT)
 HIGHEST    87           100 AM
 LOWEST     44           200 PM
 AVERAGE    66

..........................................................


THE WEST PLAINS MO CLIMATE NORMALS FOR TODAY
                         NORMAL    RECORD    YEAR
 MAXIMUM TEMPERATURE (F)   90       101      1952
 MINIMUM TEMPERATURE (F)   66        47      1962


SUNRISE AND SUNSET
JULY 27 2017..........SUNRISE   609 AM CDT   SUNSET   818 PM CDT
JULY 28 2017..........SUNRISE   610 AM CDT   SUNSET   818 PM CDT


-  INDICATES NEGATIVE NUMBERS.
R  INDICATES RECORD WAS SET OR TIED.
MM INDICATES DATA IS MISSING.
T  INDICATES TRACE AMOUNT.




$$
