000
CDUS43 KSGF 290634
CLIUNO


CLIMATE REPORT
NATIONAL WEATHER SERVICE SPRINGFIELD MO
134 AM CDT THU SEP 29 2016


...................................

...THE WEST PLAINS MO CLIMATE SUMMARY FOR SEPTEMBER 28 2016...

CLIMATE NORMAL PERIOD 1981 TO 2010
CLIMATE RECORD PERIOD 1947 TO 2016


WEATHER ITEM   OBSERVED TIME   RECORD YEAR NORMAL DEPARTURE LAST
                VALUE   (LST)  VALUE       VALUE  FROM      YEAR
                                                  NORMAL
..................................................................
TEMPERATURE (F)
 YESTERDAY
  MAXIMUM         77   1223 PM 100    1953  76      1       81
  MINIMUM         52   1159 PM  34    1991  51      1       58
  AVERAGE         65                        64      1       70

PRECIPITATION (IN)
  YESTERDAY        0.00          0.86 1974   0.14  -0.14      T
  MONTH TO DATE    1.35                      3.81  -2.46     0.97
  SINCE SEP 1      1.35                      3.81  -2.46     0.97
  SINCE JAN 1     33.47                     33.88  -0.41    36.68

DEGREE DAYS
 HEATING
  YESTERDAY        0                         4     -4        0
  MONTH TO DATE    6                        31    -25       17
  SINCE SEP 1      6                        31    -25       17
  SINCE JUL 1      6                        32    -26       17

 COOLING
  YESTERDAY        0                         2     -2        5
  MONTH TO DATE  226                       152     74      183
  SINCE SEP 1    226                       152     74      183
  SINCE JAN 1   1515                      1324    191     1340
..................................................................


WIND (MPH)
  HIGHEST WIND SPEED    17   HIGHEST WIND DIRECTION    NW (310)
  HIGHEST GUST SPEED    24   HIGHEST GUST DIRECTION    NW (300)
  AVERAGE WIND SPEED     8.1


SKY COVER
  AVERAGE SKY COVER 0.0


WEATHER CONDITIONS
 THE FOLLOWING WEATHER WAS RECORDED YESTERDAY.
  NO SIGNIFICANT WEATHER WAS OBSERVED.


RELATIVE HUMIDITY (PERCENT)
 HIGHEST    83           500 AM
 LOWEST     25           100 PM
 AVERAGE    54

..........................................................


THE WEST PLAINS MO CLIMATE NORMALS FOR TODAY
                         NORMAL    RECORD    YEAR
 MAXIMUM TEMPERATURE (F)   76       101      1953
 MINIMUM TEMPERATURE (F)   51        33      1967


SUNRISE AND SUNSET
SEPTEMBER 29 2016.....SUNRISE   702 AM CDT   SUNSET   653 PM CDT
SEPTEMBER 30 2016.....SUNRISE   703 AM CDT   SUNSET   652 PM CDT


-  INDICATES NEGATIVE NUMBERS.
R  INDICATES RECORD WAS SET OR TIED.
MM INDICATES DATA IS MISSING.
T  INDICATES TRACE AMOUNT.




$$
