000
CDUS43 KUNR 270833
CLIUNR


CLIMATE REPORT
NATIONAL WEATHER SERVICE RAPID CITY SD
133 AM MST FRI FEB 27 2015


...................................

...THE EAST RAPID CITY SD CLIMATE SUMMARY FOR FEBRUARY 26 2015...

CLIMATE NORMAL PERIOD 1981 TO 2010
CLIMATE RECORD PERIOD 1888 TO 2015


WEATHER ITEM   OBSERVED RECORD YEAR NORMAL DEPARTURE LAST
                VALUE   VALUE       VALUE  FROM      YEAR
                                           NORMAL
...........................................................
TEMPERATURE (F)
 YESTERDAY
  MAXIMUM          8     68    1932  41    -33       38
  MINIMUM         -2    -19    1934  20    -22       -1
  AVERAGE          3                 31    -28       19

PRECIPITATION (IN)
  YESTERDAY        T      0.15 1958   0.02  -0.02     0.00
  MONTH TO DATE    0.39               0.44  -0.05     0.22
  SINCE DEC 1      0.92               1.05  -0.13     1.02
  SINCE JAN 1      0.54               0.73  -0.19     0.48

SNOWFALL (IN)
  YESTERDAY        0.1    2.2  1911   0.3   -0.2      0.0
  MONTH TO DATE    8.6                6.8    1.8      6.2
  SINCE DEC 1     20.4               17.5    2.9     19.5
  SINCE JUL 1     35.7               26.1    9.6     49.3
  SNOW DEPTH       2

DEGREE DAYS
 HEATING
  YESTERDAY       62                 34     28       46
  MONTH TO DATE  886                958    -72     1174
  SINCE DEC 1   2976               3306   -330     3662
  SINCE JUL 1   4590               4886   -296     5251

 COOLING
  YESTERDAY        0                  0      0        0
  MONTH TO DATE    0                  0      0        0
  SINCE DEC 1      0                  0      0        0
  SINCE JAN 1      0                  0      0        0
...........................................................


WIND (MPH)
  HIGHEST GUST SPEED    25   HIGHEST GUST DIRECTION     N (10)



WEATHER CONDITIONS
 THE FOLLOWING WEATHER WAS RECORDED YESTERDAY.
  LIGHT SNOW


..........................................................


THE EAST RAPID CITY SD CLIMATE NORMALS FOR TODAY
                         NORMAL    RECORD    YEAR
 MAXIMUM TEMPERATURE (F)   41        72      1895
 MINIMUM TEMPERATURE (F)   21       -27      1890


SUNRISE AND SUNSET
FEBRUARY 27 2015......SUNRISE   633 AM MST   SUNSET   538 PM MST
FEBRUARY 28 2015......SUNRISE   632 AM MST   SUNSET   540 PM MST


-  INDICATES NEGATIVE NUMBERS.
R  INDICATES RECORD WAS SET OR TIED.
MM INDICATES DATA IS MISSING.
T  INDICATES TRACE AMOUNT.




$$
