000
CDUS43 KUNR 230036
CLIUNR


CLIMATE REPORT
NATIONAL WEATHER SERVICE RAPID CITY SD
535 PM MST WED NOV 22 2017


...................................

...THE EAST RAPID CITY SD CLIMATE SUMMARY FOR NOVEMBER 22 2017...
VALID TODAY AS OF 0500 PM LOCAL TIME.

CLIMATE NORMAL PERIOD 1981 TO 2010
CLIMATE RECORD PERIOD 1888 TO 2017


WEATHER ITEM   OBSERVED RECORD YEAR NORMAL DEPARTURE LAST
                VALUE   VALUE       VALUE  FROM      YEAR
                                           NORMAL
...........................................................
TEMPERATURE (F)
 TODAY
  MAXIMUM         69     70    1939  42     27       48
  MINIMUM         23     -7    1898  25     -2       38
  AVERAGE         46                 34     12       43

PRECIPITATION (IN)
  TODAY            0.00   0.16 1895   0.02  -0.02     0.00
  MONTH TO DATE    0.23               0.53  -0.30     0.17
  SINCE SEP 1      2.60               3.72  -1.12     1.60
  SINCE JAN 1     12.57              19.40  -6.83    12.90

SNOWFALL (IN)
  TODAY            0.0    3.0  2010   0.2   -0.2      0.0
  MONTH TO DATE    1.1                4.8   -3.7      3.0
  SINCE SEP 1      1.1                7.2   -6.1      3.0
  SINCE JUL 1      1.1                7.2   -6.1      3.0
  SNOW DEPTH       0

DEGREE DAYS
 HEATING
  TODAY           19                 31    -12       22
  MONTH TO DATE  620                585     35      328
  SINCE SEP 1   1247               1284    -37      769
  SINCE JUL 1   1252               1314    -62      794

 COOLING
  TODAY            0                  0      0        0
  MONTH TO DATE    0                  0      0        0
  SINCE SEP 1    117                 70     47       53
  SINCE JAN 1    854                665    189      813
...........................................................





WEATHER CONDITIONS
 THE FOLLOWING WEATHER WAS RECORDED TODAY.
  NO SIGNIFICANT WEATHER WAS OBSERVED.


..........................................................


THE EAST RAPID CITY SD CLIMATE NORMALS FOR TOMORROW
                         NORMAL    RECORD    YEAR
 MAXIMUM TEMPERATURE (F)   42        67      1915
 MINIMUM TEMPERATURE (F)   25       -11      1918


SUNRISE AND SUNSET
NOVEMBER 22 2017......SUNRISE   657 AM MST   SUNSET   420 PM MST
NOVEMBER 23 2017......SUNRISE   659 AM MST   SUNSET   420 PM MST


-  INDICATES NEGATIVE NUMBERS.
R  INDICATES RECORD WAS SET OR TIED.
MM INDICATES DATA IS MISSING.
T  INDICATES TRACE AMOUNT.




$$
