000
CDUS43 KUNR 200038
CLIUNR


CLIMATE REPORT
NATIONAL WEATHER SERVICE RAPID CITY SD
538 PM MST THU JAN 19 2017


...................................

...THE EAST RAPID CITY SD CLIMATE SUMMARY FOR JANUARY 19 2017...
VALID TODAY AS OF 0500 PM LOCAL TIME.

CLIMATE NORMAL PERIOD 1981 TO 2010
CLIMATE RECORD PERIOD 1888 TO 2017


WEATHER ITEM   OBSERVED RECORD YEAR NORMAL DEPARTURE LAST
                VALUE   VALUE       VALUE  FROM      YEAR
                                           NORMAL
...........................................................
TEMPERATURE (F)
 TODAY
  MAXIMUM         48     66    1900  38     10       34
  MINIMUM         35    -24    1943  16     19       16
  AVERAGE         42                 27     15       25

PRECIPITATION (IN)
  TODAY            0.00   0.32 1890   0.01  -0.01     0.00
  MONTH TO DATE    0.12               0.16  -0.04     0.07
  SINCE DEC 1      0.94               0.48   0.46     0.80
  SINCE JAN 1      0.12               0.16  -0.04     0.07

SNOWFALL (IN)
  TODAY            0.0    3.3  1926   0.2   -0.2      0.0
  MONTH TO DATE    3.6                3.0    0.6      1.3
  SINCE DEC 1     15.7                8.2    7.5     16.8
  SINCE JUL 1     19.4               16.8    2.6     22.8
  SNOW DEPTH       1

DEGREE DAYS
 HEATING
  TODAY           23                 38    -15       40
  MONTH TO DATE  905                722    183      794
  SINCE DEC 1   2298               1889    409     1896
  SINCE JUL 1   3329               3469   -140     3154

 COOLING
  TODAY            0                  0      0        0
  MONTH TO DATE    0                  0      0        0
  SINCE DEC 1      0                  0      0        0
  SINCE JAN 1      0                  0      0        0
...........................................................





WEATHER CONDITIONS
 THE FOLLOWING WEATHER WAS RECORDED TODAY.
  NO SIGNIFICANT WEATHER WAS OBSERVED.


..........................................................


THE EAST RAPID CITY SD CLIMATE NORMALS FOR TOMORROW
                         NORMAL    RECORD    YEAR
 MAXIMUM TEMPERATURE (F)   38        66      2009
 MINIMUM TEMPERATURE (F)   16       -22      1943


SUNRISE AND SUNSET
JANUARY 19 2017.......SUNRISE   722 AM MST   SUNSET   446 PM MST
JANUARY 20 2017.......SUNRISE   721 AM MST   SUNSET   447 PM MST


-  INDICATES NEGATIVE NUMBERS.
R  INDICATES RECORD WAS SET OR TIED.
MM INDICATES DATA IS MISSING.
T  INDICATES TRACE AMOUNT.




$$
