000
CDUS43 KUNR 250831
CLIUNR


CLIMATE REPORT
NATIONAL WEATHER SERVICE RAPID CITY SD
231 AM MDT SUN SEP 25 2016


...................................

...THE EAST RAPID CITY SD CLIMATE SUMMARY FOR SEPTEMBER 24 2016...

CLIMATE NORMAL PERIOD 1981 TO 2010
CLIMATE RECORD PERIOD 1888 TO 2016


WEATHER ITEM   OBSERVED RECORD YEAR NORMAL DEPARTURE LAST
                VALUE   VALUE       VALUE  FROM      YEAR
                                           NORMAL
...........................................................
TEMPERATURE (F)
 YESTERDAY
  MAXIMUM         65     88    1938  68     -3       77
  MINIMUM         50     16    1926  46      4       51
  AVERAGE         58                 57      1       64

PRECIPITATION (IN)
  YESTERDAY        0.06   0.68 1900   0.06   0.00     0.00
  MONTH TO DATE    0.87               1.26  -0.39      T
  SINCE SEP 1      0.87               1.26  -0.39      T
  SINCE JAN 1     12.17              16.94  -4.77    22.10

SNOWFALL (IN)
  YESTERDAY        0.0    0.4  1912   0.0    0.0      0.0
  MONTH TO DATE    0.0                0.0    0.0      0.0
  SINCE SEP 1      0.0                0.0    0.0      0.0
  SINCE JUL 1      0.0                0.0    0.0      0.0
  SNOW DEPTH       0

DEGREE DAYS
 HEATING
  YESTERDAY        7                  9     -2        1
  MONTH TO DATE   78                117    -39       39
  SINCE SEP 1     78                117    -39       39
  SINCE JUL 1    103                147    -44       69

 COOLING
  YESTERDAY        0                  1     -1        0
  MONTH TO DATE   47                 63    -16      114
  SINCE SEP 1     47                 63    -16      114
  SINCE JAN 1    807                658    149      691
...........................................................


WIND (MPH)
  HIGHEST GUST SPEED    45   HIGHEST GUST DIRECTION    NW (320)



WEATHER CONDITIONS
 THE FOLLOWING WEATHER WAS RECORDED YESTERDAY.
  LIGHT RAIN
  FOG


..........................................................


THE EAST RAPID CITY SD CLIMATE NORMALS FOR TODAY
                         NORMAL    RECORD    YEAR
 MAXIMUM TEMPERATURE (F)   68        93      1894
 MINIMUM TEMPERATURE (F)   46        15      1926


SUNRISE AND SUNSET
SEPTEMBER 25 2016.....SUNRISE   644 AM MDT   SUNSET   644 PM MDT
SEPTEMBER 26 2016.....SUNRISE   645 AM MDT   SUNSET   642 PM MDT


-  INDICATES NEGATIVE NUMBERS.
R  INDICATES RECORD WAS SET OR TIED.
MM INDICATES DATA IS MISSING.
T  INDICATES TRACE AMOUNT.




$$
