000
CDUS43 KUNR 161844
CLIUNR


CLIMATE REPORT
NATIONAL WEATHER SERVICE RAPID CITY SD
1244 PM MDT WED AUG 16 2017


...................................

...THE EAST RAPID CITY SD CLIMATE SUMMARY FOR AUGUST 16 2017...
VALID AS OF 1100 AM LOCAL TIME.

CLIMATE NORMAL PERIOD 1981 TO 2010
CLIMATE RECORD PERIOD 1888 TO 2017


WEATHER ITEM   OBSERVED RECORD YEAR NORMAL DEPARTURE LAST
                VALUE   VALUE       VALUE  FROM      YEAR
                                           NORMAL
...........................................................
TEMPERATURE (F)
 TODAY
  MAXIMUM         73     98    1955  84    -11       83
  MINIMUM         58     47    2002  60     -2       68
  AVERAGE         66                 72     -6       76

PRECIPITATION (IN)
  TODAY            0.00   1.53 1949   0.06  -0.06     0.00
  MONTH TO DATE    2.39               1.19   1.20     1.78
  SINCE JUN 1      5.16               6.85  -1.69     5.22
  SINCE JAN 1      9.79              14.90  -5.11     9.76

SNOWFALL (IN)
  TODAY            0.0    0.0  2002   0.0    0.0      0.0
                               2001
                               1949
  MONTH TO DATE    0.0                0.0    0.0      0.0
  SINCE JUN 1      0.0                0.0    0.0      0.0
  SINCE JUL 1      0.0                0.0    0.0      0.0
  SNOW DEPTH       0

DEGREE DAYS
 HEATING
  TODAY            0                  0      0        0
  MONTH TO DATE    5                  0      5        0
  SINCE JUN 1     17                100    -83        6
  SINCE JUL 1      5                 12     -7        1

 COOLING
  TODAY            1                  7     -6       11
  MONTH TO DATE   42                135    -93      147
  SINCE JUN 1    608                486    122      677
  SINCE JAN 1    621                504    117      683
...........................................................





WEATHER CONDITIONS
 THE FOLLOWING WEATHER WAS RECORDED TODAY.
  NO SIGNIFICANT WEATHER WAS OBSERVED.


..........................................................


THE EAST RAPID CITY SD CLIMATE NORMALS FOR TOMORROW
                         NORMAL    RECORD    YEAR
 MAXIMUM TEMPERATURE (F)   84       100      1970
 MINIMUM TEMPERATURE (F)   60        45      2002


SUNRISE AND SUNSET
AUGUST 16 2017........SUNRISE   558 AM MDT   SUNSET   755 PM MDT
AUGUST 17 2017........SUNRISE   559 AM MDT   SUNSET   754 PM MDT


-  INDICATES NEGATIVE NUMBERS.
R  INDICATES RECORD WAS SET OR TIED.
MM INDICATES DATA IS MISSING.
T  INDICATES TRACE AMOUNT.




$$
