000
CDUS43 KUNR 310833
CLIUNR


CLIMATE REPORT
NATIONAL WEATHER SERVICE RAPID CITY SD
231 AM MDT THU JUL 31 2014


...................................

...THE EAST RAPID CITY SD CLIMATE SUMMARY FOR JULY 30 2014...

CLIMATE NORMAL PERIOD 1981 TO 2010
CLIMATE RECORD PERIOD 1888 TO 2014


WEATHER ITEM   OBSERVED RECORD YEAR NORMAL DEPARTURE LAST
                VALUE   VALUE       VALUE  FROM      YEAR
                                           NORMAL
...........................................................
TEMPERATURE (F)
 YESTERDAY
  MAXIMUM         83    104    2006  86     -3       88
  MINIMUM         62     47    1971  62      0       63
  AVERAGE         73                 74     -1       76

PRECIPITATION (IN)
  YESTERDAY        0.00   1.40 1915   0.10  -0.10      T
  MONTH TO DATE    1.42               2.40  -0.98     2.32
  SINCE JUN 1      7.47               5.56   1.91     3.99
  SINCE JAN 1     12.65              13.61  -0.96    12.71

SNOWFALL (IN)
  YESTERDAY        0.0                0.0    0.0      0.0
  MONTH TO DATE    0.0                0.0    0.0      0.0
  SINCE JUN 1      0.0                0.0    0.0      0.0
  SINCE JUL 1      0.0                0.0    0.0      0.0
  SNOW DEPTH       0

DEGREE DAYS
 HEATING
  YESTERDAY        0                  0      0        0
  MONTH TO DATE   11                  6      5        6
  SINCE JUN 1    119                 94     25       64
  SINCE JUL 1     11                  6      5        6

 COOLING
  YESTERDAY        8                  9     -1       11
  MONTH TO DATE  199                248    -49      272
  SINCE JUN 1    227                339   -112      367
  SINCE JAN 1    255                357   -102      391
...........................................................


WIND (MPH)
  HIGHEST GUST SPEED    24   HIGHEST GUST DIRECTION     N (10)



WEATHER CONDITIONS
 THE FOLLOWING WEATHER WAS RECORDED YESTERDAY.
  NO SIGNIFICANT WEATHER WAS OBSERVED.


..........................................................


THE EAST RAPID CITY SD CLIMATE NORMALS FOR TODAY
                         NORMAL    RECORD    YEAR
 MAXIMUM TEMPERATURE (F)   86       102      1900
 MINIMUM TEMPERATURE (F)   62        45      1925


SUNRISE AND SUNSET
JULY 31 2014..........SUNRISE   540 AM MDT   SUNSET   818 PM MDT
AUGUST  1 2014........SUNRISE   541 AM MDT   SUNSET   817 PM MDT


-  INDICATES NEGATIVE NUMBERS.
R  INDICATES RECORD WAS SET OR TIED.
MM INDICATES DATA IS MISSING.
T  INDICATES TRACE AMOUNT.




$$
