000
CDUS44 KCRP 280714
CLIVCT

CLIMATE REPORT
NATIONAL WEATHER SERVICE CORPUS CHRISTI TX
209 AM CDT WED JUN 28 2017


...................................

...THE VICTORIA CLIMATE SUMMARY FOR JUNE 27 2017...

CLIMATE NORMAL PERIOD 1981 TO 2010
CLIMATE RECORD PERIOD 1893 TO 2017


WEATHER ITEM   OBSERVED TIME   RECORD YEAR NORMAL DEPARTURE LAST
                VALUE   (LST)  VALUE       VALUE  FROM      YEAR
                                                  NORMAL
..................................................................
TEMPERATURE (F)
 YESTERDAY
  MAXIMUM         87   1202 PM 103    2012  93     -6       94
                                      1916
  MINIMUM         72    250 PM  63    1974  74     -2       73
  AVERAGE         80                        83     -3       84

PRECIPITATION (IN)
  YESTERDAY        0.43          2.98 1975   0.14   0.29     0.00
  MONTH TO DATE    3.45                      4.06  -0.61     3.18
  SINCE JUN 1      3.45                      4.06  -0.61     3.18
  SINCE JAN 1     23.03                     19.44   3.59    23.40

SNOWFALL (IN)
  YESTERDAY        0.0
  MONTH TO DATE    0.0
  SINCE JUN 1      0.0
  SINCE JUL 1      0.0
  SNOW DEPTH       0

DEGREE DAYS
 HEATING
  YESTERDAY        0                         0      0        0
  MONTH TO DATE    0                         0      0        0
  SINCE JUN 1      0                         0      0        0
  SINCE JUL 1    567                      1249   -682      913

 COOLING
  YESTERDAY       15                        18     -3       19
  MONTH TO DATE  501                       454     47      471
  SINCE JUN 1    501                       454     47      471
  SINCE JAN 1   1513                      1113    400     1184
..................................................................


WIND (MPH)
  HIGHEST WIND SPEED    23   HIGHEST WIND DIRECTION    NE (30)
  HIGHEST GUST SPEED    29   HIGHEST GUST DIRECTION     N (20)
  AVERAGE WIND SPEED     6.9


SKY COVER
  POSSIBLE SUNSHINE  MM
  AVERAGE SKY COVER 0.6


WEATHER CONDITIONS
 THE FOLLOWING WEATHER WAS RECORDED YESTERDAY.
  THUNDERSTORM
  HEAVY RAIN
  RAIN
  LIGHT RAIN
  FOG
  HAZE


RELATIVE HUMIDITY (PERCENT)
 HIGHEST    94           200 AM
 LOWEST     59          1200 PM
 AVERAGE    77

..........................................................


THE VICTORIA CLIMATE NORMALS FOR TODAY
                         NORMAL    RECORD    YEAR
 MAXIMUM TEMPERATURE (F)   93       102      2013
 MINIMUM TEMPERATURE (F)   74        66      2006
                                             1985
                                             1974


SUNRISE AND SUNSET
JUNE 28 2017..........SUNRISE   632 AM CDT   SUNSET   830 PM CDT
JUNE 29 2017..........SUNRISE   632 AM CDT   SUNSET   830 PM CDT


-  INDICATES NEGATIVE NUMBERS.
R  INDICATES RECORD WAS SET OR TIED.
MM INDICATES DATA IS MISSING.
T  INDICATES TRACE AMOUNT.




$$
