191
CDUS44 KCRP 230802
CLIVCT

CLIMATE REPORT
NATIONAL WEATHER SERVICE CORPUS CHRISTI TX
300 AM CDT MON OCT 23 2017

...................................

...THE VICTORIA CLIMATE SUMMARY FOR OCTOBER 22 2017...

CLIMATE NORMAL PERIOD 1981 TO 2010
CLIMATE RECORD PERIOD 1893 TO 2017

WEATHER ITEM   OBSERVED TIME   RECORD YEAR NORMAL DEPARTURE LAST
                VALUE   (LST)  VALUE       VALUE  FROM      YEAR
                                                  NORMAL
..................................................................
TEMPERATURE (F)
 YESTERDAY
  MAXIMUM         83    919 AM 101    1926  82      1       80
  MINIMUM         54   1111 PM  40    1910  59     -5       42
  AVERAGE         69                        71     -2       61

PRECIPITATION (IN)
  YESTERDAY        0.02          2.38 1954   0.16  -0.14     0.00
  MONTH TO DATE    0.10                      3.39  -3.29     0.05
  SINCE SEP 1      3.22                      7.55  -4.33     2.60
  SINCE JAN 1     43.62                     34.42   9.20    32.18

SNOWFALL (IN)
  YESTERDAY        0.0
  MONTH TO DATE    0.0
  SINCE SEP 1      0.0
  SINCE JUL 1      0.0
  SNOW DEPTH       0

DEGREE DAYS
 HEATING
  YESTERDAY        0                         1     -1        4
  MONTH TO DATE    0                         7     -7        6
  SINCE SEP 1      0                         8     -8        6
  SINCE JUL 1      0                         8     -8        6

 COOLING
  YESTERDAY        4                         7     -3        0
  MONTH TO DATE  251                       193     58      241
  SINCE SEP 1    703                       638     65      742
  SINCE JAN 1   3536                      2991    545     3229
..................................................................


WIND (MPH)
  HIGHEST WIND SPEED    28   HIGHEST WIND DIRECTION     N (20)
  HIGHEST GUST SPEED    35   HIGHEST GUST DIRECTION     N (10)
  AVERAGE WIND SPEED     5.5


SKY COVER
  POSSIBLE SUNSHINE  MM
  AVERAGE SKY COVER 0.5


WEATHER CONDITIONS
 THE FOLLOWING WEATHER WAS RECORDED YESTERDAY.
  RAIN
  FOG
  FOG W/VISIBILITY <= 1/4 MILE


RELATIVE HUMIDITY (PERCENT)
 HIGHEST   100           300 AM
 LOWEST     48           400 PM
 AVERAGE    74

..........................................................

THE VICTORIA CLIMATE NORMALS FOR TODAY
                         NORMAL    RECORD    YEAR
 MAXIMUM TEMPERATURE (F)   82        96      1926
 MINIMUM TEMPERATURE (F)   59        37      1945

SUNRISE AND SUNSET
OCTOBER 23 2017.......SUNRISE   734 AM CDT   SUNSET   650 PM CDT
OCTOBER 24 2017.......SUNRISE   735 AM CDT   SUNSET   649 PM CDT

-  INDICATES NEGATIVE NUMBERS.
R  INDICATES RECORD WAS SET OR TIED.
MM INDICATES DATA IS MISSING.
T  INDICATES TRACE AMOUNT.

$$
