000
CDUS44 KCRP 180039
CLIVCT

CLIMATE REPORT
NATIONAL WEATHER SERVICE CORPUS CHRISTI TX
633 PM CST WED JAN 17 2018


...................................

...THE VICTORIA CLIMATE SUMMARY FOR JANUARY 17 2018...
VALID TODAY AS OF 600 PM LOCAL TIME.

CLIMATE NORMAL PERIOD 1981 TO 2010
CLIMATE RECORD PERIOD 1893 TO 2018


WEATHER ITEM   OBSERVED TIME   RECORD YEAR NORMAL DEPARTURE LAST
                VALUE   (LST)  VALUE       VALUE  FROM      YEAR
                                                  NORMAL
..................................................................
TEMPERATURE (F)
 TODAY
  MAXIMUM         35    547 PM  85    1936  65    -30       72
  MINIMUM         21R   740 AM  23    1982  43    -22       60
  AVERAGE         28                        54    -26       66

PRECIPITATION (IN)
  TODAY            0.00          0.87 1987   0.09  -0.09     0.64
  MONTH TO DATE    0.23                      1.41  -1.18     0.79
  SINCE DEC 1      2.27                      3.72  -1.45     3.80
  SINCE JAN 1      0.23                      1.41  -1.18     0.79

SNOWFALL (IN)
  TODAY            0.0
  MONTH TO DATE    T
  SINCE DEC 1      2.0
  SINCE JUL 1      2.0
  SNOW DEPTH       0

DEGREE DAYS
 HEATING
  TODAY           37                        12     25        0
  MONTH TO DATE  301                       204     97      114
  SINCE DEC 1    635                       535    100      349
  SINCE JUL 1    753                       698     55      399

 COOLING
  TODAY            0                         0      0        1
  MONTH TO DATE    0                         7     -7       60
  SINCE DEC 1     21                        34    -13      117
  SINCE JAN 1      0                         7     -7       60
..................................................................


WIND (MPH)
  HIGHEST WIND SPEED    17   HIGHEST WIND DIRECTION     N (20)
  HIGHEST GUST SPEED    22   HIGHEST GUST DIRECTION     N (20)


SKY COVER
  POSSIBLE SUNSHINE  MM
  AVERAGE SKY COVER 0.8


WEATHER CONDITIONS
 THE FOLLOWING WEATHER WAS RECORDED TODAY.
  NO SIGNIFICANT WEATHER WAS OBSERVED.


RELATIVE HUMIDITY (PERCENT)
 HIGHEST    68           600 AM
 LOWEST     38           300 PM
 AVERAGE    53

..........................................................


THE VICTORIA CLIMATE NORMALS FOR TOMORROW
                         NORMAL    RECORD    YEAR
 MAXIMUM TEMPERATURE (F)   65        84      1938
 MINIMUM TEMPERATURE (F)   43         9      1930


SUNRISE AND SUNSET
JANUARY 17 2018.......SUNRISE   722 AM CST   SUNSET   554 PM CST
JANUARY 18 2018.......SUNRISE   721 AM CST   SUNSET   555 PM CST


-  INDICATES NEGATIVE NUMBERS.
R  INDICATES RECORD WAS SET OR TIED.
MM INDICATES DATA IS MISSING.
T  INDICATES TRACE AMOUNT.




$$
