000
CDUS44 KCRP 240930 RRA
CLIVCT

CLIMATE REPORT
NATIONAL WEATHER SERVICE CORPUS CHRISTI TX
429 AM CDT WED MAY 24 2017


...................................

...THE VICTORIA CLIMATE SUMMARY FOR MAY 23 2017...

CLIMATE NORMAL PERIOD 1981 TO 2010
CLIMATE RECORD PERIOD 1893 TO 2017


WEATHER ITEM   OBSERVED TIME   RECORD YEAR NORMAL DEPARTURE LAST
                VALUE   (LST)  VALUE       VALUE  FROM      YEAR
                                                  NORMAL
..................................................................
TEMPERATURE (F)
 YESTERDAY
  MAXIMUM         89    412 PM  96    1932  88      1       84
  MINIMUM         65   1159 PM  57    2001  69     -4       73
  AVERAGE         77                        78     -1       79

PRECIPITATION (IN)
  YESTERDAY        0.00          4.11 1970   0.17  -0.17      T
  MONTH TO DATE    2.72                      3.83  -1.11     3.58
  SINCE MAR 1     10.64                      9.42   1.22    12.49
  SINCE JAN 1     19.24                     14.02   5.22    17.43

SNOWFALL (IN)
  YESTERDAY        0.0
  MONTH TO DATE    0.0
  SINCE MAR 1      0.0
  SINCE JUL 1      0.0
  SNOW DEPTH       0

DEGREE DAYS
 HEATING
  YESTERDAY        0                         0      0        0
  MONTH TO DATE    0                         0      0        0
  SINCE MAR 1     36                       155   -119       63
  SINCE JUL 1    567                      1248   -681      913

 COOLING
  YESTERDAY       12                        13     -1       14
  MONTH TO DATE  265                       255     10      237
  SINCE MAR 1    684                       506    178      553
  SINCE JAN 1    891                       544    347      588
..................................................................


WIND (MPH)
  HIGHEST WIND SPEED    39   HIGHEST WIND DIRECTION    NW (330)
  HIGHEST GUST SPEED    49   HIGHEST GUST DIRECTION    NW (320)
  AVERAGE WIND SPEED     8.0


SKY COVER
  POSSIBLE SUNSHINE  MM
  AVERAGE SKY COVER 0.5


WEATHER CONDITIONS
 THE FOLLOWING WEATHER WAS RECORDED YESTERDAY.
  THUNDERSTORM


RELATIVE HUMIDITY (PERCENT)
 HIGHEST    93           500 AM
 LOWEST     46           200 PM
 AVERAGE    70

..........................................................


THE VICTORIA CLIMATE NORMALS FOR TODAY
                         NORMAL    RECORD    YEAR
 MAXIMUM TEMPERATURE (F)   88        98      1925
 MINIMUM TEMPERATURE (F)   69        55      1913


SUNRISE AND SUNSET
MAY 24 2017...........SUNRISE   632 AM CDT   SUNSET   817 PM CDT
MAY 25 2017...........SUNRISE   632 AM CDT   SUNSET   818 PM CDT


-  INDICATES NEGATIVE NUMBERS.
R  INDICATES RECORD WAS SET OR TIED.
MM INDICATES DATA IS MISSING.
T  INDICATES TRACE AMOUNT.




$$
