000
CDUS44 KCRP 170845
CLIVCT

CLIMATE REPORT
NATIONAL WEATHER SERVICE CORPUS CHRISTI TX
344 AM CDT WED SEP 17 2014

...................................

...THE VICTORIA CLIMATE SUMMARY FOR SEPTEMBER 16 2014...

CLIMATE NORMAL PERIOD 1981 TO 2010
CLIMATE RECORD PERIOD 1893 TO 2014


WEATHER ITEM   OBSERVED TIME   RECORD YEAR NORMAL DEPARTURE LAST
                VALUE   (LST)  VALUE       VALUE  FROM      YEAR
                                                  NORMAL
..................................................................
TEMPERATURE (F)
 YESTERDAY
  MAXIMUM         93   1256 PM 100    1954  90      3       92
                                      1920
                                      1912
  MINIMUM         77   1145 PM  55    1945  69      8       76
  AVERAGE         85                        80      5       84

PRECIPITATION (IN)
  YESTERDAY        0.01          2.29 1998   0.14  -0.13     0.00
  MONTH TO DATE    0.55                      2.39  -1.84     2.65
  SINCE SEP 1      0.55                      2.39  -1.84     2.65
  SINCE JAN 1     19.44                     29.26  -9.82    17.57

SNOWFALL (IN)
  YESTERDAY        0.0
  MONTH TO DATE    0.0
  SINCE SEP 1      0.0
  SINCE JUL 1      0.0
  SNOW DEPTH       0

DEGREE DAYS
 HEATING
  YESTERDAY        0                         0      0        0
  MONTH TO DATE    0                         0      0        0
  SINCE SEP 1      0                         0      0        0
  SINCE JUL 1      0                         0      0        0

 COOLING
  YESTERDAY       20                        15      5       19
  MONTH TO DATE  312                       264     48      312
  SINCE SEP 1    312                       264     48      312
  SINCE JAN 1   2878                      2617    261     2806
..................................................................


WIND (MPH)
  HIGHEST WIND SPEED    21   HIGHEST WIND DIRECTION    SE (140)
  HIGHEST GUST SPEED    25   HIGHEST GUST DIRECTION    SE (150)
  AVERAGE WIND SPEED     6.9


SKY COVER
  POSSIBLE SUNSHINE  MM
  AVERAGE SKY COVER 0.4


WEATHER CONDITIONS
 THE FOLLOWING WEATHER WAS RECORDED YESTERDAY.
  THUNDERSTORM
  RAIN
  FOG


RELATIVE HUMIDITY (PERCENT)
 HIGHEST    97           600 AM
 LOWEST     60          1100 AM
 AVERAGE    79

..........................................................


THE VICTORIA CLIMATE NORMALS FOR TODAY
                         NORMAL    RECORD    YEAR
 MAXIMUM TEMPERATURE (F)   90       101      1911
 MINIMUM TEMPERATURE (F)   69        55      1945


SUNRISE AND SUNSET
SEPTEMBER 17 2014.....SUNRISE   714 AM CDT   SUNSET   730 PM CDT
SEPTEMBER 18 2014.....SUNRISE   714 AM CDT   SUNSET   729 PM CDT


-  INDICATES NEGATIVE NUMBERS.
R  INDICATES RECORD WAS SET OR TIED.
MM INDICATES DATA IS MISSING.
T  INDICATES TRACE AMOUNT.

$$
