000
CDUS44 KCRP 290041
CLIVCT

CLIMATE REPORT
NATIONAL WEATHER SERVICE CORPUS CHRISTI TX
638 PM CST FRI NOV 28 2014


...................................

...THE VICTORIA CLIMATE SUMMARY FOR NOVEMBER 28 2014...
VALID TODAY AS OF 0500 PM LOCAL TIME.

CLIMATE NORMAL PERIOD 1981 TO 2010
CLIMATE RECORD PERIOD 1893 TO 2014


WEATHER ITEM   OBSERVED TIME   RECORD YEAR NORMAL DEPARTURE LAST
                VALUE   (LST)  VALUE       VALUE  FROM      YEAR
                                                  NORMAL
..................................................................
TEMPERATURE (F)
 TODAY
  MAXIMUM         77    252 PM  88    1927  70      7       62
  MINIMUM         46   1230 AM  27    2011  48     -2       34
                                      1976
  AVERAGE         62                        59      3       48

PRECIPITATION (IN)
  TODAY            0.00          0.44 1976   0.10  -0.10     0.00
  MONTH TO DATE    4.53                      3.05   1.48     1.79
  SINCE SEP 1      9.09                     11.85  -2.76    10.19
  SINCE JAN 1     27.98                     38.72 -10.74    25.11

SNOWFALL (IN)
  TODAY            0.0
  MONTH TO DATE    0.0
  SINCE SEP 1      0.0
  SINCE JUL 1      0.0
  SNOW DEPTH       0

DEGREE DAYS
 HEATING
  TODAY            3                         8     -5       17
  MONTH TO DATE  190                       124     66      178
  SINCE SEP 1    190                       147     43      182
  SINCE JUL 1    190                       147     43      182

 COOLING
  TODAY            0                         1     -1        0
  MONTH TO DATE   39                        77    -38       80
  SINCE SEP 1    919                       767    152      908
  SINCE JAN 1   3485                      3120    365     3402
..................................................................


WIND (MPH)
  HIGHEST WIND SPEED    22   HIGHEST WIND DIRECTION     S (180)
  HIGHEST GUST SPEED    27   HIGHEST GUST DIRECTION     S (180)


SKY COVER
  POSSIBLE SUNSHINE  MM
  AVERAGE SKY COVER 0.1


WEATHER CONDITIONS
 THE FOLLOWING WEATHER WAS RECORDED TODAY.
  NO SIGNIFICANT WEATHER WAS OBSERVED.


RELATIVE HUMIDITY (PERCENT)
 HIGHEST    93           300 AM
 LOWEST     40           300 PM
 AVERAGE    67

..........................................................


THE VICTORIA CLIMATE NORMALS FOR TOMORROW
                         NORMAL    RECORD    YEAR
 MAXIMUM TEMPERATURE (F)   70        87      1916
 MINIMUM TEMPERATURE (F)   47        24      1976


SUNRISE AND SUNSET
NOVEMBER 28 2014......SUNRISE   701 AM CST   SUNSET   530 PM CST
NOVEMBER 29 2014......SUNRISE   702 AM CST   SUNSET   530 PM CST


-  INDICATES NEGATIVE NUMBERS.
R  INDICATES RECORD WAS SET OR TIED.
MM INDICATES DATA IS MISSING.
T  INDICATES TRACE AMOUNT.




$$
