000
CDUS45 KGJT 280906
CLIVEL


CLIMATE REPORT
NATIONAL WEATHER SERVICE GRAND JUNCTION CO
306 AM MDT TUE MAR 28 2017


...................................

...THE VERNAL UT CLIMATE SUMMARY FOR MARCH 27 2017...

CLIMATE NORMAL PERIOD 1981 TO 2010
CLIMATE RECORD PERIOD 9999 TO 9999


WEATHER ITEM   OBSERVED TIME   RECORD YEAR NORMAL DEPARTURE LAST
                VALUE   (LST)  VALUE       VALUE  FROM      YEAR
                                                  NORMAL
..................................................................
TEMPERATURE (F)
 YESTERDAY
  MAXIMUM         48   1206 PM  MM      MM  54     -6       56
  MINIMUM         38   1252 AM  MM      MM  29      9       21
  AVERAGE         43                        41      2       39

PRECIPITATION (IN)
  YESTERDAY        0.14         MM      MM   0.02   0.12     0.00
  MONTH TO DATE    0.74                      0.58   0.16     0.92
  SINCE MAR 1      0.74                      0.58   0.16     0.92
  SINCE JAN 1      3.90                      1.60   2.30     1.48

SNOWFALL (IN)
  YESTERDAY       MM            MM      MM   0.0   MM       MM
  MONTH TO DATE   MM                         1.3   MM       MM
  SINCE MAR 1     MM                         1.3   MM       MM
  SINCE JUL 1     MM                        17.2   MM       MM
  SNOW DEPTH      MM

DEGREE DAYS
 HEATING
  YESTERDAY       22                        24     -2       26
  MONTH TO DATE  538                       749   -211      638
  SINCE MAR 1    538                       749   -211      638
  SINCE JUL 1   5595                      6240   -645     5988

 COOLING
  YESTERDAY        0                         0      0        0
  MONTH TO DATE    0                         0      0        0
  SINCE MAR 1      0                         0      0        0
  SINCE JAN 1      0                         0      0        0
..................................................................


WIND (MPH)
  HIGHEST WIND SPEED    12   HIGHEST WIND DIRECTION    SW (230)
  HIGHEST GUST SPEED    15   HIGHEST GUST DIRECTION    NE (50)
  AVERAGE WIND SPEED     3.9


SKY COVER
  POSSIBLE SUNSHINE  MM
  AVERAGE SKY COVER 0.9


WEATHER CONDITIONS
 THE FOLLOWING WEATHER WAS RECORDED YESTERDAY.
  LIGHT RAIN


RELATIVE HUMIDITY (PERCENT)
 HIGHEST    82           300 PM
 LOWEST     60           100 PM
 AVERAGE    71

..........................................................


THE VERNAL UT CLIMATE NORMALS FOR TODAY
                         NORMAL    RECORD    YEAR
 MAXIMUM TEMPERATURE (F)   54        MM        MM
 MINIMUM TEMPERATURE (F)   29        MM        MM


SUNRISE AND SUNSET
MARCH 28 2017.........SUNRISE   708 AM MDT   SUNSET   739 PM MDT
MARCH 29 2017.........SUNRISE   706 AM MDT   SUNSET   740 PM MDT


-  INDICATES NEGATIVE NUMBERS.
R  INDICATES RECORD WAS SET OR TIED.
MM INDICATES DATA IS MISSING.
T  INDICATES TRACE AMOUNT.




$$
