000
CDUS45 KGJT 270740
CLIVEL


CLIMATE REPORT
NATIONAL WEATHER SERVICE GRAND JUNCTION CO
137 AM MDT WED AUG 27 2014


...................................

...THE VERNAL UT CLIMATE SUMMARY FOR AUGUST 26 2014...

CLIMATE NORMAL PERIOD 1981 TO 2010
CLIMATE RECORD PERIOD 9999 TO 9999


WEATHER ITEM   OBSERVED TIME   RECORD YEAR NORMAL DEPARTURE LAST
                VALUE   (LST)  VALUE       VALUE  FROM      YEAR
                                                  NORMAL
..................................................................
TEMPERATURE (F)
 YESTERDAY
  MAXIMUM         73    157 PM  MM      MM  83    -10       74
  MINIMUM         54    513 AM  MM      MM  53      1       58
  AVERAGE         64                        68     -4       66

PRECIPITATION (IN)
  YESTERDAY        0.00         MM      MM   0.03  -0.03     0.01
  MONTH TO DATE    3.11                      0.62   2.49     0.39
  SINCE JUN 1      3.86                      2.06   1.80     0.98
  SINCE JAN 1      5.84                      5.47   0.37     4.77

SNOWFALL (IN)
  YESTERDAY       MM            MM      MM   0.0   MM       MM
  MONTH TO DATE   MM                         0.0   MM       MM
  SINCE JUN 1     MM                         0.0   MM       MM
  SINCE JUL 1     MM                         0.0   MM       MM
  SNOW DEPTH      MM

DEGREE DAYS
 HEATING
  YESTERDAY        1                         1      0        0
  MONTH TO DATE   14                         2     12        2
  SINCE JUN 1     47                        80    -33       17
  SINCE JUL 1     14                         8      6        2

 COOLING
  YESTERDAY        0                         4     -4        1
  MONTH TO DATE  130                       157    -27      163
  SINCE JUN 1    563                       466     97      668
  SINCE JAN 1    586                       475    111      676
..................................................................


WIND (MPH)
  HIGHEST WIND SPEED    17   HIGHEST WIND DIRECTION    SW (230)
  HIGHEST GUST SPEED    24   HIGHEST GUST DIRECTION     W (250)
  AVERAGE WIND SPEED     3.7


SKY COVER
  POSSIBLE SUNSHINE  MM
  AVERAGE SKY COVER 0.3


WEATHER CONDITIONS
 THE FOLLOWING WEATHER WAS RECORDED YESTERDAY.
  THUNDERSTORM


RELATIVE HUMIDITY (PERCENT)
 HIGHEST    93           100 AM
 LOWEST     49           400 PM
 AVERAGE    71

..........................................................


THE VERNAL UT CLIMATE NORMALS FOR TODAY
                         NORMAL    RECORD    YEAR
 MAXIMUM TEMPERATURE (F)   83        MM        MM
 MINIMUM TEMPERATURE (F)   53        MM        MM


SUNRISE AND SUNSET
AUGUST 27 2014........SUNRISE   641 AM MDT   SUNSET   758 PM MDT
AUGUST 28 2014........SUNRISE   642 AM MDT   SUNSET   756 PM MDT


-  INDICATES NEGATIVE NUMBERS.
R  INDICATES RECORD WAS SET OR TIED.
MM INDICATES DATA IS MISSING.
T  INDICATES TRACE AMOUNT.




$$
