000
CDUS43 KSGF 290632
CLIVIH


CLIMATE REPORT
NATIONAL WEATHER SERVICE SPRINGFIELD MO
128 AM CDT SAT APR 29 2017


...................................

...THE VICHY-ROLLA MO CLIMATE SUMMARY FOR APRIL 28 2017...

CLIMATE NORMAL PERIOD 1981 TO 2010
CLIMATE RECORD PERIOD 1888 TO 2017


WEATHER ITEM   OBSERVED TIME   RECORD YEAR NORMAL DEPARTURE LAST
                VALUE   (LST)  VALUE       VALUE  FROM      YEAR
                                                  NORMAL
..................................................................
TEMPERATURE (F)
 YESTERDAY
  MAXIMUM         60    905 PM  91    1970  70    -10       71
  MINIMUM         51   1222 AM  35    1979  48      3       46
  AVERAGE         56                        59     -3       59

PRECIPITATION (IN)
  YESTERDAY        0.29          2.59 1994   0.16   0.13     0.00
  MONTH TO DATE    5.21                      3.91   1.30     2.55
  SINCE MAR 1      8.35                      7.36   0.99     5.41
  SINCE JAN 1     10.41                     11.46  -1.05     7.53

DEGREE DAYS
 HEATING
  YESTERDAY        9                         7      2        6
  MONTH TO DATE  191                       301   -110      231
  SINCE MAR 1    694                       915   -221      677
  SINCE JUL 1   3680                      4705  -1025     3880

 COOLING
  YESTERDAY        0                         1     -1        0
  MONTH TO DATE   32                        22     10       14
  SINCE MAR 1     35                        26      9       14
  SINCE JAN 1     36                        26     10       14
..................................................................


WIND (MPH)
  HIGHEST WIND SPEED    18   HIGHEST WIND DIRECTION    SE (140)
  HIGHEST GUST SPEED    25   HIGHEST GUST DIRECTION     S (160)
  AVERAGE WIND SPEED     7.7


SKY COVER
  AVERAGE SKY COVER 0.9


WEATHER CONDITIONS
 THE FOLLOWING WEATHER WAS RECORDED YESTERDAY.
  THUNDERSTORM
  RAIN
  LIGHT RAIN
  FOG


RELATIVE HUMIDITY (PERCENT)
 HIGHEST   100           700 AM
 LOWEST     83          1200 AM
 AVERAGE    92

..........................................................


THE VICHY-ROLLA MO CLIMATE NORMALS FOR TODAY
                         NORMAL    RECORD    YEAR
 MAXIMUM TEMPERATURE (F)   70        88      1952
 MINIMUM TEMPERATURE (F)   48        30      2008


SUNRISE AND SUNSET
APRIL 29 2017.........SUNRISE   613 AM CDT   SUNSET   757 PM CDT
APRIL 30 2017.........SUNRISE   612 AM CDT   SUNSET   758 PM CDT


-  INDICATES NEGATIVE NUMBERS.
R  INDICATES RECORD WAS SET OR TIED.
MM INDICATES DATA IS MISSING.
T  INDICATES TRACE AMOUNT.




$$
