000
CDUS42 KTAE 240631
CLIVLD


CLIMATE REPORT
NATIONAL WEATHER SERVICE TALLAHASSEE FL
230 AM EDT FRI MAR 24 2017


...................................

...THE VALDOSTA CLIMATE SUMMARY FOR MARCH 23 2017...

CLIMATE NORMAL PERIOD 1981 TO 2010
CLIMATE RECORD PERIOD 1948 TO 2017


WEATHER ITEM   OBSERVED TIME   NORMAL DEPARTURE LAST
                VALUE   (LST)  VALUE  FROM      YEAR
                                      NORMAL
......................................................
TEMPERATURE (F)
 YESTERDAY
  MAXIMUM         70    448 PM  74     -4       78
  MINIMUM         56   1159 PM  48      8       40
  AVERAGE         63            61      2       59

PRECIPITATION (IN)
  YESTERDAY        0.00          0.14  -0.14     0.00
  MONTH TO DATE    1.20          3.65  -2.45     2.65
  SINCE MAR 1      1.20          3.65  -2.45     2.65
  SINCE JAN 1     11.51         12.38  -0.87    11.51

DEGREE DAYS
 HEATING
  YESTERDAY        2             5     -3        6
  MONTH TO DATE  174           150     24       88
  SINCE MAR 1    174           150     24       88
  SINCE JUL 1    960          1530   -570     1030

 COOLING
  YESTERDAY        0             1     -1        0
  MONTH TO DATE   20            23     -3       67
  SINCE MAR 1     20            23     -3       67
  SINCE JAN 1     66            33     33       77
......................................................


WIND (MPH)
  HIGHEST WIND SPEED    16   HIGHEST WIND DIRECTION     E (110)
  HIGHEST GUST SPEED    24   HIGHEST GUST DIRECTION     E (100)
  AVERAGE WIND SPEED     9.1




RELATIVE HUMIDITY (PERCENT)
 HIGHEST    87
 LOWEST     57
 AVERAGE    72

..........................................................




SUNRISE AND SUNSET
MARCH 24 2017.........SUNRISE   732 AM EDT   SUNSET   747 PM EDT
MARCH 25 2017.........SUNRISE   730 AM EDT   SUNSET   748 PM EDT


-  INDICATES NEGATIVE NUMBERS.
R  INDICATES RECORD WAS SET OR TIED.
MM INDICATES DATA IS MISSING.
T  INDICATES TRACE AMOUNT.




$$
