000
CDUS42 KTAE 230634
CLIVLD


CLIMATE REPORT
NATIONAL WEATHER SERVICE TALLAHASSEE FL
133 AM EST SUN NOV 23 2014


...................................

...THE VALDOSTA CLIMATE SUMMARY FOR NOVEMBER 22 2014...

CLIMATE NORMAL PERIOD 1981 TO 2010
CLIMATE RECORD PERIOD 1948 TO 2014


WEATHER ITEM   OBSERVED TIME   NORMAL DEPARTURE LAST
                VALUE   (LST)  VALUE  FROM      YEAR
                                      NORMAL
......................................................
TEMPERATURE (F)
 YESTERDAY
  MAXIMUM         68   1238 PM  70     -2       83
  MINIMUM         48   1233 AM  46      2       63
  AVERAGE         58            58      0       73

PRECIPITATION (IN)
  YESTERDAY        0.95          0.08   0.87     0.00
  MONTH TO DATE    1.47          1.75  -0.28     1.22
  SINCE SEP 1      9.69          9.59   0.10     4.50
  SINCE JAN 1     45.12         46.62  -1.50    38.66

DEGREE DAYS
 HEATING
  YESTERDAY        7             8     -1        0
  MONTH TO DATE  245           119    126       61
  SINCE SEP 1    281           162    119       83
  SINCE JUL 1    281           162    119       83
......................................................


WIND (MPH)
  HIGHEST WIND SPEED    17   HIGHEST WIND DIRECTION    NE (60)
  HIGHEST GUST SPEED    24   HIGHEST GUST DIRECTION     E (70)
  AVERAGE WIND SPEED     8.7




RELATIVE HUMIDITY (PERCENT)
 HIGHEST    97
 LOWEST     63
 AVERAGE    80

..........................................................




SUNRISE AND SUNSET
NOVEMBER 23 2014......SUNRISE   706 AM EST   SUNSET   532 PM EST
NOVEMBER 24 2014......SUNRISE   707 AM EST   SUNSET   532 PM EST


-  INDICATES NEGATIVE NUMBERS.
R  INDICATES RECORD WAS SET OR TIED.
MM INDICATES DATA IS MISSING.
T  INDICATES TRACE AMOUNT.




$$
