000
CDUS42 KTAE 010634
CLIVLD


CLIMATE REPORT
NATIONAL WEATHER SERVICE TALLAHASSEE FL
233 AM EDT SAT OCT 1 2016


...................................

...THE VALDOSTA CLIMATE SUMMARY FOR SEPTEMBER 30 2016...

CLIMATE NORMAL PERIOD 1981 TO 2010
CLIMATE RECORD PERIOD 1948 TO 2016


WEATHER ITEM   OBSERVED TIME   NORMAL DEPARTURE LAST
                VALUE   (LST)  VALUE  FROM      YEAR
                                      NORMAL
......................................................
TEMPERATURE (F)
 YESTERDAY
  MAXIMUM         86    153 PM  85      1       84
  MINIMUM         58   1159 PM  63     -5       74
  AVERAGE         72            74     -2       79

PRECIPITATION (IN)
  YESTERDAY        0.00          0.12  -0.12     0.01
  MONTH TO DATE    5.61          4.64   0.97     3.21
  SINCE SEP 1      5.61          4.64   0.97     3.21
  SINCE JAN 1     49.94         41.67   8.27    41.37

DEGREE DAYS
 HEATING
  YESTERDAY        0             0      0        0
  MONTH TO DATE    0             0      0        0
  SINCE SEP 1      0             1     -1        0
  SINCE JUL 1      0             1     -1        0

 COOLING
  YESTERDAY        7             9     -2       14
  MONTH TO DATE  448           371     77      386
  SINCE SEP 1    448           371     77      386
  SINCE JAN 1   2578          2225    353     2653
......................................................


WIND (MPH)
  HIGHEST WIND SPEED     8   HIGHEST WIND DIRECTION     N (10)
  HIGHEST GUST SPEED    12   HIGHEST GUST DIRECTION     N (10)
  AVERAGE WIND SPEED     1.6




RELATIVE HUMIDITY (PERCENT)
 HIGHEST    97
 LOWEST     29
 AVERAGE    63

..........................................................




SUNRISE AND SUNSET
OCTOBER  1 2016.......SUNRISE   727 AM EDT   SUNSET   718 PM EDT
OCTOBER  2 2016.......SUNRISE   728 AM EDT   SUNSET   716 PM EDT


-  INDICATES NEGATIVE NUMBERS.
R  INDICATES RECORD WAS SET OR TIED.
MM INDICATES DATA IS MISSING.
T  INDICATES TRACE AMOUNT.




$$
