000
CDUS42 KTAE 280635
CLIVLD


CLIMATE REPORT
NATIONAL WEATHER SERVICE TALLAHASSEE FL
234 AM EDT SUN AUG 28 2016


...................................

...THE VALDOSTA CLIMATE SUMMARY FOR AUGUST 27 2016...

CLIMATE NORMAL PERIOD 1981 TO 2010
CLIMATE RECORD PERIOD 1948 TO 2016


WEATHER ITEM   OBSERVED TIME   NORMAL DEPARTURE LAST
                VALUE   (LST)  VALUE  FROM      YEAR
                                      NORMAL
......................................................
TEMPERATURE (F)
 YESTERDAY
  MAXIMUM         91    523 PM  91      0       94
  MINIMUM         70    639 AM  71     -1       65
  AVERAGE         81            81      0       80

PRECIPITATION (IN)
  YESTERDAY        T             0.16  -0.16     0.00
  MONTH TO DATE    1.91          4.72  -2.81     4.47
  SINCE JUN 1     20.02         17.41   2.61    17.68
  SINCE JAN 1     44.32         36.41   7.91    36.24

DEGREE DAYS
 COOLING
  YESTERDAY       16            16      0       15
  MONTH TO DATE  471           439     32      487
  SINCE JUN 1   1546          1379    167     1557
  SINCE JAN 1   2056          1791    265     2204
......................................................


WIND (MPH)
  HIGHEST WIND SPEED    15   HIGHEST WIND DIRECTION    NE (50)
  HIGHEST GUST SPEED    20   HIGHEST GUST DIRECTION    NE (50)
  AVERAGE WIND SPEED     5.4




RELATIVE HUMIDITY (PERCENT)
 HIGHEST   100
 LOWEST     52
 AVERAGE    76

..........................................................




SUNRISE AND SUNSET
AUGUST 28 2016........SUNRISE   707 AM EDT   SUNSET   800 PM EDT
AUGUST 29 2016........SUNRISE   708 AM EDT   SUNSET   759 PM EDT


-  INDICATES NEGATIVE NUMBERS.
R  INDICATES RECORD WAS SET OR TIED.
MM INDICATES DATA IS MISSING.
T  INDICATES TRACE AMOUNT.




$$
