000
CDUS42 KTAE 200634
CLIVLD


CLIMATE REPORT
NATIONAL WEATHER SERVICE TALLAHASSEE FL
134 AM EST MON NOV 20 2017


...................................

...THE VALDOSTA CLIMATE SUMMARY FOR NOVEMBER 19 2017...

CLIMATE NORMAL PERIOD 1981 TO 2010
CLIMATE RECORD PERIOD 1948 TO 2017


WEATHER ITEM   OBSERVED TIME   NORMAL DEPARTURE LAST
                VALUE   (LST)  VALUE  FROM      YEAR
                                      NORMAL
......................................................
TEMPERATURE (F)
 YESTERDAY
  MAXIMUM         66    232 PM  71     -5       78
  MINIMUM         36   1159 PM  47    -11       42
  AVERAGE         51            59     -8       60

PRECIPITATION (IN)
  YESTERDAY        0.06          0.08  -0.02     0.00
  MONTH TO DATE    0.07          1.50  -1.43      T
  SINCE SEP 1      6.20          9.34  -3.14     6.07
  SINCE JAN 1     37.98         46.37  -8.39    50.40

DEGREE DAYS
 HEATING
  YESTERDAY       14             7      7        5
  MONTH TO DATE   88            97     -9       74
  SINCE SEP 1    154           140     14       87
  SINCE JUL 1    154           140     14       87
......................................................


WIND (MPH)
  HIGHEST WIND SPEED    17   HIGHEST WIND DIRECTION     N (360)
  HIGHEST GUST SPEED    23   HIGHEST GUST DIRECTION     N (10)
  AVERAGE WIND SPEED     3.9




RELATIVE HUMIDITY (PERCENT)
 HIGHEST    93
 LOWEST     34
 AVERAGE    64

..........................................................




SUNRISE AND SUNSET
NOVEMBER 20 2017......SUNRISE   704 AM EST   SUNSET   533 PM EST
NOVEMBER 21 2017......SUNRISE   705 AM EST   SUNSET   533 PM EST


-  INDICATES NEGATIVE NUMBERS.
R  INDICATES RECORD WAS SET OR TIED.
MM INDICATES DATA IS MISSING.
T  INDICATES TRACE AMOUNT.




$$
