000
CDUS42 KTAE 260637
CLIVLD


CLIMATE REPORT
NATIONAL WEATHER SERVICE TALLAHASSEE FL
236 AM EDT TUE JUL 26 2016


...................................

...THE VALDOSTA CLIMATE SUMMARY FOR JULY 25 2016...

CLIMATE NORMAL PERIOD 1981 TO 2010
CLIMATE RECORD PERIOD 1948 TO 2016


WEATHER ITEM   OBSERVED TIME   NORMAL DEPARTURE LAST
                VALUE   (LST)  VALUE  FROM      YEAR
                                      NORMAL
......................................................
TEMPERATURE (F)
 YESTERDAY
  MAXIMUM         94    437 PM  92      2       91
  MINIMUM         73    612 AM  71      2       73
  AVERAGE         84            82      2       82

PRECIPITATION (IN)
  YESTERDAY        0.00          0.21  -0.21     0.14
  MONTH TO DATE    9.71          5.33   4.38     8.35
  SINCE JUN 1     18.11         11.39   6.72    11.48
  SINCE JAN 1     42.41         30.39  12.02    30.04

DEGREE DAYS
 COOLING
  YESTERDAY       19            17      2       17
  MONTH TO DATE  471           408     63      461
  SINCE JUN 1    956           840    116      962
  SINCE JAN 1   1466          1252    214     1609
......................................................


WIND (MPH)
  HIGHEST WIND SPEED    12   HIGHEST WIND DIRECTION     S (190)
  HIGHEST GUST SPEED    16   HIGHEST GUST DIRECTION     S (190)
  AVERAGE WIND SPEED     3.6




RELATIVE HUMIDITY (PERCENT)
 HIGHEST   100
 LOWEST     41
 AVERAGE    71

..........................................................




SUNRISE AND SUNSET
JULY 26 2016..........SUNRISE   647 AM EDT   SUNSET   832 PM EDT
JULY 27 2016..........SUNRISE   648 AM EDT   SUNSET   831 PM EDT


-  INDICATES NEGATIVE NUMBERS.
R  INDICATES RECORD WAS SET OR TIED.
MM INDICATES DATA IS MISSING.
T  INDICATES TRACE AMOUNT.




$$
