000
CDUS42 KTAE 240632
CLIVLD


CLIMATE REPORT
NATIONAL WEATHER SERVICE TALLAHASSEE FL
231 AM EDT MON JUL 24 2017

...................................

...THE VALDOSTA CLIMATE SUMMARY FOR JULY 23 2017...

CLIMATE NORMAL PERIOD 1981 TO 2010
CLIMATE RECORD PERIOD 1948 TO 2017


WEATHER ITEM   OBSERVED TIME   NORMAL DEPARTURE LAST
                VALUE   (LST)  VALUE  FROM      YEAR
                                      NORMAL
......................................................
TEMPERATURE (F)
 YESTERDAY
  MAXIMUM         86   1224 PM  92     -6       94
  MINIMUM         73    514 AM  71      2       71
  AVERAGE         80            82     -2       83

PRECIPITATION (IN)
  YESTERDAY        0.20          0.23  -0.03     0.00
  MONTH TO DATE    1.90          4.88  -2.98     9.71
  SINCE JUN 1     10.79         10.94  -0.15    18.11
  SINCE JAN 1     26.58         29.94  -3.36    42.41

DEGREE DAYS
 COOLING
  YESTERDAY       15            17     -2       18
  MONTH TO DATE  392           374     18      432
  SINCE JUN 1    799           806     -7      917
  SINCE JAN 1   1340          1218    122     1427
......................................................


WIND (MPH)
  HIGHEST WIND SPEED    17   HIGHEST WIND DIRECTION     S (190)
  HIGHEST GUST SPEED    25   HIGHEST GUST DIRECTION     S (190)
  AVERAGE WIND SPEED     4.4




RELATIVE HUMIDITY (PERCENT)
 HIGHEST   100
 LOWEST     74
 AVERAGE    87

..........................................................



SUNRISE AND SUNSET
JULY 24 2017..........SUNRISE   646 AM EDT   SUNSET   833 PM EDT
JULY 25 2017..........SUNRISE   647 AM EDT   SUNSET   832 PM EDT


-  INDICATES NEGATIVE NUMBERS.
R  INDICATES RECORD WAS SET OR TIED.
MM INDICATES DATA IS MISSING.
T  INDICATES TRACE AMOUNT.

$$
