000
CDUS42 KTAE 210633
CLIVLD


CLIMATE REPORT
NATIONAL WEATHER SERVICE TALLAHASSEE FL
133 AM EST SUN DEC 21 2014


...................................

...THE VALDOSTA CLIMATE SUMMARY FOR DECEMBER 20 2014...

CLIMATE NORMAL PERIOD 1981 TO 2010
CLIMATE RECORD PERIOD 1948 TO 2014


WEATHER ITEM   OBSERVED TIME   NORMAL DEPARTURE LAST
                VALUE   (LST)  VALUE  FROM      YEAR
                                      NORMAL
......................................................
TEMPERATURE (F)
 YESTERDAY
  MAXIMUM         63    156 PM  64     -1       80
  MINIMUM         50    748 AM  41      9       44
  AVERAGE         57            52      5       62

PRECIPITATION (IN)
  YESTERDAY        0.03          0.10  -0.07     0.00
  MONTH TO DATE    0.16          2.26  -2.10     2.73
  SINCE DEC 1      0.16          2.26  -2.10     2.73
  SINCE JAN 1     48.29         49.69  -1.40    44.07

DEGREE DAYS
 HEATING
  YESTERDAY        8            13     -5        3
  MONTH TO DATE  200           229    -29      117
  SINCE DEC 1    200           229    -29      117
  SINCE JUL 1    567           460    107      283
......................................................


WIND (MPH)
  HIGHEST WIND SPEED    12   HIGHEST WIND DIRECTION    NE (40)
  HIGHEST GUST SPEED    16   HIGHEST GUST DIRECTION     N (20)
  AVERAGE WIND SPEED     5.5




RELATIVE HUMIDITY (PERCENT)
 HIGHEST   100
 LOWEST     60
 AVERAGE    80

..........................................................




SUNRISE AND SUNSET
DECEMBER 21 2014......SUNRISE   727 AM EST   SUNSET   536 PM EST
DECEMBER 22 2014......SUNRISE   727 AM EST   SUNSET   536 PM EST


-  INDICATES NEGATIVE NUMBERS.
R  INDICATES RECORD WAS SET OR TIED.
MM INDICATES DATA IS MISSING.
T  INDICATES TRACE AMOUNT.




$$
