000
CDUS42 KTAE 200633
CLIVLD


CLIMATE REPORT
NATIONAL WEATHER SERVICE TALLAHASSEE FL
132 AM EST SAT JAN 20 2018


...................................

...THE VALDOSTA CLIMATE SUMMARY FOR JANUARY 19 2018...

CLIMATE NORMAL PERIOD 1981 TO 2010
CLIMATE RECORD PERIOD 1948 TO 2018


WEATHER ITEM   OBSERVED TIME   NORMAL DEPARTURE LAST
                VALUE   (LST)  VALUE  FROM      YEAR
                                      NORMAL
......................................................
TEMPERATURE (F)
 YESTERDAY
  MAXIMUM         58    419 PM  62     -4       74
  MINIMUM         21    740 AM  38    -17       51
  AVERAGE         40            50    -10       63

PRECIPITATION (IN)
  YESTERDAY        0.00          0.11  -0.11     0.00
  MONTH TO DATE    1.46          2.94  -1.48     2.73
  SINCE DEC 1      3.04          6.11  -3.07     4.88
  SINCE JAN 1      1.46          2.94  -1.48     2.73

SNOWFALL (IN)
  YESTERDAY        0.0
  MONTH TO DATE    0.6
  SINCE DEC 1      0.6
  SINCE JUL 1      0.6

DEGREE DAYS
 HEATING
  YESTERDAY       25            15     10        2
  MONTH TO DATE  414           285    129      146
  SINCE DEC 1    764           667     97      387
  SINCE JUL 1    997           898     99      554
......................................................


WIND (MPH)
  HIGHEST WIND SPEED     8   HIGHEST WIND DIRECTION     N (360)
  HIGHEST GUST SPEED    12   HIGHEST GUST DIRECTION     N (350)
  AVERAGE WIND SPEED     1.2




RELATIVE HUMIDITY (PERCENT)
 HIGHEST    96
 LOWEST     17
 AVERAGE    57

..........................................................




SUNRISE AND SUNSET
JANUARY 20 2018.......SUNRISE   730 AM EST   SUNSET   558 PM EST
JANUARY 21 2018.......SUNRISE   730 AM EST   SUNSET   559 PM EST


-  INDICATES NEGATIVE NUMBERS.
R  INDICATES RECORD WAS SET OR TIED.
MM INDICATES DATA IS MISSING.
T  INDICATES TRACE AMOUNT.




$$
