000
CDUS42 KTAE 220715
CLIVLD


CLIMATE REPORT
NATIONAL WEATHER SERVICE TALLAHASSEE FL
310 AM EDT FRI AUG 22 2014


...................................

...THE VALDOSTA CLIMATE SUMMARY FOR AUGUST 21 2014...

CLIMATE NORMAL PERIOD 1981 TO 2010
CLIMATE RECORD PERIOD 1948 TO 2014


WEATHER ITEM   OBSERVED TIME   NORMAL DEPARTURE LAST
                VALUE   (LST)  VALUE  FROM      YEAR
                                      NORMAL
......................................................
TEMPERATURE (F)
 YESTERDAY
  MAXIMUM         98    320 PM  91      7       95
  MINIMUM         73    625 AM  71      2       74
  AVERAGE         86            81      5       85

PRECIPITATION (IN)
  YESTERDAY        0.00          0.16  -0.16     0.09
  MONTH TO DATE    2.47          3.74  -1.27     3.70
  SINCE JUN 1      8.55         16.43  -7.88    16.86
  SINCE JAN 1     31.82         35.43  -3.61    31.40

DEGREE DAYS
 COOLING
  YESTERDAY       21            16      5       20
  MONTH TO DATE  419           343     76      421
  SINCE JUN 1   1583          1283    300     1542
  SINCE JAN 1   2186          1695    491     2104
......................................................


WIND (MPH)
  HIGHEST WIND SPEED    10   HIGHEST WIND DIRECTION     N (10)
  HIGHEST GUST SPEED    15   HIGHEST GUST DIRECTION     N (10)
  AVERAGE WIND SPEED     1.4




RELATIVE HUMIDITY (PERCENT)
 HIGHEST    93
 LOWEST     42
 AVERAGE    68

..........................................................




SUNRISE AND SUNSET
AUGUST 22 2014........SUNRISE   704 AM EDT   SUNSET   808 PM EDT
AUGUST 23 2014........SUNRISE   704 AM EDT   SUNSET   807 PM EDT


-  INDICATES NEGATIVE NUMBERS.
R  INDICATES RECORD WAS SET OR TIED.
MM INDICATES DATA IS MISSING.
T  INDICATES TRACE AMOUNT.




$$
