000
CDUS43 KLOT 291752
CLIVPZ


CLIMATE REPORT
NATIONAL WEATHER SERVICE CHICAGO IL
1252 PM CDT THU SEP 29 2016


...................................

...THE VALPARAISO CLIMATE SUMMARY FOR SEPTEMBER 28 2016...

CLIMATE NORMAL PERIOD 1981 TO 2010
CLIMATE RECORD PERIOD 1998 TO 2016


WEATHER ITEM   OBSERVED TIME   RECORD YEAR NORMAL DEPARTURE LAST
                VALUE   (LST)  VALUE       VALUE  FROM      YEAR
                                                  NORMAL
..................................................................
TEMPERATURE (F)
 YESTERDAY
  MAXIMUM         61    134 PM  84    2013  70     -9       81
  MINIMUM         49   1251 AM  39    2000  48      1       64
  AVERAGE         55                        59     -4       73

PRECIPITATION (IN)
  YESTERDAY        0.02          0.78 1999   0.11  -0.09     0.00
  MONTH TO DATE    0.74                      2.98  -2.24     1.16
  SINCE SEP 1      0.74                      2.98  -2.24     1.16
  SINCE JAN 1     23.58                     28.52  -4.94    24.86

DEGREE DAYS
 HEATING
  YESTERDAY       10                         8      2        0
  MONTH TO DATE   21                        98    -77       31
  SINCE SEP 1     21                        98    -77       31
  SINCE JUL 1     29                       115    -86       42

 COOLING
  YESTERDAY        0                         1     -1        8
  MONTH TO DATE  141                        63     78      145
  SINCE SEP 1    141                        63     78      145
  SINCE JAN 1    990                       699    291      732
..................................................................


WIND (MPH)
  RESULTANT WIND SPEED   4   RESULTANT WIND DIRECTION  NE (30)
  HIGHEST WIND SPEED    12   HIGHEST WIND DIRECTION    NE (30)
  HIGHEST GUST SPEED    20   HIGHEST GUST DIRECTION     N (20)
  AVERAGE WIND SPEED     5.6



WEATHER CONDITIONS
 THE FOLLOWING WEATHER WAS RECORDED YESTERDAY.
  LIGHT RAIN


..........................................................


THE VALPARAISO CLIMATE NORMALS FOR TODAY
                         NORMAL    RECORD    YEAR
 MAXIMUM TEMPERATURE (F)   69        83      2002
 MINIMUM TEMPERATURE (F)   47        37      2006


SUNRISE AND SUNSET
SEPTEMBER 29 2016.....SUNRISE   643 AM CDT   SUNSET   632 PM CDT
SEPTEMBER 30 2016.....SUNRISE   644 AM CDT   SUNSET   631 PM CDT


-  INDICATES NEGATIVE NUMBERS.
R  INDICATES RECORD WAS SET OR TIED.
MM INDICATES DATA IS MISSING.
T  INDICATES TRACE AMOUNT.




$$
