000
CDUS43 KLOT 270633
CLIVPZ


CLIMATE REPORT
NATIONAL WEATHER SERVICE CHICAGO IL
133 AM CDT FRI MAY 27 2016


...................................

...THE VALPARAISO CLIMATE SUMMARY FOR MAY 26 2016...

CLIMATE NORMAL PERIOD 1981 TO 2010
CLIMATE RECORD PERIOD 1998 TO 2016


WEATHER ITEM   OBSERVED TIME   RECORD YEAR NORMAL DEPARTURE LAST
                VALUE   (LST)  VALUE       VALUE  FROM      YEAR
                                                  NORMAL
..................................................................
TEMPERATURE (F)
 YESTERDAY
  MAXIMUM         83    513 PM  91    2012  74      9       78
  MINIMUM         65    447 AM  37    2002  51     14       65
  AVERAGE         74                        62     12       72

PRECIPITATION (IN)
  YESTERDAY        T             0.65 2001   0.12  -0.12     0.17
  MONTH TO DATE    1.70                      3.29  -1.59     2.47
  SINCE MAR 1      7.43                      9.30  -1.87     5.24
  SINCE JAN 1      8.76                     12.47  -3.71     6.85

DEGREE DAYS
 HEATING
  YESTERDAY        0                         5     -5        0
  MONTH TO DATE  237                       200     37      133
  SINCE MAR 1   1380                      1527   -147     1543
  SINCE JUL 1   5238                      6259  -1021     6801

 COOLING
  YESTERDAY        9                         2      7        7
  MONTH TO DATE   24                        30     -6       62
  SINCE MAR 1     30                        35     -5       62
  SINCE JAN 1     30                        35     -5       62
..................................................................


WIND (MPH)
  RESULTANT WIND SPEED   8   RESULTANT WIND DIRECTION   S (200)
  HIGHEST WIND SPEED    20   HIGHEST WIND DIRECTION    SW (210)
  HIGHEST GUST SPEED    25   HIGHEST GUST DIRECTION    SW (240)
  AVERAGE WIND SPEED     9.1



WEATHER CONDITIONS
 THE FOLLOWING WEATHER WAS RECORDED YESTERDAY.
  LIGHT RAIN
  FOG


..........................................................


THE VALPARAISO CLIMATE NORMALS FOR TODAY
                         NORMAL    RECORD    YEAR
 MAXIMUM TEMPERATURE (F)   74        97      2012
 MINIMUM TEMPERATURE (F)   52        42      2008


SUNRISE AND SUNSET
MAY 27 2016...........SUNRISE   519 AM CDT   SUNSET   812 PM CDT
MAY 28 2016...........SUNRISE   519 AM CDT   SUNSET   813 PM CDT


-  INDICATES NEGATIVE NUMBERS.
R  INDICATES RECORD WAS SET OR TIED.
MM INDICATES DATA IS MISSING.
T  INDICATES TRACE AMOUNT.




$$
