000
CDUS43 KLOT 310648
CLIVPZ


CLIMATE REPORT
NATIONAL WEATHER SERVICE CHICAGO IL
145 AM CDT WED AUG 31 2016


...................................

...THE VALPARAISO CLIMATE SUMMARY FOR AUGUST 30 2016...

CLIMATE NORMAL PERIOD 1981 TO 2010
CLIMATE RECORD PERIOD 1998 TO 2016


WEATHER ITEM   OBSERVED TIME   RECORD YEAR NORMAL DEPARTURE LAST
                VALUE   (LST)  VALUE       VALUE  FROM      YEAR
                                                  NORMAL
..................................................................
TEMPERATURE (F)
 YESTERDAY
  MAXIMUM         84    237 PM  94    2013  79      5       78
  MINIMUM         67    418 AM  47    2009  59      8       62
                                      1999
  AVERAGE         76                        69      7       70

PRECIPITATION (IN)
  YESTERDAY        0.01          0.21 2009   0.14  -0.13     0.00
                                      2009
                                      2014
  MONTH TO DATE    9.24                      4.18   5.06     4.38
  SINCE JUN 1     13.43                     12.43   1.00    14.91
  SINCE JAN 1     22.83                     25.41  -2.58    23.70

DEGREE DAYS
 HEATING
  YESTERDAY        0                         1     -1        0
  MONTH TO DATE    0                         6     -6        5
  SINCE JUN 1     28                        51    -23       38
  SINCE JUL 1      8                        10     -2       11

 COOLING
  YESTERDAY       11                         5      6        5
  MONTH TO DATE  285                       182    103      168
  SINCE JUN 1    766                       586    180      502
  SINCE JAN 1    843                       633    210      578
..................................................................


WIND (MPH)
  RESULTANT WIND SPEED   1   RESULTANT WIND DIRECTION  NW (320)
  HIGHEST WIND SPEED    10   HIGHEST WIND DIRECTION     W (260)
  HIGHEST GUST SPEED    13   HIGHEST GUST DIRECTION     W (270)
  AVERAGE WIND SPEED     3.4



WEATHER CONDITIONS
 THE FOLLOWING WEATHER WAS RECORDED YESTERDAY.
  LIGHT RAIN


..........................................................


THE VALPARAISO CLIMATE NORMALS FOR TODAY
                         NORMAL    RECORD    YEAR
 MAXIMUM TEMPERATURE (F)   79        92      2010
 MINIMUM TEMPERATURE (F)   58        43      2009


SUNRISE AND SUNSET
AUGUST 31 2016........SUNRISE   614 AM CDT   SUNSET   722 PM CDT
SEPTEMBER  1 2016.....SUNRISE   615 AM CDT   SUNSET   720 PM CDT


-  INDICATES NEGATIVE NUMBERS.
R  INDICATES RECORD WAS SET OR TIED.
MM INDICATES DATA IS MISSING.
T  INDICATES TRACE AMOUNT.




$$
