000
CDUS43 KLOT 190634
CLIVPZ


CLIMATE REPORT
NATIONAL WEATHER SERVICE CHICAGO IL
133 AM CDT TUE SEP 19 2017


...................................

...THE VALPARAISO CLIMATE SUMMARY FOR SEPTEMBER 18 2017...

CLIMATE NORMAL PERIOD 1981 TO 2010
CLIMATE RECORD PERIOD 1998 TO 2017


WEATHER ITEM   OBSERVED TIME   RECORD YEAR NORMAL DEPARTURE LAST
                VALUE   (LST)  VALUE       VALUE  FROM      YEAR
                                                  NORMAL
..................................................................
TEMPERATURE (F)
 YESTERDAY
  MAXIMUM         81   1242 PM  89    2007  74      7       80
  MINIMUM         60    633 AM  43    2014  52      8       57
                                      2009
  AVERAGE         71                        63      8       69

PRECIPITATION (IN)
  YESTERDAY        0.01          1.94 2013   0.09  -0.08     0.00
  MONTH TO DATE    0.81                      1.98  -1.17     0.72
  SINCE SEP 1      0.81                      1.98  -1.17     0.72
  SINCE JAN 1     24.86                     27.52  -2.66    23.56

DEGREE DAYS
 HEATING
  YESTERDAY        0                         4     -4        0
  MONTH TO DATE   46                        39      7        0
  SINCE SEP 1     46                        39      7        0
  SINCE JUL 1     52                        56     -4        8

 COOLING
  YESTERDAY        6                         2      4        4
  MONTH TO DATE   52                        53     -1       89
  SINCE SEP 1     52                        53     -1       89
  SINCE JAN 1    816                       689    127      938
..................................................................


WIND (MPH)
  RESULTANT WIND SPEED   3   RESULTANT WIND DIRECTION  NE (40)
  HIGHEST WIND SPEED    10   HIGHEST WIND DIRECTION    NE (30)
  HIGHEST GUST SPEED    14   HIGHEST GUST DIRECTION     N (20)
  AVERAGE WIND SPEED     3.7



WEATHER CONDITIONS
 THE FOLLOWING WEATHER WAS RECORDED YESTERDAY.
  LIGHT RAIN


..........................................................


THE VALPARAISO CLIMATE NORMALS FOR TODAY
                         NORMAL    RECORD    YEAR
 MAXIMUM TEMPERATURE (F)   73        91      2000
 MINIMUM TEMPERATURE (F)   51        39      2012


SUNRISE AND SUNSET
SEPTEMBER 19 2017.....SUNRISE   633 AM CDT   SUNSET   650 PM CDT
SEPTEMBER 20 2017.....SUNRISE   634 AM CDT   SUNSET   648 PM CDT


-  INDICATES NEGATIVE NUMBERS.
R  INDICATES RECORD WAS SET OR TIED.
MM INDICATES DATA IS MISSING.
T  INDICATES TRACE AMOUNT.




$$
