000
CDUS43 KLOT 280636
CLIVPZ


CLIMATE REPORT
NATIONAL WEATHER SERVICE CHICAGO IL
134 AM CDT MON JUL 28 2014


...................................

...THE VALPARAISO CLIMATE SUMMARY FOR JULY 27 2014...

CLIMATE NORMAL PERIOD 1981 TO 2010
CLIMATE RECORD PERIOD 1998 TO 2014


WEATHER ITEM   OBSERVED TIME   RECORD YEAR NORMAL DEPARTURE LAST
                VALUE   (LST)  VALUE       VALUE  FROM      YEAR
                                                  NORMAL
..................................................................
TEMPERATURE (F)
 YESTERDAY
  MAXIMUM         87   1239 PM  90    2011  82      5       69
  MINIMUM         63   1159 PM  54    2005  62      1       55
  AVERAGE         75                        72      3       62

PRECIPITATION (IN)
  YESTERDAY        T             0.91 2003   0.12  -0.12     0.01
  MONTH TO DATE    1.73                      3.80  -2.07     1.00
  SINCE JUN 1      9.94                      7.71   2.23     7.92
  SINCE JAN 1     18.87                     20.69  -1.82    21.55

DEGREE DAYS
 HEATING
  YESTERDAY        0                         0      0        3
  MONTH TO DATE   19                         0     19        9
  SINCE JUN 1     39                        41     -2       46
  SINCE JUL 1     19                         0     19        9

 COOLING
  YESTERDAY       10                         7      3        0
  MONTH TO DATE  106                       212   -106      205
  SINCE JUN 1    265                       376   -111      372
  SINCE JAN 1    338                       423    -85      473
..................................................................


WIND (MPH)
  RESULTANT WIND SPEED   8   RESULTANT WIND DIRECTION   W (290)
  HIGHEST WIND SPEED    30   HIGHEST WIND DIRECTION     W (270)
  HIGHEST GUST SPEED    37   HIGHEST GUST DIRECTION     W (270)
  AVERAGE WIND SPEED    10.1



WEATHER CONDITIONS
 THE FOLLOWING WEATHER WAS RECORDED YESTERDAY.
  FOG
  FOG W/VISIBILITY <= 1/4 MILE
  HAZE


..........................................................


THE VALPARAISO CLIMATE NORMALS FOR TODAY
                         NORMAL    RECORD    YEAR
 MAXIMUM TEMPERATURE (F)   82        91      2010
 MINIMUM TEMPERATURE (F)   62        49      2005


SUNRISE AND SUNSET
JULY 28 2014..........SUNRISE   539 AM CDT   SUNSET   809 PM CDT
JULY 29 2014..........SUNRISE   540 AM CDT   SUNSET   808 PM CDT


-  INDICATES NEGATIVE NUMBERS.
R  INDICATES RECORD WAS SET OR TIED.
MM INDICATES DATA IS MISSING.
T  INDICATES TRACE AMOUNT.




$$
