668
CDUS43 KLOT 300644
CLIVPZ


CLIMATE REPORT
NATIONAL WEATHER SERVICE CHICAGO IL
142 AM CDT SAT JUL 30 2016


...................................

...THE VALPARAISO CLIMATE SUMMARY FOR JULY 29 2016...

CLIMATE NORMAL PERIOD 1981 TO 2010
CLIMATE RECORD PERIOD 1998 TO 2016


WEATHER ITEM   OBSERVED TIME   RECORD YEAR NORMAL DEPARTURE LAST
                VALUE   (LST)  VALUE       VALUE  FROM      YEAR
                                                  NORMAL
..................................................................
TEMPERATURE (F)
 YESTERDAY
  MAXIMUM         84        MM  96    1998  82      2       87
  MINIMUM         64    453 AM  51    2014  62      2       65
                                      2003
  AVERAGE         74                        72      2       76

PRECIPITATION (IN)
  YESTERDAY        0.02          1.86 2011   0.13  -0.11      T
  MONTH TO DATE    3.89                      4.06  -0.17     4.92
  SINCE JUN 1      4.14                      7.97  -3.83    10.53
  SINCE JAN 1     13.54                     20.95  -7.41    19.32

DEGREE DAYS
 HEATING
  YESTERDAY        0                         0      0        0
  MONTH TO DATE    8                         0      8        6
  SINCE JUN 1     28                        41    -13       33
  SINCE JUL 1      8                         0      8        6

 COOLING
  YESTERDAY        9                         7      2       11
  MONTH TO DATE  265                       226     39      183
  SINCE JUN 1    465                       390     75      315
  SINCE JAN 1    542                       437    105      391
..................................................................


WIND (MPH)
  RESULTANT WIND SPEED   2   RESULTANT WIND DIRECTION  NE (60)
  HIGHEST WIND SPEED    15   HIGHEST WIND DIRECTION    NW (300)
  HIGHEST GUST SPEED    27   HIGHEST GUST DIRECTION    NW (310)
  AVERAGE WIND SPEED     2.7



WEATHER CONDITIONS
 THE FOLLOWING WEATHER WAS RECORDED YESTERDAY.
  THUNDERSTORM
  LIGHT RAIN


..........................................................


THE VALPARAISO CLIMATE NORMALS FOR TODAY
                         NORMAL    RECORD    YEAR
 MAXIMUM TEMPERATURE (F)   82        97      1999
 MINIMUM TEMPERATURE (F)   62        52      2013


SUNRISE AND SUNSET
JULY 30 2016..........SUNRISE   541 AM CDT   SUNSET   807 PM CDT
JULY 31 2016..........SUNRISE   542 AM CDT   SUNSET   806 PM CDT


-  INDICATES NEGATIVE NUMBERS.
R  INDICATES RECORD WAS SET OR TIED.
MM INDICATES DATA IS MISSING.
T  INDICATES TRACE AMOUNT.




$$
