000
CDUS43 KLOT 020643
CLIVPZ


CLIMATE REPORT
NATIONAL WEATHER SERVICE CHICAGO IL
142 AM CDT THU OCT 2 2014


...................................

...THE VALPARAISO CLIMATE SUMMARY FOR OCTOBER 1 2014...

CLIMATE NORMAL PERIOD 1981 TO 2010
CLIMATE RECORD PERIOD 1998 TO 2014


WEATHER ITEM   OBSERVED TIME   RECORD YEAR NORMAL DEPARTURE LAST
                VALUE   (LST)  VALUE       VALUE  FROM      YEAR
                                                  NORMAL
..................................................................
TEMPERATURE (F)
 YESTERDAY
  MAXIMUM         70    234 PM  84    2002  69      1       78
  MINIMUM         43    551 AM  32    2003  46     -3       57
  AVERAGE         57                        57      0       68

PRECIPITATION (IN)
  YESTERDAY        0.00          0.48 2009   0.10  -0.10     0.00
                                      2008
  MONTH TO DATE    0.00                      0.10  -0.10     0.00
  SINCE SEP 1      2.38                      3.31  -0.93     2.57
  SINCE JAN 1     31.74                     28.85   2.89    28.25

DEGREE DAYS
 HEATING
  YESTERDAY        8                         9     -1        0
  MONTH TO DATE    8                         9     -1        0
  SINCE SEP 1    139                       122     17       80
  SINCE JUL 1    179                       139     40      108

 COOLING
  YESTERDAY        0                         1     -1        3
  MONTH TO DATE    0                         1     -1        3
  SINCE SEP 1     61                        67     -6      121
  SINCE JAN 1    608                       703    -95      788
..................................................................


WIND (MPH)
  RESULTANT WIND SPEED   6   RESULTANT WIND DIRECTION   E (110)
  HIGHEST WIND SPEED    14   HIGHEST WIND DIRECTION     E (110)
  HIGHEST GUST SPEED    19   HIGHEST GUST DIRECTION     E (90)
  AVERAGE WIND SPEED     6.9



WEATHER CONDITIONS
 THE FOLLOWING WEATHER WAS RECORDED YESTERDAY.
  FOG
  FOG W/VISIBILITY <= 1/4 MILE


..........................................................


THE VALPARAISO CLIMATE NORMALS FOR TODAY
                         NORMAL    RECORD    YEAR
 MAXIMUM TEMPERATURE (F)   68        83      2000
 MINIMUM TEMPERATURE (F)   46        32      2003


SUNRISE AND SUNSET
OCTOBER  2 2014.......SUNRISE   646 AM CDT   SUNSET   628 PM CDT
OCTOBER  3 2014.......SUNRISE   647 AM CDT   SUNSET   626 PM CDT


-  INDICATES NEGATIVE NUMBERS.
R  INDICATES RECORD WAS SET OR TIED.
MM INDICATES DATA IS MISSING.
T  INDICATES TRACE AMOUNT.




$$
