000
CDUS43 KLOT 200636
CLIVPZ


CLIMATE REPORT
NATIONAL WEATHER SERVICE CHICAGO IL
1236 AM CST MON NOV 20 2017


...................................

...THE VALPARAISO CLIMATE SUMMARY FOR NOVEMBER 19 2017...

CLIMATE NORMAL PERIOD 1981 TO 2010
CLIMATE RECORD PERIOD 1998 TO 2017


WEATHER ITEM   OBSERVED TIME   RECORD YEAR NORMAL DEPARTURE LAST
                VALUE   (LST)  VALUE       VALUE  FROM      YEAR
                                                  NORMAL
..................................................................
TEMPERATURE (F)
 YESTERDAY
  MAXIMUM         40   1255 AM  61    2007  47     -7       41
  MINIMUM         29   1159 PM  15    2014  32     -3       33
  AVERAGE         35                        39     -4       37

PRECIPITATION (IN)
  YESTERDAY        0.00          0.20 1999   0.09  -0.09      T
  MONTH TO DATE    2.52                      2.23   0.29     1.36
  SINCE SEP 1     10.43                      8.69   1.74     7.25
  SINCE JAN 1     34.48                     34.23   0.25    30.09

DEGREE DAYS
 HEATING
  YESTERDAY       30                        26      4       28
  MONTH TO DATE  451                       411     40      246
  SINCE SEP 1    755                       924   -169      528
  SINCE JUL 1    761                       941   -180      536

 COOLING
  YESTERDAY        0                         0      0        0
  MONTH TO DATE    0                         0      0        4
  SINCE SEP 1    204                        77    127      168
  SINCE JAN 1    968                       713    255     1017
..................................................................


WIND (MPH)
  RESULTANT WIND SPEED  11   RESULTANT WIND DIRECTION   W (280)
  HIGHEST WIND SPEED    20   HIGHEST WIND DIRECTION     W (280)
  HIGHEST GUST SPEED    28   HIGHEST GUST DIRECTION    NW (310)
  AVERAGE WIND SPEED    11.7



WEATHER CONDITIONS
 THE FOLLOWING WEATHER WAS RECORDED YESTERDAY.
  NO SIGNIFICANT WEATHER WAS OBSERVED.


..........................................................


THE VALPARAISO CLIMATE NORMALS FOR TODAY
                         NORMAL    RECORD    YEAR
 MAXIMUM TEMPERATURE (F)   46        63      2003
 MINIMUM TEMPERATURE (F)   31        15      2014


SUNRISE AND SUNSET
NOVEMBER 20 2017......SUNRISE   643 AM CST   SUNSET   424 PM CST
NOVEMBER 21 2017......SUNRISE   644 AM CST   SUNSET   424 PM CST


-  INDICATES NEGATIVE NUMBERS.
R  INDICATES RECORD WAS SET OR TIED.
MM INDICATES DATA IS MISSING.
T  INDICATES TRACE AMOUNT.




$$
