000
CDUS43 KLOT 280634
CLIVPZ


CLIMATE REPORT
NATIONAL WEATHER SERVICE CHICAGO IL
1232 AM CST SAT FEB 28 2015


...................................

...THE VALPARAISO CLIMATE SUMMARY FOR FEBRUARY 27 2015...

CLIMATE NORMAL PERIOD 1981 TO 2010
CLIMATE RECORD PERIOD 1998 TO 2015


WEATHER ITEM   OBSERVED TIME   RECORD YEAR NORMAL DEPARTURE LAST
                VALUE   (LST)  VALUE       VALUE  FROM      YEAR
                                                  NORMAL
..................................................................
TEMPERATURE (F)
 YESTERDAY
  MAXIMUM         15    320 PM  53    2000  39    -24       18
  MINIMUM         -4R   633 AM  -1    2014  24    -28       -1
  AVERAGE          6                        32    -26        9

PRECIPITATION (IN)
  YESTERDAY        T             0.53 2011   0.06  -0.06      T
  MONTH TO DATE    0.71                      1.37  -0.66     1.68
  SINCE DEC 1      2.42                      5.30  -2.88     3.74
  SINCE JAN 1      1.61                      3.12  -1.51     2.63

DEGREE DAYS
 HEATING
  YESTERDAY       59                        34     25       56
  MONTH TO DATE 1341                      1016    325     1324
  SINCE DEC 1   3697                      3443    254     4010
  SINCE JUL 1   5198                      4701    497     5396

 COOLING
  YESTERDAY        0                         0      0        0
  MONTH TO DATE    0                         0      0        0
  SINCE DEC 1      0                         0      0        0
  SINCE JAN 1      0                         0      0        0
..................................................................


WIND (MPH)
  RESULTANT WIND SPEED   6   RESULTANT WIND DIRECTION   W (250)
  HIGHEST WIND SPEED    14   HIGHEST WIND DIRECTION    SW (240)
  HIGHEST GUST SPEED    16   HIGHEST GUST DIRECTION     S (200)
  AVERAGE WIND SPEED     6.2



WEATHER CONDITIONS
 THE FOLLOWING WEATHER WAS RECORDED YESTERDAY.
  LIGHT SNOW
  FOG
  HAZE


..........................................................


THE VALPARAISO CLIMATE NORMALS FOR TODAY
                         NORMAL    RECORD    YEAR
 MAXIMUM TEMPERATURE (F)   40        54      2000
 MINIMUM TEMPERATURE (F)   24        -3      2014


SUNRISE AND SUNSET
FEBRUARY 28 2015......SUNRISE   624 AM CST   SUNSET   537 PM CST
MARCH  1 2015.........SUNRISE   623 AM CST   SUNSET   538 PM CST


-  INDICATES NEGATIVE NUMBERS.
R  INDICATES RECORD WAS SET OR TIED.
MM INDICATES DATA IS MISSING.
T  INDICATES TRACE AMOUNT.




$$
