000
CDUS43 KLOT 300633
CLIVPZ


CLIMATE REPORT
NATIONAL WEATHER SERVICE CHICAGO IL
132 AM CDT TUE MAY 30 2017


...................................

...THE VALPARAISO CLIMATE SUMMARY FOR MAY 29 2017...

CLIMATE NORMAL PERIOD 1981 TO 2010
CLIMATE RECORD PERIOD 1998 TO 2017


WEATHER ITEM   OBSERVED TIME   RECORD YEAR NORMAL DEPARTURE LAST
                VALUE   (LST)  VALUE       VALUE  FROM      YEAR
                                                  NORMAL
..................................................................
TEMPERATURE (F)
 YESTERDAY
  MAXIMUM         81    156 PM  91    2006  74      7       84
  MINIMUM         58   1159 PM  41    2008  53      5       62
  AVERAGE         70                        64      6       73

PRECIPITATION (IN)
  YESTERDAY        0.00          0.42 2015   0.10  -0.10     0.00
  MONTH TO DATE    3.49                      3.60  -0.11     1.90
  SINCE MAR 1     11.94                      9.61   2.33     7.63
  SINCE JAN 1     15.38                     12.78   2.60     8.96

DEGREE DAYS
 HEATING
  YESTERDAY        0                         4     -4        0
  MONTH TO DATE  216                       212      4      237
  SINCE MAR 1   1321                      1539   -218     1380
  SINCE JUL 1   5035                      6271  -1236     5238

 COOLING
  YESTERDAY        5                         3      2        8
  MONTH TO DATE   44                        37      7       53
  SINCE MAR 1     57                        42     15       59
  SINCE JAN 1     57                        42     15       59
..................................................................


WIND (MPH)
  RESULTANT WIND SPEED  10   RESULTANT WIND DIRECTION   W (260)
  HIGHEST WIND SPEED    29   HIGHEST WIND DIRECTION    SW (240)
  HIGHEST GUST SPEED    37   HIGHEST GUST DIRECTION     W (250)
  AVERAGE WIND SPEED    10.7



WEATHER CONDITIONS
 THE FOLLOWING WEATHER WAS RECORDED YESTERDAY.
  NO SIGNIFICANT WEATHER WAS OBSERVED.


..........................................................


THE VALPARAISO CLIMATE NORMALS FOR TODAY
                         NORMAL    RECORD    YEAR
 MAXIMUM TEMPERATURE (F)   75        90      2010
 MINIMUM TEMPERATURE (F)   53        44      2003
                                             2001


SUNRISE AND SUNSET
MAY 30 2017...........SUNRISE   518 AM CDT   SUNSET   814 PM CDT
MAY 31 2017...........SUNRISE   517 AM CDT   SUNSET   815 PM CDT


-  INDICATES NEGATIVE NUMBERS.
R  INDICATES RECORD WAS SET OR TIED.
MM INDICATES DATA IS MISSING.
T  INDICATES TRACE AMOUNT.




$$
