441
CDUS43 KLOT 110655
CLIVPZ


CLIMATE REPORT
NATIONAL WEATHER SERVICE CHICAGO IL
1255 AM CST SUN DEC 11 2016


...................................

...THE VALPARAISO CLIMATE SUMMARY FOR DECEMBER 10 2016...

CLIMATE NORMAL PERIOD 1981 TO 2010
CLIMATE RECORD PERIOD 1998 TO 2016


WEATHER ITEM   OBSERVED TIME   RECORD YEAR NORMAL DEPARTURE LAST
                VALUE   (LST)  VALUE       VALUE  FROM      YEAR
                                                  NORMAL
..................................................................
TEMPERATURE (F)
 YESTERDAY
  MAXIMUM         26    325 PM  58    2015  36    -10       58
  MINIMUM         17   1240 AM  -3    2013  23     -6       39
  AVERAGE         22                        30     -8       49

PRECIPITATION (IN)
  YESTERDAY        0.06          0.38 2003   0.08  -0.02     0.00
  MONTH TO DATE    0.45                      0.84  -0.39     0.04
  SINCE DEC 1      0.45                      0.84  -0.39     0.04
  SINCE JAN 1     31.71                     36.17  -4.46    28.44

DEGREE DAYS
 HEATING
  YESTERDAY       43                        35      8       16
  MONTH TO DATE  346                       336     10      264
  SINCE DEC 1    346                       336     10      264
  SINCE JUL 1   1159                      1594   -435     1240

 COOLING
  YESTERDAY        0                         0      0        0
  MONTH TO DATE    0                         0      0        0
  SINCE DEC 1      0                         0      0        0
  SINCE JAN 1   1017                       713    304      738
..................................................................


WIND (MPH)
  RESULTANT WIND SPEED   7   RESULTANT WIND DIRECTION  SW (240)
  HIGHEST WIND SPEED    15   HIGHEST WIND DIRECTION     W (260)
  HIGHEST GUST SPEED    19   HIGHEST GUST DIRECTION     W (270)
  AVERAGE WIND SPEED     7.7



WEATHER CONDITIONS
 THE FOLLOWING WEATHER WAS RECORDED YESTERDAY.
  LIGHT SNOW
  FOG


..........................................................


THE VALPARAISO CLIMATE NORMALS FOR TODAY
                         NORMAL    RECORD    YEAR
 MAXIMUM TEMPERATURE (F)   36        56      2015
 MINIMUM TEMPERATURE (F)   23        -1      2013


SUNRISE AND SUNSET
DECEMBER 11 2016......SUNRISE   705 AM CST   SUNSET   418 PM CST
DECEMBER 12 2016......SUNRISE   705 AM CST   SUNSET   419 PM CST


-  INDICATES NEGATIVE NUMBERS.
R  INDICATES RECORD WAS SET OR TIED.
MM INDICATES DATA IS MISSING.
T  INDICATES TRACE AMOUNT.




$$
