000
CDUS42 KMLB 270635
CLIVRB


CLIMATE REPORT
NATIONAL WEATHER SERVICE MELBOURNE FL
135 AM EST SAT DEC 27 2014


...................................

...THE VERO BEACH CLIMATE SUMMARY FOR DECEMBER 26 2014...

CLIMATE NORMAL PERIOD 1981 TO 2010
CLIMATE RECORD PERIOD 1942 TO 2014


WEATHER ITEM   OBSERVED TIME   RECORD YEAR NORMAL DEPARTURE LAST
                VALUE   (LST)  VALUE       VALUE  FROM      YEAR
                                                  NORMAL
..................................................................
TEMPERATURE (F)
 YESTERDAY
  MAXIMUM         76   1144 AM  85    1981  73      3       78
  MINIMUM         55    616 AM  24    1983  53      2       61
  AVERAGE         66                        63      3       70

PRECIPITATION (IN)
  YESTERDAY        0.02          1.45 1958   0.07  -0.05     0.00
  MONTH TO DATE    2.82                      1.84   0.98     2.18
  SINCE DEC 1      2.82                      1.84   0.98     2.18
  SINCE JAN 1     53.50                     51.52   1.98    44.39

SNOWFALL (IN)
  YESTERDAY        0.0
  MONTH TO DATE    0.0
  SINCE JUL 1      0.0

DEGREE DAYS
 HEATING
  YESTERDAY        0                         4     -4        0
  MONTH TO DATE   75                        81     -6       18
  SINCE DEC 1     75                        81     -6       18
  SINCE JUL 1    154                       111     43       29

 COOLING
  YESTERDAY        1                         2     -1        5
  MONTH TO DATE   81                        82     -1      137
  SINCE DEC 1     81                        82     -1      137
  SINCE JAN 1   3235                      3393   -158     3610
..................................................................


WIND (MPH)
  HIGHEST WIND SPEED    10   HIGHEST WIND DIRECTION     E (70)
  HIGHEST GUST SPEED    14   HIGHEST GUST DIRECTION    NE (40)
  AVERAGE WIND SPEED     6.4


SKY COVER
  AVERAGE SKY COVER 0.7


WEATHER CONDITIONS
 THE FOLLOWING WEATHER WAS RECORDED YESTERDAY.
  LIGHT RAIN
  FOG


RELATIVE HUMIDITY (PERCENT)
 HIGHEST    93           200 AM
 LOWEST     64          1200 PM
 AVERAGE    79

..........................................................


THE VERO BEACH CLIMATE NORMALS FOR TODAY
                         NORMAL    RECORD    YEAR
 MAXIMUM TEMPERATURE (F)   73        85      1981
 MINIMUM TEMPERATURE (F)   53        25      1983


SUNRISE AND SUNSET
DECEMBER 27 2014......SUNRISE   711 AM EST   SUNSET   535 PM EST
DECEMBER 28 2014......SUNRISE   711 AM EST   SUNSET   536 PM EST


-  INDICATES NEGATIVE NUMBERS.
R  INDICATES RECORD WAS SET OR TIED.
MM INDICATES DATA IS MISSING.
T  INDICATES TRACE AMOUNT.




$$
