000
CDUS42 KMLB 272018
CLIVRB


CLIMATE REPORT
NATIONAL WEATHER SERVICE MELBOURNE FL
417 PM EDT TUE SEP 27 2016


...................................

...THE VERO BEACH CLIMATE SUMMARY FOR SEPTEMBER 27 2016...
VALID TODAY AS OF 0400 PM LOCAL TIME.

CLIMATE NORMAL PERIOD 1981 TO 2010
CLIMATE RECORD PERIOD 1942 TO 2016


WEATHER ITEM   OBSERVED TIME   RECORD YEAR NORMAL DEPARTURE LAST
                VALUE   (LST)  VALUE       VALUE  FROM      YEAR
                                                  NORMAL
..................................................................
TEMPERATURE (F)
 TODAY
  MAXIMUM         90   1136 AM  93    2009  87      3       89
  MINIMUM         73    621 AM  64    1956  73      0       75
  AVERAGE         82                        80      2       82

PRECIPITATION (IN)
  TODAY            0.00          2.90 2000   0.23  -0.23     0.04
  MONTH TO DATE    4.32                      6.11  -1.79     8.33
  SINCE SEP 1      4.32                      6.11  -1.79     8.33
  SINCE JAN 1     57.75                     40.81  16.94    39.93

SNOWFALL (IN)
  TODAY            0.0
  MONTH TO DATE    0.0
  SINCE JUL 1      0.0

DEGREE DAYS
 HEATING
  TODAY            0                         0      0        0
  MONTH TO DATE    0                         0      0        0
  SINCE SEP 1      0                         0      0        0
  SINCE JUL 1      0                         0      0        0

 COOLING
  TODAY           17                        15      2       17
  MONTH TO DATE  473                       425     48      464
  SINCE SEP 1    473                       425     48      464
  SINCE JAN 1   3063                      2723    340     3261
..................................................................


WIND (MPH)
  HIGHEST WIND SPEED    14   HIGHEST WIND DIRECTION    SE (130)
  HIGHEST GUST SPEED    17   HIGHEST GUST DIRECTION    SE (120)
  AVERAGE WIND SPEED     4.0


SKY COVER
  AVERAGE SKY COVER 0.1


WEATHER CONDITIONS
 THE FOLLOWING WEATHER WAS RECORDED TODAY.
  THUNDERSTORM
  HAZE


RELATIVE HUMIDITY (PERCENT)
 HIGHEST    93           100 AM
 LOWEST     55          1100 AM
 AVERAGE    74

..........................................................


THE VERO BEACH CLIMATE NORMALS FOR TOMORROW
                         NORMAL    RECORD    YEAR
 MAXIMUM TEMPERATURE (F)   87        93      1974
 MINIMUM TEMPERATURE (F)   73        66      2006
                                             1991


SUNRISE AND SUNSET
SEPTEMBER 27 2016.....SUNRISE   713 AM EDT   SUNSET   712 PM EDT
SEPTEMBER 28 2016.....SUNRISE   713 AM EDT   SUNSET   711 PM EDT


-  INDICATES NEGATIVE NUMBERS.
R  INDICATES RECORD WAS SET OR TIED.
MM INDICATES DATA IS MISSING.
T  INDICATES TRACE AMOUNT.




$$
