000
CDUS42 KMLB 220626
CLIVRB


CLIMATE REPORT
NATIONAL WEATHER SERVICE MELBOURNE FL
126 AM EST SUN JAN 22 2017


...................................

...THE VERO BEACH CLIMATE SUMMARY FOR JANUARY 21 2017...

CLIMATE NORMAL PERIOD 1981 TO 2010
CLIMATE RECORD PERIOD 1942 TO 2017


WEATHER ITEM   OBSERVED TIME   RECORD YEAR NORMAL DEPARTURE LAST
                VALUE   (LST)  VALUE       VALUE  FROM      YEAR
                                                  NORMAL
..................................................................
TEMPERATURE (F)
 YESTERDAY
  MAXIMUM         83    344 PM  86    1990  72     11       72
  MINIMUM         56    650 AM  27    1985  52      4       47
  AVERAGE         70                        62      8       60

PRECIPITATION (IN)
  YESTERDAY        0.00          8.82 1957   0.08  -0.08     0.00
  MONTH TO DATE    0.46                      1.69  -1.23     4.88
  SINCE DEC 1      2.60                      3.88  -1.28     9.45
  SINCE JAN 1      0.46                      1.69  -1.23     4.88

SNOWFALL (IN)
  YESTERDAY        0.0
  MONTH TO DATE    0.0
  SINCE JUL 1      0.0

DEGREE DAYS
 HEATING
  YESTERDAY        0                         5     -5        5
  MONTH TO DATE   30                       105    -75       76
  SINCE DEC 1     45                       210   -165       78
  SINCE JUL 1     64                       240   -176       79

 COOLING
  YESTERDAY        5                         2      3        0
  MONTH TO DATE   80                        42     38       30
  SINCE DEC 1    285                       135    150      322
  SINCE JAN 1     80                        42     38       30
..................................................................


WIND (MPH)
  HIGHEST WIND SPEED    21   HIGHEST WIND DIRECTION    SW (210)
  HIGHEST GUST SPEED    28   HIGHEST GUST DIRECTION    SW (220)
  AVERAGE WIND SPEED     7.8


SKY COVER
  AVERAGE SKY COVER 0.1


WEATHER CONDITIONS
 THE FOLLOWING WEATHER WAS RECORDED YESTERDAY.
  FOG
  FOG W/VISIBILITY <= 1/4 MILE


RELATIVE HUMIDITY (PERCENT)
 HIGHEST   100           600 AM
 LOWEST     43           300 PM
 AVERAGE    72

..........................................................


THE VERO BEACH CLIMATE NORMALS FOR TODAY
                         NORMAL    RECORD    YEAR
 MAXIMUM TEMPERATURE (F)   73        86      2007
 MINIMUM TEMPERATURE (F)   52        21      1985


SUNRISE AND SUNSET
JANUARY 22 2017.......SUNRISE   712 AM EST   SUNSET   555 PM EST
JANUARY 23 2017.......SUNRISE   712 AM EST   SUNSET   556 PM EST


-  INDICATES NEGATIVE NUMBERS.
R  INDICATES RECORD WAS SET OR TIED.
MM INDICATES DATA IS MISSING.
T  INDICATES TRACE AMOUNT.




$$
