000
CDUS42 KMLB 250635
CLIVRB


CLIMATE REPORT
NATIONAL WEATHER SERVICE MELBOURNE FL
235 AM EDT FRI JUL 25 2014


...................................

...THE VERO BEACH CLIMATE SUMMARY FOR JULY 24 2014...

CLIMATE NORMAL PERIOD 1981 TO 2010
CLIMATE RECORD PERIOD 1942 TO 2014


WEATHER ITEM   OBSERVED TIME   RECORD YEAR NORMAL DEPARTURE LAST
                VALUE   (LST)  VALUE       VALUE  FROM      YEAR
                                                  NORMAL
..................................................................
TEMPERATURE (F)
 YESTERDAY
  MAXIMUM         90   1206 PM  98    1983  90      0       91
  MINIMUM         74   1159 PM  69    2003  74      0       73
                                      2001
                                      1986
  AVERAGE         82                        82      0       82

PRECIPITATION (IN)
  YESTERDAY        0.98          1.72 1971   0.17   0.81     0.19
  MONTH TO DATE    6.07                      4.38   1.69     3.66
  SINCE JUN 1     13.77                     11.05   2.72     9.15
  SINCE JAN 1     26.95                     26.42   0.53    24.37

SNOWFALL (IN)
  YESTERDAY        0.0
  MONTH TO DATE    0.0
  SINCE JUL 1      0.0

DEGREE DAYS
 HEATING
  YESTERDAY        0                         0      0        0
  MONTH TO DATE    0                         0      0        0
  SINCE JUN 1      0                         0      0        0
  SINCE JUL 1      0                         0      0        0

 COOLING
  YESTERDAY       17                        17      0       17
  MONTH TO DATE  365                       399    -34      369
  SINCE JUN 1    799                       855    -56      874
  SINCE JAN 1   1725                      1661     64     1781
..................................................................


WIND (MPH)
  HIGHEST WIND SPEED    22   HIGHEST WIND DIRECTION    NW (300)
  HIGHEST GUST SPEED    27   HIGHEST GUST DIRECTION    NW (300)
  AVERAGE WIND SPEED     6.8


SKY COVER
  AVERAGE SKY COVER 0.3


WEATHER CONDITIONS
 THE FOLLOWING WEATHER WAS RECORDED YESTERDAY.
  THUNDERSTORM
  RAIN
  LIGHT RAIN
  FOG


RELATIVE HUMIDITY (PERCENT)
 HIGHEST   100           100 AM
 LOWEST     68          1100 AM
 AVERAGE    84

..........................................................


THE VERO BEACH CLIMATE NORMALS FOR TODAY
                         NORMAL    RECORD    YEAR
 MAXIMUM TEMPERATURE (F)   90        98      1983
 MINIMUM TEMPERATURE (F)   74        68      1975


SUNRISE AND SUNSET
JULY 25 2014..........SUNRISE   641 AM EDT   SUNSET   815 PM EDT
JULY 26 2014..........SUNRISE   642 AM EDT   SUNSET   814 PM EDT


-  INDICATES NEGATIVE NUMBERS.
R  INDICATES RECORD WAS SET OR TIED.
MM INDICATES DATA IS MISSING.
T  INDICATES TRACE AMOUNT.




$$
