000
CDUS42 KMLB 250659
CLIVRB


CLIMATE REPORT
NATIONAL WEATHER SERVICE MELBOURNE FL
158 AM EST SUN JAN 25 2015


...................................

...THE VERO BEACH CLIMATE SUMMARY FOR JANUARY 24 2015...

CLIMATE NORMAL PERIOD 1981 TO 2010
CLIMATE RECORD PERIOD 1942 TO 2015


WEATHER ITEM   OBSERVED TIME   RECORD YEAR NORMAL DEPARTURE LAST
                VALUE   (LST)  VALUE       VALUE  FROM      YEAR
                                                  NORMAL
..................................................................
TEMPERATURE (F)
 YESTERDAY
  MAXIMUM         73    929 AM  85    1965  73      0       64
  MINIMUM         50   1159 PM  30    2003  52     -2       46
  AVERAGE         62                        62      0       55

PRECIPITATION (IN)
  YESTERDAY        0.06          2.42 1955   0.08  -0.02     0.00
  MONTH TO DATE    1.04                      1.94  -0.90     3.12
  SINCE DEC 1      4.25                      4.13   0.12     5.71
  SINCE JAN 1      1.04                      1.94  -0.90     3.12

SNOWFALL (IN)
  YESTERDAY        0.0
  MONTH TO DATE    0.0
  SINCE JUL 1      0.0

DEGREE DAYS
 HEATING
  YESTERDAY        3                         5     -2       10
  MONTH TO DATE   40                       120    -80      157
  SINCE DEC 1    115                       225   -110      175
  SINCE JUL 1    194                       255    -61      186

 COOLING
  YESTERDAY        0                         2     -2        0
  MONTH TO DATE   83                        48     35       53
  SINCE DEC 1    204                       141     63      221
  SINCE JAN 1     83                        48     35       53
..................................................................


WIND (MPH)
  HIGHEST WIND SPEED    28   HIGHEST WIND DIRECTION     W (280)
  HIGHEST GUST SPEED    37   HIGHEST GUST DIRECTION     W (270)
  AVERAGE WIND SPEED    16.0


SKY COVER
  AVERAGE SKY COVER 0.3


WEATHER CONDITIONS
 THE FOLLOWING WEATHER WAS RECORDED YESTERDAY.
  LIGHT RAIN


RELATIVE HUMIDITY (PERCENT)
 HIGHEST    87          1000 AM
 LOWEST     49           300 PM
 AVERAGE    68

..........................................................


THE VERO BEACH CLIMATE NORMALS FOR TODAY
                         NORMAL    RECORD    YEAR
 MAXIMUM TEMPERATURE (F)   73        84      2002
                                             1997
                                             1990
 MINIMUM TEMPERATURE (F)   52        36      2003


SUNRISE AND SUNSET
JANUARY 25 2015.......SUNRISE   711 AM EST   SUNSET   557 PM EST
JANUARY 26 2015.......SUNRISE   711 AM EST   SUNSET   558 PM EST


-  INDICATES NEGATIVE NUMBERS.
R  INDICATES RECORD WAS SET OR TIED.
MM INDICATES DATA IS MISSING.
T  INDICATES TRACE AMOUNT.




$$
