000
CDUS42 KMLB 272019
CLIVRB


CLIMATE REPORT
NATIONAL WEATHER SERVICE MELBOURNE FL
419 PM EDT WED AUG 27 2014


...................................

...THE VERO BEACH CLIMATE SUMMARY FOR AUGUST 27 2014...
VALID TODAY AS OF 0400 PM LOCAL TIME.

CLIMATE NORMAL PERIOD 1981 TO 2010
CLIMATE RECORD PERIOD 1942 TO 2014


WEATHER ITEM   OBSERVED TIME   RECORD YEAR NORMAL DEPARTURE LAST
                VALUE   (LST)  VALUE       VALUE  FROM      YEAR
                                                  NORMAL
..................................................................
TEMPERATURE (F)
 TODAY
  MAXIMUM         88    153 PM  97    2011  89     -1       88
  MINIMUM         70    616 AM  65    1984  74     -4       72
  AVERAGE         79                        81     -2       80

PRECIPITATION (IN)
  TODAY            0.01          6.48 2012   0.24  -0.23     0.49
  MONTH TO DATE    4.90                      6.07  -1.17     1.31
  SINCE JUN 1     18.74                     18.37   0.37    12.30
  SINCE JAN 1     31.92                     33.74  -1.82    27.52

SNOWFALL (IN)
  TODAY            0.0
  MONTH TO DATE    0.0
  SINCE JUL 1      0.0

DEGREE DAYS
 HEATING
  TODAY            0                         0      0        0
  MONTH TO DATE    0                         0      0        0
  SINCE JUN 1      0                         0      0        0
  SINCE JUL 1      0                         0      0        0

 COOLING
  TODAY           14                        16     -2       15
  MONTH TO DATE  457                       454      3      456
  SINCE JUN 1   1379                      1428    -49     1437
  SINCE JAN 1   2305                      2234     71     2344
..................................................................


WIND (MPH)
  HIGHEST WIND SPEED    15   HIGHEST WIND DIRECTION    NE (40)
  HIGHEST GUST SPEED    19   HIGHEST GUST DIRECTION    NE (30)
  AVERAGE WIND SPEED     7.3


SKY COVER
  AVERAGE SKY COVER 0.3


WEATHER CONDITIONS
 THE FOLLOWING WEATHER WAS RECORDED TODAY.
  LIGHT RAIN
  FOG


RELATIVE HUMIDITY (PERCENT)
 HIGHEST   100           500 AM
 LOWEST     59          1200 PM
 AVERAGE    80

..........................................................


THE VERO BEACH CLIMATE NORMALS FOR TOMORROW
                         NORMAL    RECORD    YEAR
 MAXIMUM TEMPERATURE (F)   89        95      2011
 MINIMUM TEMPERATURE (F)   74        64      1984


SUNRISE AND SUNSET
AUGUST 27 2014........SUNRISE   658 AM EDT   SUNSET   748 PM EDT
AUGUST 28 2014........SUNRISE   659 AM EDT   SUNSET   747 PM EDT


-  INDICATES NEGATIVE NUMBERS.
R  INDICATES RECORD WAS SET OR TIED.
MM INDICATES DATA IS MISSING.
T  INDICATES TRACE AMOUNT.




$$
