000
CDUS42 KMLB 180635
CLIVRB


CLIMATE REPORT
NATIONAL WEATHER SERVICE MELBOURNE FL
235 AM EDT THU SEP 18 2014


...................................

...THE VERO BEACH CLIMATE SUMMARY FOR SEPTEMBER 17 2014...

CLIMATE NORMAL PERIOD 1981 TO 2010
CLIMATE RECORD PERIOD 1942 TO 2014


WEATHER ITEM   OBSERVED TIME   RECORD YEAR NORMAL DEPARTURE LAST
                VALUE   (LST)  VALUE       VALUE  FROM      YEAR
                                                  NORMAL
..................................................................
TEMPERATURE (F)
 YESTERDAY
  MAXIMUM         84   1041 AM  97    1996  88     -4       86
  MINIMUM         71    310 AM  66    2001  74     -3       72
                                      1968
  AVERAGE         78                        81     -3       79

PRECIPITATION (IN)
  YESTERDAY        0.00          3.43 2000   0.24  -0.24     1.50
  MONTH TO DATE    2.95                      3.84  -0.89     4.09
  SINCE SEP 1      2.95                      3.84  -0.89     4.09
  SINCE JAN 1     36.26                     38.54  -2.28    31.77

SNOWFALL (IN)
  YESTERDAY        0.0
  MONTH TO DATE    0.0
  SINCE JUL 1      0.0

DEGREE DAYS
 HEATING
  YESTERDAY        0                         0      0        0
  MONTH TO DATE    0                         0      0        0
  SINCE SEP 1      0                         0      0        0
  SINCE JUL 1      0                         0      0        0

 COOLING
  YESTERDAY       13                        16     -3       14
  MONTH TO DATE  244                       272    -28      266
  SINCE SEP 1    244                       272    -28      266
  SINCE JAN 1   2611                      2570     41     2672
..................................................................


WIND (MPH)
  HIGHEST WIND SPEED    17   HIGHEST WIND DIRECTION     W (280)
  HIGHEST GUST SPEED    22   HIGHEST GUST DIRECTION     W (260)
  AVERAGE WIND SPEED     7.7


SKY COVER
  AVERAGE SKY COVER 0.2


WEATHER CONDITIONS
 THE FOLLOWING WEATHER WAS RECORDED YESTERDAY.
  NO SIGNIFICANT WEATHER WAS OBSERVED.


RELATIVE HUMIDITY (PERCENT)
 HIGHEST   100           500 AM
 LOWEST     65           100 PM
 AVERAGE    83

..........................................................


THE VERO BEACH CLIMATE NORMALS FOR TODAY
                         NORMAL    RECORD    YEAR
 MAXIMUM TEMPERATURE (F)   88        95      1996
                                             1987
 MINIMUM TEMPERATURE (F)   73        67      2001


SUNRISE AND SUNSET
SEPTEMBER 18 2014.....SUNRISE   708 AM EDT   SUNSET   723 PM EDT
SEPTEMBER 19 2014.....SUNRISE   709 AM EDT   SUNSET   722 PM EDT


-  INDICATES NEGATIVE NUMBERS.
R  INDICATES RECORD WAS SET OR TIED.
MM INDICATES DATA IS MISSING.
T  INDICATES TRACE AMOUNT.




$$
