000
CDUS42 KMLB 032045
CLIVRB


CLIMATE REPORT
NATIONAL WEATHER SERVICE MELBOURNE FL
445 PM EDT TUE MAY 3 2016


...................................

...THE VERO BEACH CLIMATE SUMMARY FOR MAY 3 2016...
VALID TODAY AS OF 0400 PM LOCAL TIME.

CLIMATE NORMAL PERIOD 1981 TO 2010
CLIMATE RECORD PERIOD 1942 TO 2016


WEATHER ITEM   OBSERVED TIME   RECORD YEAR NORMAL DEPARTURE LAST
                VALUE   (LST)  VALUE       VALUE  FROM      YEAR
                                                  NORMAL
..................................................................
TEMPERATURE (F)
 TODAY
  MAXIMUM         93    217 PM  94    1997  83     10       82
  MINIMUM         72    412 AM  53    2006  65      7       59
  AVERAGE         83                        74      9       71

PRECIPITATION (IN)
  TODAY            0.04          2.22 2001   0.08  -0.04     0.00
  MONTH TO DATE    0.04                      0.23  -0.19     0.00
  SINCE MAR 1      4.50                      7.07  -2.57     7.10
  SINCE JAN 1     17.85                     12.24   5.61    10.73

SNOWFALL (IN)
  TODAY            0.0
  MONTH TO DATE    0.0
  SINCE JUL 1      0.0

DEGREE DAYS
 HEATING
  TODAY            0                         0      0        0
  MONTH TO DATE    0                         0      0        0
  SINCE MAR 1     16                        70    -54       12
  SINCE JUL 1    284                       455   -171      384

 COOLING
  TODAY           18                         9      9        6
  MONTH TO DATE   49                        26     23       21
  SINCE MAR 1    508                       345    163      629
  SINCE JAN 1    606                       484    122      754
..................................................................


WIND (MPH)
  HIGHEST WIND SPEED    17   HIGHEST WIND DIRECTION     W (250)
  HIGHEST GUST SPEED    22   HIGHEST GUST DIRECTION    SW (240)
  AVERAGE WIND SPEED     7.8


SKY COVER
  AVERAGE SKY COVER 0.5


WEATHER CONDITIONS
 THE FOLLOWING WEATHER WAS RECORDED TODAY.
  RAIN
  LIGHT RAIN
  FOG


RELATIVE HUMIDITY (PERCENT)
 HIGHEST   100           700 AM
 LOWEST     41           100 PM
 AVERAGE    71

..........................................................


THE VERO BEACH CLIMATE NORMALS FOR TOMORROW
                         NORMAL    RECORD    YEAR
 MAXIMUM TEMPERATURE (F)   83        93      1994
                                             1984
                                             1975
 MINIMUM TEMPERATURE (F)   65        51      1999
                                             1971


SUNRISE AND SUNSET
MAY  3 2016...........SUNRISE   640 AM EDT   SUNSET   757 PM EDT
MAY  4 2016...........SUNRISE   640 AM EDT   SUNSET   758 PM EDT


-  INDICATES NEGATIVE NUMBERS.
R  INDICATES RECORD WAS SET OR TIED.
MM INDICATES DATA IS MISSING.
T  INDICATES TRACE AMOUNT.




$$
