000
CDUS41 KBTV 270601
CLIVSF


CLIMATE REPORT
NATIONAL WEATHER SERVICE BURLINGTON VT
100 AM EST TUE JAN 27 2015


...................................

...THE SPRINGFIELD VT CLIMATE SUMMARY FOR JANUARY 26 2015...

CLIMATE NORMAL PERIOD 1981 TO 2010
CLIMATE RECORD PERIOD 9999 TO 9999


WEATHER ITEM   OBSERVED TIME   NORMAL DEPARTURE LAST
                VALUE   (LST)  VALUE  FROM      YEAR
                                      NORMAL
......................................................
TEMPERATURE (F)
 YESTERDAY
  MAXIMUM         19    701 PM  29    -10       21
  MINIMUM         -1    357 AM  10    -11        7
  AVERAGE          9            19    -10       14

PRECIPITATION (IN)
  YESTERDAY        0.00          0.07  -0.07      T
  MONTH TO DATE    2.31          2.48  -0.17     2.29
  SINCE DEC 1      6.84          5.75   1.09     3.76
  SINCE JAN 1      2.31          2.48  -0.17     2.29

DEGREE DAYS
 HEATING
  YESTERDAY       56            46     10       51
  MONTH TO DATE 1267          1185     82     1221
  SINCE DEC 1   2336          2405    -69     2473
  SINCE JUL 1   3739          4048   -309     4173

 COOLING
  YESTERDAY        0             0      0        0
  MONTH TO DATE    0             0      0        0
  SINCE DEC 1      0             0      0        0
  SINCE JAN 1      0             0      0        0
......................................................


WIND (MPH)
  HIGHEST WIND SPEED    12   HIGHEST WIND DIRECTION     E (80)
  HIGHEST GUST SPEED    16   HIGHEST GUST DIRECTION    NE (50)
  AVERAGE WIND SPEED     3.1


SKY COVER
  AVERAGE SKY COVER 0.5


WEATHER CONDITIONS
 THE FOLLOWING WEATHER WAS RECORDED YESTERDAY.
  NO SIGNIFICANT WEATHER WAS OBSERVED.


RELATIVE HUMIDITY (PERCENT)
 HIGHEST    87           800 AM
 LOWEST     30          1100 PM
 AVERAGE    59

..........................................................


THE SPRINGFIELD VT CLIMATE NORMALS FOR TODAY
                         NORMAL    RECORD    YEAR
 MAXIMUM TEMPERATURE (F)   29        MM        MM
 MINIMUM TEMPERATURE (F)   10        MM        MM


SUNRISE AND SUNSET
JANUARY 27 2015.......SUNRISE   711 AM EST   SUNSET   455 PM EST
JANUARY 28 2015.......SUNRISE   710 AM EST   SUNSET   456 PM EST


-  INDICATES NEGATIVE NUMBERS.
R  INDICATES RECORD WAS SET OR TIED.
MM INDICATES DATA IS MISSING.
T  INDICATES TRACE AMOUNT.




$$
