000
CDUS41 KBTV 220533
CLIVSF


CLIMATE REPORT
NATIONAL WEATHER SERVICE BURLINGTON VT
130 AM EDT MON SEP 22 2014


...................................

...THE SPRINGFIELD VT CLIMATE SUMMARY FOR SEPTEMBER 21 2014...

CLIMATE NORMAL PERIOD 1981 TO 2010
CLIMATE RECORD PERIOD 9999 TO 9999


WEATHER ITEM   OBSERVED TIME   NORMAL DEPARTURE LAST
                VALUE   (LST)  VALUE  FROM      YEAR
                                      NORMAL
......................................................
TEMPERATURE (F)
 YESTERDAY
  MAXIMUM         78    142 PM  69      9       73
  MINIMUM         49    404 AM  45      4       46
  AVERAGE         64            57      7       60

PRECIPITATION (IN)
  YESTERDAY        T             0.13  -0.13     0.14
  MONTH TO DATE    1.14          2.40  -1.26     2.61
  SINCE SEP 1      1.14          2.40  -1.26     2.61
  SINCE JAN 1     28.83         30.77  -1.94    30.09

DEGREE DAYS
 HEATING
  YESTERDAY        1             8     -7        5
  MONTH TO DATE  144           103     41      137
  SINCE SEP 1    144           103     41      137
  SINCE JUL 1    193           158     35      182

 COOLING
  YESTERDAY        0             0      0        0
  MONTH TO DATE   40            21     19       42
  SINCE SEP 1     40            21     19       42
  SINCE JAN 1    277           342    -65      495
......................................................


WIND (MPH)
  HIGHEST WIND SPEED    20   HIGHEST WIND DIRECTION     S (160)
  HIGHEST GUST SPEED    26   HIGHEST GUST DIRECTION    SE (150)
  AVERAGE WIND SPEED     4.2


SKY COVER
  AVERAGE SKY COVER 0.4


WEATHER CONDITIONS
 THE FOLLOWING WEATHER WAS RECORDED YESTERDAY.
  FOG


RELATIVE HUMIDITY (PERCENT)
 HIGHEST   100           400 AM
 LOWEST     68          1100 AM
 AVERAGE    84

..........................................................


THE SPRINGFIELD VT CLIMATE NORMALS FOR TODAY
                         NORMAL    RECORD    YEAR
 MAXIMUM TEMPERATURE (F)   68        MM        MM
 MINIMUM TEMPERATURE (F)   45        MM        MM


SUNRISE AND SUNSET
SEPTEMBER 22 2014.....SUNRISE   637 AM EDT   SUNSET   647 PM EDT
SEPTEMBER 23 2014.....SUNRISE   638 AM EDT   SUNSET   646 PM EDT


-  INDICATES NEGATIVE NUMBERS.
R  INDICATES RECORD WAS SET OR TIED.
MM INDICATES DATA IS MISSING.
T  INDICATES TRACE AMOUNT.




$$
