000
CDUS41 KBTV 240539
CLIVSF

CLIMATE REPORT
NATIONAL WEATHER SERVICE BURLINGTON VT
136 AM EDT TUE MAY 24 2016

...................................

...THE SPRINGFIELD VT CLIMATE SUMMARY FOR MAY 23 2016...

CLIMATE NORMAL PERIOD 1981 TO 2010
CLIMATE RECORD PERIOD 9999 TO 9999


WEATHER ITEM   OBSERVED TIME   NORMAL DEPARTURE LAST
                VALUE   (LST)  VALUE  FROM      YEAR
                                      NORMAL
......................................................
TEMPERATURE (F)
 YESTERDAY
  MAXIMUM         81    302 PM  69     12       63
  MINIMUM         45    420 AM  45      0       34
  AVERAGE         63            57      6       49

PRECIPITATION (IN)
  YESTERDAY        0.00          0.14  -0.14     0.00
  MONTH TO DATE    1.77          2.53  -0.76     0.60
  SINCE MAR 1      4.88          9.45  -4.57     3.69
  SINCE JAN 1     10.10         15.06  -4.96     7.84

DEGREE DAYS
 HEATING
  YESTERDAY        2             8     -6       16
  MONTH TO DATE  288           258     30      161
  SINCE MAR 1   1787          1919   -132     2020
  SINCE JUL 1   6443          7364   -921     7572

 COOLING
  YESTERDAY        0             0      0        0
  MONTH TO DATE    0             0      0       15
  SINCE MAR 1      0             2     -2       15
  SINCE JAN 1      0             2     -2       15
......................................................


WIND (MPH)
  HIGHEST WIND SPEED    14   HIGHEST WIND DIRECTION    NE (60)
  HIGHEST GUST SPEED    19   HIGHEST GUST DIRECTION    NE (40)
  AVERAGE WIND SPEED     2.6


SKY COVER
  AVERAGE SKY COVER 0.5


WEATHER CONDITIONS
 THE FOLLOWING WEATHER WAS RECORDED YESTERDAY.
  FOG
  FOG W/VISIBILITY <= 1/4 MILE


RELATIVE HUMIDITY (PERCENT)
 HIGHEST    93           100 AM
 LOWEST     38          1000 AM
 AVERAGE    66

..........................................................


THE SPRINGFIELD VT CLIMATE NORMALS FOR TODAY
                         NORMAL    RECORD    YEAR
 MAXIMUM TEMPERATURE (F)   70        88      2007
 MINIMUM TEMPERATURE (F)   45        34      2015


SUNRISE AND SUNSET
MAY 24 2016...........SUNRISE   517 AM EDT   SUNSET   817 PM EDT
MAY 25 2016...........SUNRISE   517 AM EDT   SUNSET   818 PM EDT


-  INDICATES NEGATIVE NUMBERS.
R  INDICATES RECORD WAS SET OR TIED.
MM INDICATES DATA IS MISSING.
T  INDICATES TRACE AMOUNT.

$$
