000
CDUS41 KBTV 230542
CLIVSF


CLIMATE REPORT
NATIONAL WEATHER SERVICE BURLINGTON VT
139 AM EDT FRI JUN 23 2017


...................................

...THE SPRINGFIELD VT CLIMATE SUMMARY FOR JUNE 22 2017...

CLIMATE NORMAL PERIOD 1981 TO 2010
CLIMATE RECORD PERIOD 9999 TO 9999


WEATHER ITEM   OBSERVED TIME   NORMAL DEPARTURE LAST
                VALUE   (LST)  VALUE  FROM      YEAR
                                      NORMAL
......................................................
TEMPERATURE (F)
 YESTERDAY
  MAXIMUM         79    223 PM  78      1       73
  MINIMUM         49    424 AM  54     -5       44
  AVERAGE         64            66     -2       59

PRECIPITATION (IN)
  YESTERDAY        T             0.11  -0.11     0.10
  MONTH TO DATE    3.69          3.01   0.68     1.55
  SINCE JUN 1      3.69          3.01   0.68     1.55
  SINCE JAN 1     21.28         19.28   2.00    11.97

DEGREE DAYS
 HEATING
  YESTERDAY        1             2     -1        6
  MONTH TO DATE   83            87     -4       69
  SINCE JUN 1     83            87     -4       69
  SINCE JUL 1   6909          7510   -601     6516

 COOLING
  YESTERDAY        0             3     -3        0
  MONTH TO DATE   59            38     21       27
  SINCE JUN 1     59            38     21       27
  SINCE JAN 1     73            50     23       68
......................................................


WIND (MPH)
  HIGHEST WIND SPEED    15   HIGHEST WIND DIRECTION     W (270)
  HIGHEST GUST SPEED    19   HIGHEST GUST DIRECTION     W (290)
  AVERAGE WIND SPEED     3.8


SKY COVER
  AVERAGE SKY COVER 0.3


WEATHER CONDITIONS
 THE FOLLOWING WEATHER WAS RECORDED YESTERDAY.
  LIGHT RAIN


RELATIVE HUMIDITY (PERCENT)
 HIGHEST    93           100 AM
 LOWEST     32           100 PM
 AVERAGE    63

..........................................................


THE SPRINGFIELD VT CLIMATE NORMALS FOR TODAY
                         NORMAL    RECORD    YEAR
 MAXIMUM TEMPERATURE (F)   78        91      2013
 MINIMUM TEMPERATURE (F)   54        42      2005


SUNRISE AND SUNSET
JUNE 23 2017..........SUNRISE   510 AM EDT   SUNSET   834 PM EDT
JUNE 24 2017..........SUNRISE   511 AM EDT   SUNSET   834 PM EDT


-  INDICATES NEGATIVE NUMBERS.
R  INDICATES RECORD WAS SET OR TIED.
MM INDICATES DATA IS MISSING.
T  INDICATES TRACE AMOUNT.




$$
