000
CDUS41 KBTV 290531
CLIVSF


CLIMATE REPORT
NATIONAL WEATHER SERVICE BURLINGTON VT
129 AM EDT SAT APR 29 2017


...................................

...THE SPRINGFIELD VT CLIMATE SUMMARY FOR APRIL 28 2017...

CLIMATE NORMAL PERIOD 1981 TO 2010
CLIMATE RECORD PERIOD 9999 TO 9999


WEATHER ITEM   OBSERVED TIME   NORMAL DEPARTURE LAST
                VALUE   (LST)  VALUE  FROM      YEAR
                                      NORMAL
......................................................
TEMPERATURE (F)
 YESTERDAY
  MAXIMUM         80    252 PM  62     18       57
  MINIMUM         50   1156 PM  37     13       25
  AVERAGE         65            50     15       41

PRECIPITATION (IN)
  YESTERDAY        0.00          0.10  -0.10     0.00
  MONTH TO DATE    4.18          3.40   0.78     1.43
  SINCE MAR 1      7.07          6.70   0.37     3.11
  SINCE JAN 1     10.62         12.31  -1.69     8.33

DEGREE DAYS
 HEATING
  YESTERDAY        0            16    -16       24
  MONTH TO DATE  468           595   -127      654
  SINCE MAR 1   1591          1630    -39     1467
  SINCE JUL 1   6468          7075   -607     6123

 COOLING
  YESTERDAY        0             0      0        0
  MONTH TO DATE    0             0      0        0
  SINCE MAR 1      0             0      0        0
  SINCE JAN 1      0             0      0        0
......................................................


WIND (MPH)
  HIGHEST WIND SPEED    17   HIGHEST WIND DIRECTION     W (250)
  HIGHEST GUST SPEED    20   HIGHEST GUST DIRECTION     W (250)
  AVERAGE WIND SPEED     4.5


SKY COVER
  AVERAGE SKY COVER 0.5


WEATHER CONDITIONS
 THE FOLLOWING WEATHER WAS RECORDED YESTERDAY.
  NO SIGNIFICANT WEATHER WAS OBSERVED.


RELATIVE HUMIDITY (PERCENT)
 HIGHEST    87           300 AM
 LOWEST     15           600 PM
 AVERAGE    51

..........................................................


THE SPRINGFIELD VT CLIMATE NORMALS FOR TODAY
                         NORMAL    RECORD    YEAR
 MAXIMUM TEMPERATURE (F)   62        81      2004
 MINIMUM TEMPERATURE (F)   38        26      2001


SUNRISE AND SUNSET
APRIL 29 2017.........SUNRISE   546 AM EDT   SUNSET   750 PM EDT
APRIL 30 2017.........SUNRISE   544 AM EDT   SUNSET   751 PM EDT


-  INDICATES NEGATIVE NUMBERS.
R  INDICATES RECORD WAS SET OR TIED.
MM INDICATES DATA IS MISSING.
T  INDICATES TRACE AMOUNT.




$$
