000
CDUS41 KBTV 240603
CLIVSF


CLIMATE REPORT
NATIONAL WEATHER SERVICE BURLINGTON VT
201 AM EDT SUN MAY 24 2015


...................................

...THE SPRINGFIELD VT CLIMATE SUMMARY FOR MAY 23 2015...

CLIMATE NORMAL PERIOD 1981 TO 2010
CLIMATE RECORD PERIOD 9999 TO 9999


WEATHER ITEM   OBSERVED TIME   NORMAL DEPARTURE LAST
                VALUE   (LST)  VALUE  FROM      YEAR
                                      NORMAL
......................................................
TEMPERATURE (F)
 YESTERDAY
  MAXIMUM         63    533 PM  69     -6       60
  MINIMUM         34    425 AM  45    -11       51
  AVERAGE         49            57     -8       56

PRECIPITATION (IN)
  YESTERDAY        0.00          0.14  -0.14     0.33
  MONTH TO DATE    0.60          2.53  -1.93     2.81
  SINCE MAR 1      3.69          9.45  -5.76     8.53
  SINCE JAN 1      7.84         15.06  -7.22    12.22

DEGREE DAYS
 HEATING
  YESTERDAY       16             8      8        9
  MONTH TO DATE  161           258    -97      227
  SINCE MAR 1   2020          1919    101     2144
  SINCE JUL 1   7572          7364    208     7855

 COOLING
  YESTERDAY        0             0      0        0
  MONTH TO DATE   15             0     15        5
  SINCE MAR 1     15             2     13        5
  SINCE JAN 1     15             2     13        5
......................................................


WIND (MPH)
  HIGHEST WIND SPEED    18   HIGHEST WIND DIRECTION     W (290)
  HIGHEST GUST SPEED    27   HIGHEST GUST DIRECTION     W (280)
  AVERAGE WIND SPEED     7.6


SKY COVER
  AVERAGE SKY COVER 0.0


WEATHER CONDITIONS
 THE FOLLOWING WEATHER WAS RECORDED YESTERDAY.
  NO SIGNIFICANT WEATHER WAS OBSERVED.


RELATIVE HUMIDITY (PERCENT)
 HIGHEST    65          1100 PM
 LOWEST     17           400 PM
 AVERAGE    41

..........................................................


THE SPRINGFIELD VT CLIMATE NORMALS FOR TODAY
                         NORMAL    RECORD    YEAR
 MAXIMUM TEMPERATURE (F)   70        88      2007
 MINIMUM TEMPERATURE (F)   45        39      1997


SUNRISE AND SUNSET
MAY 24 2015...........SUNRISE   518 AM EDT   SUNSET   816 PM EDT
MAY 25 2015...........SUNRISE   517 AM EDT   SUNSET   817 PM EDT


-  INDICATES NEGATIVE NUMBERS.
R  INDICATES RECORD WAS SET OR TIED.
MM INDICATES DATA IS MISSING.
T  INDICATES TRACE AMOUNT.




$$
